{"id":72,"date":"2025-08-14T18:54:09","date_gmt":"2025-08-14T18:54:09","guid":{"rendered":"https:\/\/femexrobotica.org\/tmr2026\/?page_id=72"},"modified":"2026-01-09T15:17:58","modified_gmt":"2026-01-09T15:17:58","slug":"historia","status":"publish","type":"page","link":"https:\/\/femexrobotica.org\/tmr2026\/index.php\/tmr-2026\/historia\/","title":{"rendered":"Historia"},"content":{"rendered":"\n<p><em><strong>El Torneo Mexicano de Rob\u00f3tica (TMR)<\/strong><\/em>&nbsp;es organizado anualmente por la&nbsp;<em><strong><a rel=\"noreferrer noopener\" href=\"http:\/\/www.femexrobotica.org\/\" target=\"_blank\">Federaci\u00f3n Mexicana de Rob\u00f3tica A.C.<\/a>&nbsp;<\/strong><\/em>(FMR) desde el a\u00f1o 2008 en colaboraci\u00f3n con algunas de las m\u00e1s importantes instituciones educativas del pa\u00eds.<\/p>\n\n\n\n<p>La edici\u00f3n del\u00a0TMR 2026\u00a0es organizado en colaboraci\u00f3n con la\u00a0<a href=\"https:\/\/utbispuebla.edu.mx\/\" data-type=\"link\" data-id=\"https:\/\/utbispuebla.edu.mx\/\">Universidad Tecnologica Bilingue Internacional y Sustentable de Puebla<\/a>\u00a0en las fechas 16, 17 y 18 de abril del 2026.<\/p>\n\n\n\n<p>En a\u00f1os anteriores, estas son las instituciones que han sido sede del torneo:<\/p>\n\n\n\n<p><strong><a href=\"https:\/\/femexrobotica.org\/tmr2024\/\">TMR 2025<\/a>&nbsp;<\/strong>Universidad Aut\u00f3noma Metropolitana, Unidad Iztapalapa.<\/p>\n\n\n\n<p><strong><a href=\"https:\/\/femexrobotica.org\/tmr2024\/\">TMR 2024<\/a>&nbsp;<\/strong>Universidad Aut\u00f3noma de Nuevo Le\u00f3n, Monterrey, Nuevo Le\u00f3n.&nbsp;&nbsp;<\/p>\n\n\n\n<p><a href=\"https:\/\/femexrobotica.org\/tmr2023\/\"><strong>TMR 2023<\/strong><\/a>&nbsp;Universidad Tecnol\u00f3gica del Sureste de Veracruz en el Polideportivo y en el Vel\u00f3dromo internacional de Xalapa<\/p>\n\n\n\n<p><em><strong><a href=\"https:\/\/www.femexrobotica.org\/tmr2021\/\" target=\"_blank\" rel=\"noreferrer noopener\">TMR 2022<\/a><\/strong><\/em>, Universidad Polit\u00e9cnica de Victoria, Polyforum \u201cDr. Rodolfo Torre Cant\u00fa\u201d, Cd. Victoria<\/p>\n\n\n\n<p><a href=\"https:\/\/www.femexrobotica.org\/tmr2021\/\"><em><strong>TMR 2021<\/strong><\/em><\/a>, Tecnol\u00f3gico de Monterrey, Campus Guadalajara (evento a distancia)<\/p>\n\n\n\n<p><em><strong><a href=\"https:\/\/www.femexrobotica.org\/tmr2020\/\">TMR 2020<\/a><\/strong><\/em>, Tecnol\u00f3gico de Monterrey, Campus Hermosillo (evento cancelado por la pandemia causada por el coronavirus SARS-CoV-2).<\/p>\n\n\n\n<p><em><strong><a rel=\"noreferrer noopener\" href=\"https:\/\/www.femexrobotica.org\/tmr2019\/\" target=\"_blank\">TMR 2019<\/a><\/strong><\/em>, Tecnol\u00f3gico de Monterrey, Campus Guadalajara<\/p>\n\n\n\n<p><em><strong><a rel=\"noreferrer noopener\" href=\"https:\/\/www.femexrobotica.org\/tmr2018\/\" target=\"_blank\">TMR 2018<\/a><\/strong><\/em>, Tecnol\u00f3gico de Monterrey, Campus Monterrey<\/p>\n\n\n\n<p><em><strong><a rel=\"noreferrer noopener\" href=\"https:\/\/www.femexrobotica.org\/tmr2017\/\" target=\"_blank\">TMR 2017<\/a><\/strong><\/em>, Colegio Crist\u00f3bal Col\u00f3n, Lomas Verdes, Estado de M\u00e9xico<\/p>\n\n\n\n<p><em><strong><a rel=\"noreferrer noopener\" href=\"https:\/\/www.femexrobotica.org\/tmr2016\/\" target=\"_blank\">TMR 2016<\/a><\/strong><\/em>, Universidad Polit\u00e9cnica de Victoria, Polyforum \u201cDr. Rodolfo Torre Cant\u00fa\u201d, Cd. Victoria<\/p>\n\n\n\n<p><em><strong><a rel=\"noreferrer noopener\" href=\"https:\/\/www.femexrobotica.org\/tmr2015\/\" target=\"_blank\">TMR 2015<\/a><\/strong><\/em>, Facultad de Estudios Superiores de la UNAM, Acatl\u00e1n, Estado de M\u00e9xico<\/p>\n\n\n\n<p><em><strong><a rel=\"noreferrer noopener\" href=\"https:\/\/www.femexrobotica.org\/tmr2014\/\" target=\"_blank\">TMR 2014<\/a><\/strong><\/em>, UNACAR-Ciudad del Carmen, Campeche<\/p>\n\n\n\n<p><em><strong><a rel=\"noreferrer noopener\" href=\"https:\/\/www.femexrobotica.org\/tmr2013\/\" target=\"_blank\">TMR 2013<\/a><\/strong><\/em>, ITESM-Puebla, Puebla<\/p>\n\n\n\n<p><em><strong><a rel=\"noreferrer noopener\" href=\"https:\/\/www.femexrobotica.org\/tmr2012\/\" target=\"_blank\">TMR 2012<\/a><\/strong><\/em>, ITESM-CEM, Estado de M\u00e9xico<\/p>\n\n\n\n<p><em><strong><a rel=\"noreferrer noopener\" href=\"https:\/\/www.femexrobotica.org\/tmr2011\/\" target=\"_blank\">TMR 2011<\/a><\/strong><\/em>, ITAM, Ciudad de M\u00e9xico<\/p>\n\n\n\n<p><em><strong>TMR 2009<\/strong><\/em>, Universidad Panamericana, Guadalajara, Jalisco<\/p>\n\n\n\n<p><strong><em>TMR 2008<\/em><\/strong>, UNAM, Palacio de Miner\u00eda, Ciudad de M\u00e9xico<\/p>\n","protected":false},"excerpt":{"rendered":"<p>El Torneo Mexicano de Rob\u00f3tica (TMR)&nbsp;es organizado anualmente por la&nbsp;Federaci\u00f3n Mexicana de Rob\u00f3tica A.C.&nbsp;(FMR) desde el a\u00f1o 2008 en colaboraci\u00f3n con algunas de las m\u00e1s importantes instituciones educativas del pa\u00eds. La edici\u00f3n del\u00a0TMR 2026\u00a0es organizado en colaboraci\u00f3n con la\u00a0Universidad Tecnologica Bilingue Internacional y Sustentable de Puebla\u00a0en las fechas 16, 17 y 18 de abril del [&hellip;]<\/p>\n","protected":false},"author":1,"featured_media":0,"parent":70,"menu_order":0,"comment_status":"closed","ping_status":"closed","template":"","meta":{"footnotes":""},"class_list":["post-72","page","type-page","status-publish","hentry"],"_links":{"self":[{"href":"https:\/\/femexrobotica.org\/tmr2026\/index.php\/wp-json\/wp\/v2\/pages\/72","targetHints":{"allow":["GET"]}}],"collection":[{"href":"https:\/\/femexrobotica.org\/tmr2026\/index.php\/wp-json\/wp\/v2\/pages"}],"about":[{"href":"https:\/\/femexrobotica.org\/tmr2026\/index.php\/wp-json\/wp\/v2\/types\/page"}],"author":[{"embeddable":true,"href":"https:\/\/femexrobotica.org\/tmr2026\/index.php\/wp-json\/wp\/v2\/users\/1"}],"replies":[{"embeddable":true,"href":"https:\/\/femexrobotica.org\/tmr2026\/index.php\/wp-json\/wp\/v2\/comments?post=72"}],"version-history":[{"count":3,"href":"https:\/\/femexrobotica.org\/tmr2026\/index.php\/wp-json\/wp\/v2\/pages\/72\/revisions"}],"predecessor-version":[{"id":1646,"href":"https:\/\/femexrobotica.org\/tmr2026\/index.php\/wp-json\/wp\/v2\/pages\/72\/revisions\/1646"}],"up":[{"embeddable":true,"href":"https:\/\/femexrobotica.org\/tmr2026\/index.php\/wp-json\/wp\/v2\/pages\/70"}],"wp:attachment":[{"href":"https:\/\/femexrobotica.org\/tmr2026\/index.php\/wp-json\/wp\/v2\/media?parent=72"}],"curies":[{"name":"wp","href":"https:\/\/api.w.org\/{rel}","templated":true}]}}