{"id":1470,"date":"2025-11-04T19:19:25","date_gmt":"2025-11-04T19:19:25","guid":{"rendered":"https:\/\/femexrobotica.org\/tmr2026\/?page_id=1470"},"modified":"2026-02-25T19:31:32","modified_gmt":"2026-02-25T19:31:32","slug":"robot-acuatico","status":"publish","type":"page","link":"https:\/\/femexrobotica.org\/tmr2026\/index.php\/categorias\/categorias-fmr\/robot-acuatico\/","title":{"rendered":"Robot Acu\u00e1tico"},"content":{"rendered":"<div class=\"wp-block-image\">\n<figure class=\"aligncenter size-full\"><img loading=\"lazy\" decoding=\"async\" width=\"577\" height=\"432\" src=\"https:\/\/femexrobotica.org\/tmr2026\/wp-content\/uploads\/2025\/11\/image.png\" alt=\"\" class=\"wp-image-1569\" srcset=\"https:\/\/femexrobotica.org\/tmr2026\/wp-content\/uploads\/2025\/11\/image.png 577w, https:\/\/femexrobotica.org\/tmr2026\/wp-content\/uploads\/2025\/11\/image-300x225.png 300w\" sizes=\"auto, (max-width: 577px) 100vw, 577px\" \/><\/figure>\n<\/div>\n\n\n<p class=\"has-text-align-center has-large-font-size\"><strong>Informaci\u00f3n General<\/strong><\/p>\n\n\n\n<p>La acumulaci\u00f3n de plantas acu\u00e1ticas como el sargazo u otras especies invasoras representa un problema ambiental de gran impacto en cuerpos de agua y zonas costeras. Estas plantas pueden afectar la biodiversidad, obstruir la luz solar en el agua, alterar los niveles de ox\u00edgeno disuelto y causar da\u00f1os econ\u00f3micos significativos al turismo, la pesca y las comunidades locales.<br>Esta iniciativa forma parte de la misi\u00f3n de la Federaci\u00f3n Mexicana de Rob\u00f3tica (FMR), impulsar el desarrollo cient\u00edfico, tecnol\u00f3gico y educativo en el campo de la rob\u00f3tica en M\u00e9xico, promoviendo que las nuevas generaciones de ingenieros y cient\u00edficos generen soluciones innovadoras, fomenten la creaci\u00f3n de tecnolog\u00eda propia y reflexionen sobre los problemas reales que afectan al pa\u00eds. El Torneo Mexicano de Rob\u00f3tica busca precisamente motivar a los j\u00f3venes universitarios a dise\u00f1ar prototipos que no solo demuestren habilidades t\u00e9cnicas, sino que tambi\u00e9n aporten valor social y ambiental al enfrentar desaf\u00edos contempor\u00e1neos como la contaminaci\u00f3n acu\u00e1tica.<br>El presente concurso universitario propone que equipos de estudiantes de ingenier\u00eda dise\u00f1en y construyan prototipos a escala de robots acu\u00e1ticos capaces de recolectar plantas espec\u00edficas (p. ej., sargazo simulado) en un entorno controlado, distingui\u00e9ndolas de otras plantas que deben conservarse. El objetivo es fomentar la creatividad, el trabajo en equipo y la aplicaci\u00f3n integrada de conocimientos en mec\u00e1nica, electr\u00f3nica, control, percepci\u00f3n y sostenibilidad ambiental.<\/p>\n\n\n<div class=\"wp-block-image\">\n<figure class=\"aligncenter size-large is-resized\"><img loading=\"lazy\" decoding=\"async\" width=\"545\" height=\"1024\" src=\"https:\/\/femexrobotica.org\/tmr2026\/wp-content\/uploads\/2026\/01\/Robots-Acuaticos-545x1024.jpeg\" alt=\"\" class=\"wp-image-1684\" style=\"aspect-ratio:0.5322350704894662;width:840px;height:auto\" srcset=\"https:\/\/femexrobotica.org\/tmr2026\/wp-content\/uploads\/2026\/01\/Robots-Acuaticos-545x1024.jpeg 545w, https:\/\/femexrobotica.org\/tmr2026\/wp-content\/uploads\/2026\/01\/Robots-Acuaticos-160x300.jpeg 160w, https:\/\/femexrobotica.org\/tmr2026\/wp-content\/uploads\/2026\/01\/Robots-Acuaticos-768x1444.jpeg 768w, https:\/\/femexrobotica.org\/tmr2026\/wp-content\/uploads\/2026\/01\/Robots-Acuaticos-817x1536.jpeg 817w, https:\/\/femexrobotica.org\/tmr2026\/wp-content\/uploads\/2026\/01\/Robots-Acuaticos.jpeg 851w\" sizes=\"auto, (max-width: 545px) 100vw, 545px\" \/><\/figure>\n<\/div>\n\n\n<p class=\"has-text-align-center has-large-font-size\"><strong>Modalidad<\/strong><\/p>\n\n\n\n<p class=\"has-text-align-center\">Presencial<\/p>\n\n\n\n<p class=\"has-text-align-center has-large-font-size\"><strong>Reglas<\/strong><\/p>\n\n\n\n<div data-wp-interactive=\"core\/file\" class=\"wp-block-file\"><object data-wp-bind--hidden=\"!state.hasPdfPreview\" hidden class=\"wp-block-file__embed\" data=\"https:\/\/femexrobotica.org\/tmr2026\/wp-content\/uploads\/2026\/01\/Robots-Acuaticos-2026.pdf\" type=\"application\/pdf\" style=\"width:100%;height:600px\" aria-label=\"Incrustado de Robots-Acuaticos-2026.\"><\/object><a id=\"wp-block-file--media-68a3fd8a-fd06-461a-b64e-941712c20101\" href=\"https:\/\/femexrobotica.org\/tmr2026\/wp-content\/uploads\/2026\/01\/Robots-Acuaticos-2026.pdf\">Robots-Acuaticos-2026<\/a><a href=\"https:\/\/femexrobotica.org\/tmr2026\/wp-content\/uploads\/2026\/01\/Robots-Acuaticos-2026.pdf\" class=\"wp-block-file__button wp-element-button\" download aria-describedby=\"wp-block-file--media-68a3fd8a-fd06-461a-b64e-941712c20101\">Descarga<\/a><\/div>\n\n\n\n<hr class=\"wp-block-separator has-alpha-channel-opacity\"\/>\n\n\n\n<p class=\"has-text-align-left has-medium-font-size\"><strong>Responsable de Categor\u00eda:<\/strong><\/p>\n\n\n\n<p>H\u00e9ctor Adri\u00e1n Vargas Enr\u00edquez<br>email: <a href=\"mailto:rotvar18@gmail.com\">rotvar18@gmail.com<\/a><\/p>\n\n\n\n<p class=\"has-text-align-left has-medium-font-size\"><strong>Responsable Local:<\/strong><\/p>\n\n\n\n<p>Jorge Mateo Ju\u00e1rez<br>email: <a href=\"mailto:jomateoj@utbispuebla.edu.mx\">jomateoj@utbispuebla.edu.mx<\/a><\/p>\n","protected":false},"excerpt":{"rendered":"<p>Informaci\u00f3n General La acumulaci\u00f3n de plantas acu\u00e1ticas como el sargazo u otras especies invasoras representa un problema ambiental de gran impacto en cuerpos de agua y zonas costeras. Estas plantas pueden afectar la biodiversidad, obstruir la luz solar en el agua, alterar los niveles de ox\u00edgeno disuelto y causar da\u00f1os econ\u00f3micos significativos al turismo, la [&hellip;]<\/p>\n","protected":false},"author":1,"featured_media":0,"parent":98,"menu_order":0,"comment_status":"closed","ping_status":"closed","template":"","meta":{"footnotes":""},"class_list":["post-1470","page","type-page","status-publish","hentry"],"_links":{"self":[{"href":"https:\/\/femexrobotica.org\/tmr2026\/index.php\/wp-json\/wp\/v2\/pages\/1470","targetHints":{"allow":["GET"]}}],"collection":[{"href":"https:\/\/femexrobotica.org\/tmr2026\/index.php\/wp-json\/wp\/v2\/pages"}],"about":[{"href":"https:\/\/femexrobotica.org\/tmr2026\/index.php\/wp-json\/wp\/v2\/types\/page"}],"author":[{"embeddable":true,"href":"https:\/\/femexrobotica.org\/tmr2026\/index.php\/wp-json\/wp\/v2\/users\/1"}],"replies":[{"embeddable":true,"href":"https:\/\/femexrobotica.org\/tmr2026\/index.php\/wp-json\/wp\/v2\/comments?post=1470"}],"version-history":[{"count":11,"href":"https:\/\/femexrobotica.org\/tmr2026\/index.php\/wp-json\/wp\/v2\/pages\/1470\/revisions"}],"predecessor-version":[{"id":1866,"href":"https:\/\/femexrobotica.org\/tmr2026\/index.php\/wp-json\/wp\/v2\/pages\/1470\/revisions\/1866"}],"up":[{"embeddable":true,"href":"https:\/\/femexrobotica.org\/tmr2026\/index.php\/wp-json\/wp\/v2\/pages\/98"}],"wp:attachment":[{"href":"https:\/\/femexrobotica.org\/tmr2026\/index.php\/wp-json\/wp\/v2\/media?parent=1470"}],"curies":[{"name":"wp","href":"https:\/\/api.w.org\/{rel}","templated":true}]}}