{"id":68,"date":"2022-12-03T23:09:29","date_gmt":"2022-12-03T23:09:29","guid":{"rendered":"https:\/\/femexrobotica.org\/tmr2023\/?page_id=68"},"modified":"2024-11-26T18:11:10","modified_gmt":"2024-11-27T00:11:10","slug":"comite-organizador-fmr","status":"publish","type":"page","link":"https:\/\/femexrobotica.org\/tmr2025\/comite-organizador-fmr\/","title":{"rendered":"Comit\u00e9 Organizador FMR"},"content":{"rendered":"\n<p><strong>Presidente <\/strong><br>Jos\u00e9 Mart\u00ednez Carranza<\/p>\n\n\n\n<p><strong>Vicepresidente<\/strong><br>Javier Delgado<\/p>\n\n\n\n<p><strong>Secretario<\/strong><br>Marco Antonio Negrete Villanueva<\/p>\n\n\n\n<p><strong>Tesorero<\/strong><br>Marcela Quiroz Castellanos<\/p>\n\n\n\n<p><strong>Vocal<\/strong><br>Juan Humberto Sossa<\/p>\n\n\n\n<p><strong>Vocal<\/strong><br>Rub\u00e9n Anaya Garc\u00eda<\/p>\n\n\n\n<p><strong>Vocal<\/strong><br>Julio C\u00e9sar Sandria Reynoso<\/p>\n\n\n\n<p><strong>Vocal<\/strong><br>\u00a0Erick S\u00e1nchez<\/p>\n\n\n\n<p><\/p>\n","protected":false},"excerpt":{"rendered":"<p>Presidente Jos\u00e9 Mart\u00ednez Carranza VicepresidenteJavier Delgado SecretarioMarco Antonio Negrete Villanueva TesoreroMarcela Quiroz Castellanos VocalJuan Humberto Sossa VocalRub\u00e9n Anaya Garc\u00eda VocalJulio C\u00e9sar Sandria Reynoso Vocal\u00a0Erick S\u00e1nchez<\/p>\n","protected":false},"author":1,"featured_media":0,"parent":0,"menu_order":0,"comment_status":"closed","ping_status":"closed","template":"","meta":{"footnotes":""},"class_list":["post-68","page","type-page","status-publish","hentry"],"yoast_head":"<!-- This site is optimized with the Yoast SEO plugin v25.0 - https:\/\/yoast.com\/wordpress\/plugins\/seo\/ -->\n<title>Comit\u00e9 Organizador FMR -<\/title>\n<meta name=\"robots\" content=\"index, follow, max-snippet:-1, max-image-preview:large, max-video-preview:-1\" \/>\n<link rel=\"canonical\" href=\"https:\/\/femexrobotica.org\/tmr2025\/comite-organizador-fmr\/\" \/>\n<meta property=\"og:locale\" content=\"es_MX\" \/>\n<meta property=\"og:type\" content=\"article\" \/>\n<meta property=\"og:title\" content=\"Comit\u00e9 Organizador FMR -\" \/>\n<meta property=\"og:description\" content=\"Presidente Jos\u00e9 Mart\u00ednez Carranza VicepresidenteJavier Delgado SecretarioMarco Antonio Negrete Villanueva TesoreroMarcela Quiroz Castellanos VocalJuan Humberto Sossa VocalRub\u00e9n Anaya Garc\u00eda VocalJulio C\u00e9sar Sandria Reynoso Vocal\u00a0Erick S\u00e1nchez\" \/>\n<meta property=\"og:url\" content=\"https:\/\/femexrobotica.org\/tmr2025\/comite-organizador-fmr\/\" \/>\n<meta property=\"article:modified_time\" content=\"2024-11-27T00:11:10+00:00\" \/>\n<meta name=\"twitter:card\" content=\"summary_large_image\" \/>\n<script type=\"application\/ld+json\" class=\"yoast-schema-graph\">{\"@context\":\"https:\/\/schema.org\",\"@graph\":[{\"@type\":\"WebPage\",\"@id\":\"https:\/\/femexrobotica.org\/tmr2025\/comite-organizador-fmr\/\",\"url\":\"https:\/\/femexrobotica.org\/tmr2025\/comite-organizador-fmr\/\",\"name\":\"Comit\u00e9 Organizador FMR -\",\"isPartOf\":{\"@id\":\"https:\/\/femexrobotica.org\/tmr2025\/#website\"},\"datePublished\":\"2022-12-03T23:09:29+00:00\",\"dateModified\":\"2024-11-27T00:11:10+00:00\",\"breadcrumb\":{\"@id\":\"https:\/\/femexrobotica.org\/tmr2025\/comite-organizador-fmr\/#breadcrumb\"},\"inLanguage\":\"es\",\"potentialAction\":[{\"@type\":\"ReadAction\",\"target\":[\"https:\/\/femexrobotica.org\/tmr2025\/comite-organizador-fmr\/\"]}]},{\"@type\":\"BreadcrumbList\",\"@id\":\"https:\/\/femexrobotica.org\/tmr2025\/comite-organizador-fmr\/#breadcrumb\",\"itemListElement\":[{\"@type\":\"ListItem\",\"position\":1,\"name\":\"Inicio\",\"item\":\"https:\/\/femexrobotica.org\/tmr2025\/en\/torneo-mexicano-de-robotica\/\"},{\"@type\":\"ListItem\",\"position\":2,\"name\":\"Comit\u00e9 Organizador FMR\"}]},{\"@type\":\"WebSite\",\"@id\":\"https:\/\/femexrobotica.org\/tmr2025\/#website\",\"url\":\"https:\/\/femexrobotica.org\/tmr2025\/\",\"name\":\"\",\"description\":\"\",\"potentialAction\":[{\"@type\":\"SearchAction\",\"target\":{\"@type\":\"EntryPoint\",\"urlTemplate\":\"https:\/\/femexrobotica.org\/tmr2025\/?s={search_term_string}\"},\"query-input\":{\"@type\":\"PropertyValueSpecification\",\"valueRequired\":true,\"valueName\":\"search_term_string\"}}],\"inLanguage\":\"es\"}]}<\/script>\n<!-- \/ Yoast SEO plugin. -->","yoast_head_json":{"title":"Comit\u00e9 Organizador FMR -","robots":{"index":"index","follow":"follow","max-snippet":"max-snippet:-1","max-image-preview":"max-image-preview:large","max-video-preview":"max-video-preview:-1"},"canonical":"https:\/\/femexrobotica.org\/tmr2025\/comite-organizador-fmr\/","og_locale":"es_MX","og_type":"article","og_title":"Comit\u00e9 Organizador FMR -","og_description":"Presidente Jos\u00e9 Mart\u00ednez Carranza VicepresidenteJavier Delgado SecretarioMarco Antonio Negrete Villanueva TesoreroMarcela Quiroz Castellanos VocalJuan Humberto Sossa VocalRub\u00e9n Anaya Garc\u00eda VocalJulio C\u00e9sar Sandria Reynoso Vocal\u00a0Erick S\u00e1nchez","og_url":"https:\/\/femexrobotica.org\/tmr2025\/comite-organizador-fmr\/","article_modified_time":"2024-11-27T00:11:10+00:00","twitter_card":"summary_large_image","schema":{"@context":"https:\/\/schema.org","@graph":[{"@type":"WebPage","@id":"https:\/\/femexrobotica.org\/tmr2025\/comite-organizador-fmr\/","url":"https:\/\/femexrobotica.org\/tmr2025\/comite-organizador-fmr\/","name":"Comit\u00e9 Organizador FMR -","isPartOf":{"@id":"https:\/\/femexrobotica.org\/tmr2025\/#website"},"datePublished":"2022-12-03T23:09:29+00:00","dateModified":"2024-11-27T00:11:10+00:00","breadcrumb":{"@id":"https:\/\/femexrobotica.org\/tmr2025\/comite-organizador-fmr\/#breadcrumb"},"inLanguage":"es","potentialAction":[{"@type":"ReadAction","target":["https:\/\/femexrobotica.org\/tmr2025\/comite-organizador-fmr\/"]}]},{"@type":"BreadcrumbList","@id":"https:\/\/femexrobotica.org\/tmr2025\/comite-organizador-fmr\/#breadcrumb","itemListElement":[{"@type":"ListItem","position":1,"name":"Inicio","item":"https:\/\/femexrobotica.org\/tmr2025\/en\/torneo-mexicano-de-robotica\/"},{"@type":"ListItem","position":2,"name":"Comit\u00e9 Organizador FMR"}]},{"@type":"WebSite","@id":"https:\/\/femexrobotica.org\/tmr2025\/#website","url":"https:\/\/femexrobotica.org\/tmr2025\/","name":"","description":"","potentialAction":[{"@type":"SearchAction","target":{"@type":"EntryPoint","urlTemplate":"https:\/\/femexrobotica.org\/tmr2025\/?s={search_term_string}"},"query-input":{"@type":"PropertyValueSpecification","valueRequired":true,"valueName":"search_term_string"}}],"inLanguage":"es"}]}},"_links":{"self":[{"href":"https:\/\/femexrobotica.org\/tmr2025\/wp-json\/wp\/v2\/pages\/68","targetHints":{"allow":["GET"]}}],"collection":[{"href":"https:\/\/femexrobotica.org\/tmr2025\/wp-json\/wp\/v2\/pages"}],"about":[{"href":"https:\/\/femexrobotica.org\/tmr2025\/wp-json\/wp\/v2\/types\/page"}],"author":[{"embeddable":true,"href":"https:\/\/femexrobotica.org\/tmr2025\/wp-json\/wp\/v2\/users\/1"}],"replies":[{"embeddable":true,"href":"https:\/\/femexrobotica.org\/tmr2025\/wp-json\/wp\/v2\/comments?post=68"}],"version-history":[{"count":9,"href":"https:\/\/femexrobotica.org\/tmr2025\/wp-json\/wp\/v2\/pages\/68\/revisions"}],"predecessor-version":[{"id":2533,"href":"https:\/\/femexrobotica.org\/tmr2025\/wp-json\/wp\/v2\/pages\/68\/revisions\/2533"}],"wp:attachment":[{"href":"https:\/\/femexrobotica.org\/tmr2025\/wp-json\/wp\/v2\/media?parent=68"}],"curies":[{"name":"wp","href":"https:\/\/api.w.org\/{rel}","templated":true}]}}