{"id":2987,"date":"2025-01-30T04:20:36","date_gmt":"2025-01-30T10:20:36","guid":{"rendered":"https:\/\/femexrobotica.org\/tmr2025\/?page_id=2987"},"modified":"2025-01-30T21:09:02","modified_gmt":"2025-01-31T03:09:02","slug":"preguntas-frecuentes","status":"publish","type":"page","link":"https:\/\/femexrobotica.org\/tmr2025\/preguntas-frecuentes\/","title":{"rendered":"Preguntas frecuentes"},"content":{"rendered":"\n<div class=\"wp-block-columns are-vertically-aligned-top is-layout-flex wp-container-core-columns-is-layout-9d6595d7 wp-block-columns-is-layout-flex\">\n<div class=\"wp-block-column is-vertically-aligned-top is-layout-flow wp-block-column-is-layout-flow\" style=\"flex-basis:100%\">\n<div class=\"wp-block-group\"><div class=\"wp-block-group__inner-container is-layout-constrained wp-block-group-is-layout-constrained\">\n<details>\n  <summary> <strong>\u00bfQu\u00e9 documento puedo usar para validar la instituci\u00f3n?<\/strong><\/summary>\n  <p>Puede ser la credencial de docente de la instituci\u00f3n, que est\u00e9 vigente. <\/p>\n<\/details>\n\n\n<li> <a href = https:\/\/femexrobotica.org\/tmr2025\/inscripciones\/#costos_inscripcion>\n<strong>\u00bfCu\u00e1l es son los costos y fechas?<\/strong>\n<\/a>\n<\/li>\n\n\n<details>\n  <summary><strong>\u00bfSe puede pagar con TDC?<\/strong><\/summary>\n  <p>No. Solo por transferencia, dep\u00f3sito o PayPal.<\/p>\n<\/details>\n\n\n<li> <a href=\"https:\/\/femexrobotica.org\/tmr2025\/categorias\/\">\n<strong>\u00bfQu\u00e9 categor\u00edas estar\u00e1n disponibles este a\u00f1o?<\/strong>\n<\/a>\n<\/li>\n\n\n<details>\n  <summary><strong>\u00bfHay alg\u00fan n\u00famero m\u00e1ximo de integrantes?<\/strong><\/summary>\n   <p>Depende de cada liga, lo mejor es consultar la informaci\u00f3n de la liga en la que desees inscribirte.<\/p>\n<\/details>\n\n\n<details>\n  <summary><strong>\u00bfCu\u00e1les son los datos para realizar el pago de la inscripci\u00f3n?<\/strong><\/summary>\n   <p>En el sistema de registro, cuando se llega a la etapa del pago, aparecen los datos para la transferencia, dep\u00f3sito, o pago por PayPal.<\/p>\n<\/details>\n\n\n<details>\n  <summary><strong>\u00bfSe puede extender una carta de invitaci\u00f3n?<\/strong><\/summary>\n   <p>S\u00ed, una vez que el equipo est\u00e1 registrado.<\/p>\n<\/details>\n\n\n<details>\n  <summary><strong>\u00bfSe dan constancias de participaci\u00f3n? <\/strong><\/summary>\n   <p>S\u00ed, estar\u00e1n disponibles en el sistema de registro una vez concluido el torneo.<\/p>\n<\/details>\n<\/div><\/div>\n<\/div>\n<\/div>\n\n\n\n<p><\/p>\n","protected":false},"excerpt":{"rendered":"<p>\u00bfQu\u00e9 documento puedo usar para validar la instituci\u00f3n? Puede ser la credencial de docente de la instituci\u00f3n, que est\u00e9 vigente. \u00bfCu\u00e1l es son los costos y fechas? \u00bfSe puede pagar con TDC? No. Solo por transferencia, dep\u00f3sito o PayPal. \u00bfQu\u00e9 categor\u00edas estar\u00e1n disponibles este a\u00f1o? \u00bfHay alg\u00fan n\u00famero m\u00e1ximo de integrantes? Depende de cada liga, [&hellip;]<\/p>\n","protected":false},"author":1,"featured_media":0,"parent":0,"menu_order":0,"comment_status":"closed","ping_status":"closed","template":"","meta":{"footnotes":""},"class_list":["post-2987","page","type-page","status-publish","hentry"],"yoast_head":"<!-- This site is optimized with the Yoast SEO plugin v25.0 - https:\/\/yoast.com\/wordpress\/plugins\/seo\/ -->\n<title>Preguntas frecuentes -<\/title>\n<meta name=\"robots\" content=\"index, follow, max-snippet:-1, max-image-preview:large, max-video-preview:-1\" \/>\n<link rel=\"canonical\" href=\"https:\/\/femexrobotica.org\/tmr2025\/preguntas-frecuentes\/\" \/>\n<meta property=\"og:locale\" content=\"es_MX\" \/>\n<meta property=\"og:type\" content=\"article\" \/>\n<meta property=\"og:title\" content=\"Preguntas frecuentes -\" \/>\n<meta property=\"og:description\" content=\"\u00bfQu\u00e9 documento puedo usar para validar la instituci\u00f3n? Puede ser la credencial de docente de la instituci\u00f3n, que est\u00e9 vigente. \u00bfCu\u00e1l es son los costos y fechas? \u00bfSe puede pagar con TDC? No. Solo por transferencia, dep\u00f3sito o PayPal. \u00bfQu\u00e9 categor\u00edas estar\u00e1n disponibles este a\u00f1o? \u00bfHay alg\u00fan n\u00famero m\u00e1ximo de integrantes? Depende de cada liga, [&hellip;]\" \/>\n<meta property=\"og:url\" content=\"https:\/\/femexrobotica.org\/tmr2025\/preguntas-frecuentes\/\" \/>\n<meta property=\"article:modified_time\" content=\"2025-01-31T03:09:02+00:00\" \/>\n<meta name=\"twitter:card\" content=\"summary_large_image\" \/>\n<meta name=\"twitter:label1\" content=\"Tiempo de lectura\" \/>\n\t<meta name=\"twitter:data1\" content=\"1 minuto\" \/>\n<script type=\"application\/ld+json\" class=\"yoast-schema-graph\">{\"@context\":\"https:\/\/schema.org\",\"@graph\":[{\"@type\":\"WebPage\",\"@id\":\"https:\/\/femexrobotica.org\/tmr2025\/preguntas-frecuentes\/\",\"url\":\"https:\/\/femexrobotica.org\/tmr2025\/preguntas-frecuentes\/\",\"name\":\"Preguntas frecuentes -\",\"isPartOf\":{\"@id\":\"https:\/\/femexrobotica.org\/tmr2025\/#website\"},\"datePublished\":\"2025-01-30T10:20:36+00:00\",\"dateModified\":\"2025-01-31T03:09:02+00:00\",\"breadcrumb\":{\"@id\":\"https:\/\/femexrobotica.org\/tmr2025\/preguntas-frecuentes\/#breadcrumb\"},\"inLanguage\":\"es\",\"potentialAction\":[{\"@type\":\"ReadAction\",\"target\":[\"https:\/\/femexrobotica.org\/tmr2025\/preguntas-frecuentes\/\"]}]},{\"@type\":\"BreadcrumbList\",\"@id\":\"https:\/\/femexrobotica.org\/tmr2025\/preguntas-frecuentes\/#breadcrumb\",\"itemListElement\":[{\"@type\":\"ListItem\",\"position\":1,\"name\":\"Inicio\",\"item\":\"https:\/\/femexrobotica.org\/tmr2025\/en\/torneo-mexicano-de-robotica\/\"},{\"@type\":\"ListItem\",\"position\":2,\"name\":\"Preguntas frecuentes\"}]},{\"@type\":\"WebSite\",\"@id\":\"https:\/\/femexrobotica.org\/tmr2025\/#website\",\"url\":\"https:\/\/femexrobotica.org\/tmr2025\/\",\"name\":\"\",\"description\":\"\",\"potentialAction\":[{\"@type\":\"SearchAction\",\"target\":{\"@type\":\"EntryPoint\",\"urlTemplate\":\"https:\/\/femexrobotica.org\/tmr2025\/?s={search_term_string}\"},\"query-input\":{\"@type\":\"PropertyValueSpecification\",\"valueRequired\":true,\"valueName\":\"search_term_string\"}}],\"inLanguage\":\"es\"}]}<\/script>\n<!-- \/ Yoast SEO plugin. -->","yoast_head_json":{"title":"Preguntas frecuentes -","robots":{"index":"index","follow":"follow","max-snippet":"max-snippet:-1","max-image-preview":"max-image-preview:large","max-video-preview":"max-video-preview:-1"},"canonical":"https:\/\/femexrobotica.org\/tmr2025\/preguntas-frecuentes\/","og_locale":"es_MX","og_type":"article","og_title":"Preguntas frecuentes -","og_description":"\u00bfQu\u00e9 documento puedo usar para validar la instituci\u00f3n? Puede ser la credencial de docente de la instituci\u00f3n, que est\u00e9 vigente. \u00bfCu\u00e1l es son los costos y fechas? \u00bfSe puede pagar con TDC? No. Solo por transferencia, dep\u00f3sito o PayPal. \u00bfQu\u00e9 categor\u00edas estar\u00e1n disponibles este a\u00f1o? \u00bfHay alg\u00fan n\u00famero m\u00e1ximo de integrantes? Depende de cada liga, [&hellip;]","og_url":"https:\/\/femexrobotica.org\/tmr2025\/preguntas-frecuentes\/","article_modified_time":"2025-01-31T03:09:02+00:00","twitter_card":"summary_large_image","twitter_misc":{"Tiempo de lectura":"1 minuto"},"schema":{"@context":"https:\/\/schema.org","@graph":[{"@type":"WebPage","@id":"https:\/\/femexrobotica.org\/tmr2025\/preguntas-frecuentes\/","url":"https:\/\/femexrobotica.org\/tmr2025\/preguntas-frecuentes\/","name":"Preguntas frecuentes -","isPartOf":{"@id":"https:\/\/femexrobotica.org\/tmr2025\/#website"},"datePublished":"2025-01-30T10:20:36+00:00","dateModified":"2025-01-31T03:09:02+00:00","breadcrumb":{"@id":"https:\/\/femexrobotica.org\/tmr2025\/preguntas-frecuentes\/#breadcrumb"},"inLanguage":"es","potentialAction":[{"@type":"ReadAction","target":["https:\/\/femexrobotica.org\/tmr2025\/preguntas-frecuentes\/"]}]},{"@type":"BreadcrumbList","@id":"https:\/\/femexrobotica.org\/tmr2025\/preguntas-frecuentes\/#breadcrumb","itemListElement":[{"@type":"ListItem","position":1,"name":"Inicio","item":"https:\/\/femexrobotica.org\/tmr2025\/en\/torneo-mexicano-de-robotica\/"},{"@type":"ListItem","position":2,"name":"Preguntas frecuentes"}]},{"@type":"WebSite","@id":"https:\/\/femexrobotica.org\/tmr2025\/#website","url":"https:\/\/femexrobotica.org\/tmr2025\/","name":"","description":"","potentialAction":[{"@type":"SearchAction","target":{"@type":"EntryPoint","urlTemplate":"https:\/\/femexrobotica.org\/tmr2025\/?s={search_term_string}"},"query-input":{"@type":"PropertyValueSpecification","valueRequired":true,"valueName":"search_term_string"}}],"inLanguage":"es"}]}},"_links":{"self":[{"href":"https:\/\/femexrobotica.org\/tmr2025\/wp-json\/wp\/v2\/pages\/2987","targetHints":{"allow":["GET"]}}],"collection":[{"href":"https:\/\/femexrobotica.org\/tmr2025\/wp-json\/wp\/v2\/pages"}],"about":[{"href":"https:\/\/femexrobotica.org\/tmr2025\/wp-json\/wp\/v2\/types\/page"}],"author":[{"embeddable":true,"href":"https:\/\/femexrobotica.org\/tmr2025\/wp-json\/wp\/v2\/users\/1"}],"replies":[{"embeddable":true,"href":"https:\/\/femexrobotica.org\/tmr2025\/wp-json\/wp\/v2\/comments?post=2987"}],"version-history":[{"count":17,"href":"https:\/\/femexrobotica.org\/tmr2025\/wp-json\/wp\/v2\/pages\/2987\/revisions"}],"predecessor-version":[{"id":3057,"href":"https:\/\/femexrobotica.org\/tmr2025\/wp-json\/wp\/v2\/pages\/2987\/revisions\/3057"}],"wp:attachment":[{"href":"https:\/\/femexrobotica.org\/tmr2025\/wp-json\/wp\/v2\/media?parent=2987"}],"curies":[{"name":"wp","href":"https:\/\/api.w.org\/{rel}","templated":true}]}}