{"id":158,"date":"2022-12-03T23:51:44","date_gmt":"2022-12-03T23:51:44","guid":{"rendered":"https:\/\/femexrobotica.org\/tmr2023\/?page_id=158"},"modified":"2025-03-04T20:11:49","modified_gmt":"2025-03-05T02:11:49","slug":"robocup-junior-onstage","status":"publish","type":"page","link":"https:\/\/femexrobotica.org\/tmr2025\/robocup-junior-onstage\/","title":{"rendered":"RoboCupJunior OnStage"},"content":{"rendered":"\n<figure class=\"wp-block-image size-full\"><img loading=\"lazy\" decoding=\"async\" width=\"1024\" height=\"683\" src=\"https:\/\/femexrobotica.org\/tmr2025\/wp-content\/uploads\/2022\/12\/image-24.png\" alt=\"\" class=\"wp-image-159\" srcset=\"https:\/\/femexrobotica.org\/tmr2025\/wp-content\/uploads\/2022\/12\/image-24.png 1024w, https:\/\/femexrobotica.org\/tmr2025\/wp-content\/uploads\/2022\/12\/image-24-300x200.png 300w, https:\/\/femexrobotica.org\/tmr2025\/wp-content\/uploads\/2022\/12\/image-24-768x512.png 768w\" sizes=\"auto, (max-width: 1024px) 100vw, 1024px\" \/><\/figure>\n\n\n\n<p>I<strong>NFORMACI\u00d3N GENERAL<\/strong><\/p>\n\n\n\n<p>La competencia RoboCupJunior OnStage, anteriormente llamada RoboCupJunior Dance, es una iniciativa enfocada para estudiantes de 14 a\u00f1os y hasta 19, que los invita a dise\u00f1ar, crear y programar robots aut\u00f3nomos con el objetivo de crear una presentaci\u00f3n a manera de una rutina de baile o de una historia, que se desarrolle en el escenario o tal vez, una presentaci\u00f3n como una obra de teatro o una muestra art\u00edstica.&nbsp;&nbsp;<\/p>\n\n\n\n<p>En la competencia, se sugiere a los participantes, hacer uso de la tecnolog\u00eda de forma innovadora adem\u00e1s de utilizarla de manera creativa en una forma distinta a la que haya utilizado antes en alguna otra competencia previa, tratando de conectarse en todo momento con la audiencia.<\/p>\n\n\n\n<figure class=\"wp-block-video\"><video height=\"720\" style=\"aspect-ratio: 1280 \/ 720;\" width=\"1280\" controls src=\"https:\/\/femexrobotica.org\/tmr2025\/wp-content\/uploads\/2023\/04\/338848030_1195477197840523_5699098912927198217_n.mp4\"><\/video><\/figure>\n\n\n\n<p><\/p>\n\n\n\n<p><strong>Reglas<\/strong><\/p>\n\n\n\n<p><\/p>\n\n\n\n<div data-wp-interactive=\"core\/file\" class=\"wp-block-file\"><object data-wp-bind--hidden=\"!state.hasPdfPreview\" hidden class=\"wp-block-file__embed\" data=\"https:\/\/femexrobotica.org\/tmr2025\/wp-content\/uploads\/2025\/02\/RCJOnstage2025.pdf\" type=\"application\/pdf\" style=\"width:100%;height:600px\" aria-label=\"Incrustado de RCJOnstage2025.\"><\/object><a id=\"wp-block-file--media-bd99c530-6ab4-4278-8dd8-33a0181fcc37\" href=\"https:\/\/femexrobotica.org\/tmr2025\/wp-content\/uploads\/2025\/02\/RCJOnstage2025.pdf\">RCJOnstage2025<\/a><a href=\"https:\/\/femexrobotica.org\/tmr2025\/wp-content\/uploads\/2025\/02\/RCJOnstage2025.pdf\" class=\"wp-block-file__button wp-element-button\" download aria-describedby=\"wp-block-file--media-bd99c530-6ab4-4278-8dd8-33a0181fcc37\">Descarga<\/a><\/div>\n\n\n\n<p><strong>RoboCupJunior OnStage<\/strong><\/p>\n\n\n\n<p>Todos los miembros del equipo deben tener entre 14 y 19 a\u00f1os (al 1 de julio).<\/p>\n\n\n\n<p>Todos los equipos ser\u00e1n evaluados en las siguientes \u00e1reas: documentaci\u00f3n t\u00e9cnica (30% que incluir\u00e1 un TDP y un video), una entrevista t\u00e9cnica (30%) y una actuaci\u00f3n en el escenario (40%).<\/p>\n\n\n\n<p>Se debe tomar en cuenta que durante los primeros meses del a\u00f1o, el comit\u00e9 internacional se encuentra en el proceso de revisar las reglas, por lo que te recomendamos revisarlas peri\u00f3dicamente para ver si hay alguna actualizaci\u00f3n.<\/p>\n\n\n\n<p><strong>Restricciones<\/strong><\/p>\n\n\n\n<p>Los equipos de RCJ OnStage deber\u00e1n conformarse con al menos 2 miembros y hasta un m\u00e1ximo de 5.<\/p>\n\n\n\n<p>Cada concursante s\u00f3lo puede estar inscrito en 1 \u00fanico equipo, sub-liga y liga en todo RoboCupJunior.<\/p>\n\n\n\n<p><strong>L\u00edmites de equipos por instituci\u00f3n<\/strong><\/p>\n\n\n\n<p>Cada instituci\u00f3n puede registrar el siguiente n\u00famero de equipos por cada sub-liga Junior:<\/p>\n\n\n\n<ul class=\"wp-block-list\">\n<li>M\u00e1ximo 1 equipo por sub-liga en Rescue Line y Rescue Maze<\/li>\n\n\n\n<li>M\u00e1ximo 2 equipos por sub-liga en todas las sub-ligas de Soccer y OnStage<\/li>\n\n\n\n<li>No se limitar\u00e1 el n\u00famero de equipos en Rescue Simulation (antes CoSpace)<\/li>\n\n\n\n<li>La instituci\u00f3n que haya obtenido el primer lugar en cada sub-liga del torneo pasado (TMR2024) y haya enviado su reporte de participaci\u00f3n en RoboCup tiene obtiene el derecho a registrar un equipo m\u00e1s en esa misma sub-liga. Debe dar de alta el equipo adicional y sus miembros, y antes de concluir el pre-registro enviar un correo a <strong>regtmr@femexrobotica.org<\/strong> indicando el nombre del equipo que desea que se le aplique este derecho, indicando el nombre del equipo que desea que se le aplique este derecho.<\/li>\n<\/ul>\n\n\n\n<p><strong>RoboCupJunior OnStage Primary<\/strong><\/p>\n\n\n\n<p>Todos los miembros del equipo deben tener entre 11 y 15 a\u00f1os (al 1 de julio).<\/p>\n\n\n\n<p><strong>Reglas<\/strong><\/p>\n\n\n\n<p>Las reglas ser\u00e1n las mismas que las del torneo del a\u00f1o pasado.<\/p>\n\n\n\n<p><\/p>\n\n\n\n<p><\/p>\n\n\n\n<p><strong>Responsable RobocupJunior General<\/strong><\/p>\n\n\n\n<p>Norma Ang\u00e9lica Gonz\u00e1lez Sandoval<\/p>\n\n\n\n<p>email: <a href=\"mailto:norma.angelicasandoval@gmail.com\">norma.angelicasandoval@gmail.com<\/a><\/p>\n\n\n\n<p><strong>Responsable de categor\u00eda de OnStage primary:<\/strong><\/p>\n\n\n\n<p>Julio Cesar Sandria Reynoso<\/p>\n\n\n\n<p>email: <a href=\"jsandria@hotmail.com\" data-type=\"link\" data-id=\"jsandria@hotmail.com\">jsandria@hotmail.com<\/a><\/p>\n\n\n\n<p><strong>Responsable categor\u00eda OnStage<\/strong>:<\/p>\n\n\n\n<p>Luis Gonzalo Morales<\/p>\n\n\n\n<p>email: <a href=\"mailto:luisgonzalo96@gmail.com\">luisgonzalo96@gmail.com<\/a><\/p>\n\n\n\n<p>Egla Madai Gandara Castillo<\/p>\n\n\n\n<p>email: <a href=\"mailto:mady.gcastillo@gmail.com\">mady.gcastillo@gmail.com<\/a><\/p>\n\n\n\n<p><strong>Responsable local de OnStage primary<\/strong>:<\/p>\n\n\n\n<p>Ana Itzel Esp\u00edndola Guti\u00e9rrez<\/p>\n\n\n\n<p>email: <a href=\"itzeelespindola1604@gmail.com\">itzeelespindola1604@gmail.com<\/a><\/p>\n\n\n\n<p><strong>Responsable local OnStage:<\/strong><\/p>\n\n\n\n<p>Alejandro Olivier Altamirano<\/p>\n\n\n\n<p>email: <a href=\"mailto:luisgonzalo96@gmail.com\">alejandro01101996@gmail.com<\/a><\/p>\n\n\n\n<p><\/p>\n\n\n\n<p><\/p>\n\n\n\n<p><br><\/p>\n","protected":false},"excerpt":{"rendered":"<p>INFORMACI\u00d3N GENERAL La competencia RoboCupJunior OnStage, anteriormente llamada RoboCupJunior Dance, es una iniciativa enfocada para estudiantes de 14 a\u00f1os y hasta 19, que los invita a dise\u00f1ar, crear y programar robots aut\u00f3nomos con el objetivo de crear una presentaci\u00f3n a manera de una rutina de baile o de una historia, que se desarrolle en el [&hellip;]<\/p>\n","protected":false},"author":1,"featured_media":0,"parent":0,"menu_order":0,"comment_status":"closed","ping_status":"closed","template":"","meta":{"footnotes":""},"class_list":["post-158","page","type-page","status-publish","hentry"],"yoast_head":"<!-- This site is optimized with the Yoast SEO plugin v25.0 - https:\/\/yoast.com\/wordpress\/plugins\/seo\/ -->\n<title>RoboCupJunior OnStage -<\/title>\n<meta name=\"robots\" content=\"index, follow, max-snippet:-1, max-image-preview:large, max-video-preview:-1\" \/>\n<link rel=\"canonical\" href=\"https:\/\/femexrobotica.org\/tmr2025\/robocup-junior-onstage\/\" \/>\n<meta property=\"og:locale\" content=\"es_MX\" \/>\n<meta property=\"og:type\" content=\"article\" \/>\n<meta property=\"og:title\" content=\"RoboCupJunior OnStage -\" \/>\n<meta property=\"og:description\" content=\"INFORMACI\u00d3N GENERAL La competencia RoboCupJunior OnStage, anteriormente llamada RoboCupJunior Dance, es una iniciativa enfocada para estudiantes de 14 a\u00f1os y hasta 19, que los invita a dise\u00f1ar, crear y programar robots aut\u00f3nomos con el objetivo de crear una presentaci\u00f3n a manera de una rutina de baile o de una historia, que se desarrolle en el [&hellip;]\" \/>\n<meta property=\"og:url\" content=\"https:\/\/femexrobotica.org\/tmr2025\/robocup-junior-onstage\/\" \/>\n<meta property=\"article:modified_time\" content=\"2025-03-05T02:11:49+00:00\" \/>\n<meta property=\"og:image\" content=\"https:\/\/femexrobotica.org\/tmr2025\/wp-content\/uploads\/2022\/12\/image-24.png\" \/>\n\t<meta property=\"og:image:width\" content=\"1024\" \/>\n\t<meta property=\"og:image:height\" content=\"683\" \/>\n\t<meta property=\"og:image:type\" content=\"image\/png\" \/>\n<meta name=\"twitter:card\" content=\"summary_large_image\" \/>\n<meta name=\"twitter:label1\" content=\"Tiempo de lectura\" \/>\n\t<meta name=\"twitter:data1\" content=\"3 minutos\" \/>\n<script type=\"application\/ld+json\" class=\"yoast-schema-graph\">{\"@context\":\"https:\/\/schema.org\",\"@graph\":[{\"@type\":\"WebPage\",\"@id\":\"https:\/\/femexrobotica.org\/tmr2025\/robocup-junior-onstage\/\",\"url\":\"https:\/\/femexrobotica.org\/tmr2025\/robocup-junior-onstage\/\",\"name\":\"RoboCupJunior OnStage -\",\"isPartOf\":{\"@id\":\"https:\/\/femexrobotica.org\/tmr2025\/#website\"},\"primaryImageOfPage\":{\"@id\":\"https:\/\/femexrobotica.org\/tmr2025\/robocup-junior-onstage\/#primaryimage\"},\"image\":{\"@id\":\"https:\/\/femexrobotica.org\/tmr2025\/robocup-junior-onstage\/#primaryimage\"},\"thumbnailUrl\":\"https:\/\/femexrobotica.org\/tmr2025\/wp-content\/uploads\/2022\/12\/image-24.png\",\"datePublished\":\"2022-12-03T23:51:44+00:00\",\"dateModified\":\"2025-03-05T02:11:49+00:00\",\"breadcrumb\":{\"@id\":\"https:\/\/femexrobotica.org\/tmr2025\/robocup-junior-onstage\/#breadcrumb\"},\"inLanguage\":\"es\",\"potentialAction\":[{\"@type\":\"ReadAction\",\"target\":[\"https:\/\/femexrobotica.org\/tmr2025\/robocup-junior-onstage\/\"]}]},{\"@type\":\"ImageObject\",\"inLanguage\":\"es\",\"@id\":\"https:\/\/femexrobotica.org\/tmr2025\/robocup-junior-onstage\/#primaryimage\",\"url\":\"https:\/\/femexrobotica.org\/tmr2025\/wp-content\/uploads\/2022\/12\/image-24.png\",\"contentUrl\":\"https:\/\/femexrobotica.org\/tmr2025\/wp-content\/uploads\/2022\/12\/image-24.png\",\"width\":1024,\"height\":683},{\"@type\":\"BreadcrumbList\",\"@id\":\"https:\/\/femexrobotica.org\/tmr2025\/robocup-junior-onstage\/#breadcrumb\",\"itemListElement\":[{\"@type\":\"ListItem\",\"position\":1,\"name\":\"Inicio\",\"item\":\"https:\/\/femexrobotica.org\/tmr2025\/en\/torneo-mexicano-de-robotica\/\"},{\"@type\":\"ListItem\",\"position\":2,\"name\":\"RoboCupJunior OnStage\"}]},{\"@type\":\"WebSite\",\"@id\":\"https:\/\/femexrobotica.org\/tmr2025\/#website\",\"url\":\"https:\/\/femexrobotica.org\/tmr2025\/\",\"name\":\"\",\"description\":\"\",\"potentialAction\":[{\"@type\":\"SearchAction\",\"target\":{\"@type\":\"EntryPoint\",\"urlTemplate\":\"https:\/\/femexrobotica.org\/tmr2025\/?s={search_term_string}\"},\"query-input\":{\"@type\":\"PropertyValueSpecification\",\"valueRequired\":true,\"valueName\":\"search_term_string\"}}],\"inLanguage\":\"es\"}]}<\/script>\n<!-- \/ Yoast SEO plugin. -->","yoast_head_json":{"title":"RoboCupJunior OnStage -","robots":{"index":"index","follow":"follow","max-snippet":"max-snippet:-1","max-image-preview":"max-image-preview:large","max-video-preview":"max-video-preview:-1"},"canonical":"https:\/\/femexrobotica.org\/tmr2025\/robocup-junior-onstage\/","og_locale":"es_MX","og_type":"article","og_title":"RoboCupJunior OnStage -","og_description":"INFORMACI\u00d3N GENERAL La competencia RoboCupJunior OnStage, anteriormente llamada RoboCupJunior Dance, es una iniciativa enfocada para estudiantes de 14 a\u00f1os y hasta 19, que los invita a dise\u00f1ar, crear y programar robots aut\u00f3nomos con el objetivo de crear una presentaci\u00f3n a manera de una rutina de baile o de una historia, que se desarrolle en el [&hellip;]","og_url":"https:\/\/femexrobotica.org\/tmr2025\/robocup-junior-onstage\/","article_modified_time":"2025-03-05T02:11:49+00:00","og_image":[{"width":1024,"height":683,"url":"https:\/\/femexrobotica.org\/tmr2025\/wp-content\/uploads\/2022\/12\/image-24.png","type":"image\/png"}],"twitter_card":"summary_large_image","twitter_misc":{"Tiempo de lectura":"3 minutos"},"schema":{"@context":"https:\/\/schema.org","@graph":[{"@type":"WebPage","@id":"https:\/\/femexrobotica.org\/tmr2025\/robocup-junior-onstage\/","url":"https:\/\/femexrobotica.org\/tmr2025\/robocup-junior-onstage\/","name":"RoboCupJunior OnStage -","isPartOf":{"@id":"https:\/\/femexrobotica.org\/tmr2025\/#website"},"primaryImageOfPage":{"@id":"https:\/\/femexrobotica.org\/tmr2025\/robocup-junior-onstage\/#primaryimage"},"image":{"@id":"https:\/\/femexrobotica.org\/tmr2025\/robocup-junior-onstage\/#primaryimage"},"thumbnailUrl":"https:\/\/femexrobotica.org\/tmr2025\/wp-content\/uploads\/2022\/12\/image-24.png","datePublished":"2022-12-03T23:51:44+00:00","dateModified":"2025-03-05T02:11:49+00:00","breadcrumb":{"@id":"https:\/\/femexrobotica.org\/tmr2025\/robocup-junior-onstage\/#breadcrumb"},"inLanguage":"es","potentialAction":[{"@type":"ReadAction","target":["https:\/\/femexrobotica.org\/tmr2025\/robocup-junior-onstage\/"]}]},{"@type":"ImageObject","inLanguage":"es","@id":"https:\/\/femexrobotica.org\/tmr2025\/robocup-junior-onstage\/#primaryimage","url":"https:\/\/femexrobotica.org\/tmr2025\/wp-content\/uploads\/2022\/12\/image-24.png","contentUrl":"https:\/\/femexrobotica.org\/tmr2025\/wp-content\/uploads\/2022\/12\/image-24.png","width":1024,"height":683},{"@type":"BreadcrumbList","@id":"https:\/\/femexrobotica.org\/tmr2025\/robocup-junior-onstage\/#breadcrumb","itemListElement":[{"@type":"ListItem","position":1,"name":"Inicio","item":"https:\/\/femexrobotica.org\/tmr2025\/en\/torneo-mexicano-de-robotica\/"},{"@type":"ListItem","position":2,"name":"RoboCupJunior OnStage"}]},{"@type":"WebSite","@id":"https:\/\/femexrobotica.org\/tmr2025\/#website","url":"https:\/\/femexrobotica.org\/tmr2025\/","name":"","description":"","potentialAction":[{"@type":"SearchAction","target":{"@type":"EntryPoint","urlTemplate":"https:\/\/femexrobotica.org\/tmr2025\/?s={search_term_string}"},"query-input":{"@type":"PropertyValueSpecification","valueRequired":true,"valueName":"search_term_string"}}],"inLanguage":"es"}]}},"_links":{"self":[{"href":"https:\/\/femexrobotica.org\/tmr2025\/wp-json\/wp\/v2\/pages\/158","targetHints":{"allow":["GET"]}}],"collection":[{"href":"https:\/\/femexrobotica.org\/tmr2025\/wp-json\/wp\/v2\/pages"}],"about":[{"href":"https:\/\/femexrobotica.org\/tmr2025\/wp-json\/wp\/v2\/types\/page"}],"author":[{"embeddable":true,"href":"https:\/\/femexrobotica.org\/tmr2025\/wp-json\/wp\/v2\/users\/1"}],"replies":[{"embeddable":true,"href":"https:\/\/femexrobotica.org\/tmr2025\/wp-json\/wp\/v2\/comments?post=158"}],"version-history":[{"count":34,"href":"https:\/\/femexrobotica.org\/tmr2025\/wp-json\/wp\/v2\/pages\/158\/revisions"}],"predecessor-version":[{"id":3947,"href":"https:\/\/femexrobotica.org\/tmr2025\/wp-json\/wp\/v2\/pages\/158\/revisions\/3947"}],"wp:attachment":[{"href":"https:\/\/femexrobotica.org\/tmr2025\/wp-json\/wp\/v2\/media?parent=158"}],"curies":[{"name":"wp","href":"https:\/\/api.w.org\/{rel}","templated":true}]}}