{"id":166,"date":"2022-12-03T23:53:47","date_gmt":"2022-12-03T23:53:47","guid":{"rendered":"https:\/\/femexrobotica.org\/tmr2023\/?page_id=166"},"modified":"2024-02-20T14:47:05","modified_gmt":"2024-02-20T14:47:05","slug":"robocup-junior-rescue","status":"publish","type":"page","link":"https:\/\/femexrobotica.org\/tmr2024\/robocup-junior-rescue\/","title":{"rendered":"RoboCupJunior Rescue"},"content":{"rendered":"\n<figure class=\"wp-block-image size-full\"><img loading=\"lazy\" decoding=\"async\" width=\"1024\" height=\"768\" src=\"https:\/\/femexrobotica.org\/tmr2024\/wp-content\/uploads\/2022\/12\/image-26.png\" alt=\"\" class=\"wp-image-167\" srcset=\"https:\/\/femexrobotica.org\/tmr2024\/wp-content\/uploads\/2022\/12\/image-26.png 1024w, https:\/\/femexrobotica.org\/tmr2024\/wp-content\/uploads\/2022\/12\/image-26-300x225.png 300w, https:\/\/femexrobotica.org\/tmr2024\/wp-content\/uploads\/2022\/12\/image-26-768x576.png 768w\" sizes=\"auto, (max-width: 1024px) 100vw, 1024px\" \/><\/figure>\n\n\n\n<p class=\"textojustificado\"><strong>INFORMACI\u00d3N GENERAL<\/strong><\/p>\n\n\n\n<p class=\"textojustificado\">RoboCupJunior Rescue es una iniciativa educativa enfocada a estudiantes de primaria, secundaria y preparatoria, as\u00ed como estudiantes universitarios a trabajar con un robot que debe sortear diversos obst\u00e1culos de forma aut\u00f3noma para realizar actividades de rescate.<\/p>\n\n\n\n<p class=\"textojustificado\">El escenario se basa en un \u00e1rea que es demasiado peligrosa para que los humanos puedan rescatar a las v\u00edctimas de un desastre natural; por lo que se le ha dado la tarea m\u00e1s dif\u00edcil a un robot. Este debe ser capaz de llevar a cabo la misi\u00f3n de rescate en modo totalmente aut\u00f3nomo sin intervenci\u00f3n humana. El robot debe ser fuerte y lo suficientemente inteligente como para navegar a trav\u00e9s de un terreno peligroso con colinas, terrenos irregulares y escombros sin atascarse.<\/p>\n\n\n\n<p class=\"textojustificado\">Se cuenta con tres subcategor\u00edas:<\/p>\n\n\n\n<ul class=\"wp-block-list\">\n<li class=\"textojustificado\"><strong>Rescue Line<\/strong>&nbsp;<strong>(Rescate de L\u00ednea):&nbsp;<\/strong>Un robot aut\u00f3nomo debe seguir una l\u00ednea negra mientras supera distintos problemas en una arena modular formada por cuadros con diferentes patrones. El suelo es color blanco y los cuadros se encuentran en diferentes niveles conectados por rampas.&nbsp;Cuando el robot finalmente encuentra a las v\u00edctimas, tiene que transportarlas con mucho cuidado hasta el punto de evacuaci\u00f3n para que los humanos puedan atenderlas.<\/li>\n<\/ul>\n\n\n\n<figure class=\"wp-block-image\"><img decoding=\"async\" src=\"https:\/\/www.femexrobotica.org\/tmr2022\/wp-content\/uploads\/2022\/04\/RescueLine2022a.png\" alt=\"\" class=\"wp-image-3857\"\/><\/figure>\n\n\n\n<ul class=\"wp-block-list\">\n<li class=\"textojustificado\"><strong>Rescue Maze (Rescate en Laberinto):&nbsp;<\/strong>El robot necesita buscar v\u00edctimas a trav\u00e9s de un laberinto, por lo que no debe encontrar el camino m\u00e1s r\u00e1pido para atravesar el laberinto, si no debe explorarlo al m\u00e1ximo posible mientras evita \u00e1reas con el suelo color negro. Cuando el robot finalmente encuentra a las v\u00edctimas, tiene que proporcionarles un equipo de ayuda y un localizador, para que los humanos puedan localizarlos y llevarlos a un lugar seguro.<\/li>\n<\/ul>\n\n\n\n<figure class=\"wp-block-image\"><img decoding=\"async\" src=\"https:\/\/www.femexrobotica.org\/tmr2022\/wp-content\/uploads\/2022\/04\/RescueMaze2022a.png\" alt=\"\" class=\"wp-image-3856\"\/><\/figure>\n\n\n\n<p>Rescue League tiene cuatro subligas en Junior y una subliga para progresar a Major:<\/p>\n\n\n\n<p><a href=\"https:\/\/junior.robocup.org\/rcj-rescue-line\/\">Rescue Line primary<\/a>: La subliga Rescue Line est\u00e1 abierta a estudiantes de 11 a 15 a\u00f1os (a partir del 1 de julio). Un robot aut\u00f3nomo debe seguir una l\u00ednea negra mientras supera diferentes problemas en una arena modular formada por mosaicos con diferentes patrones.<\/p>\n\n\n\n<p><a href=\"https:\/\/junior.robocup.org\/rcj-rescue-line\/\">Rescue Line<\/a>: La subliga Rescue Line est\u00e1 abierta a estudiantes de 14 a 19 a\u00f1os (a partir del 1 de julio). Un robot aut\u00f3nomo debe seguir una l\u00ednea negra mientras supera diferentes problemas en una arena modular formada por mosaicos con diferentes patrones. <\/p>\n\n\n\n<p><a href=\"https:\/\/junior.robocup.org\/rcj-rescue-maze\/\">Rescue Maze<\/a>: La subliga Rescue Maze est\u00e1 abierta a estudiantes de 14 a 19 a\u00f1os (edad a partir del 1 de julio). Los miembros del equipo pueden competir en Rescue Line dos veces (2 eventos internacionales). Despu\u00e9s de competir en Rescue Line dos veces, deben pasar a Rescue Maze.<\/p>\n\n\n\n<p><\/p>\n\n\n\n<p><a href=\"https:\/\/femexrobotica.org\/tmr2024\/rapidly-manufactured-robot-challenge\/\">RoboCupRescue \u2013 Rapidly Manufactured Robot Challenge<\/a>: El Rapidly Manufactured Robot Challenge (RMRC) es parte de la competencia RoboCupRescue Robot. <\/p>\n\n\n\n<p><strong>Restricciones<\/strong><\/p>\n\n\n\n<p>Los equipos de RCJ Rescue deber\u00e1n conformarse con al menos 2 miembros y hasta un m\u00e1ximo de 4.<\/p>\n\n\n\n<p>La edad se considera al 1ro de julio de cada a\u00f1o para el mundial RoboCup, y por lo tanto tambi\u00e9n para el Torneo Mexicano de Rob\u00f3tica.<\/p>\n\n\n\n<p>Cada concursante s\u00f3lo puede estar inscrito en 1 \u00fanico equipo, sub-liga y liga en todo RoboCupJunior.<\/p>\n\n\n\n<p><strong>Reglas<\/strong><\/p>\n\n\n\n<p>Las reglas para la competencia de RoboCupJunior Rescue se encuentran publicadas en el sitio internacional de RoboCupJunior. <\/p>\n\n\n\n<p>Estas reglas se pueden consultar en&nbsp;<a href=\"https:\/\/junior.robocup.org\/rescue\/\">https:\/\/junior.robocup.org\/rescue\/<\/a>. <\/p>\n\n\n\n<p><strong>L\u00edmites de equipos por instituci\u00f3n<\/strong><\/p>\n\n\n\n<p>Cada instituci\u00f3n puede registrar el siguiente n\u00famero de equipos por cada Categor\u00eda Junior:<\/p>\n\n\n\n<ul class=\"wp-block-list\">\n<li>M\u00e1ximo 1 equipo por sub-liga en Rescue Line y Rescue Maze<\/li>\n\n\n\n<li>M\u00e1ximo 2 equipos por sub-liga en todas las sub-ligas de Soccer y OnStage<\/li>\n\n\n\n<li>La instituci\u00f3n que haya obtenido el primer lugar en cada subcategor\u00eda del torneo pasado (TMR2023) y haya <strong>enviado su reporte de participaci\u00f3n en RoboCup 2023<\/strong> en el tiempo acordado obtiene el derecho a registrar un equipo m\u00e1s en esa misma subcategor\u00eda. Debe dar de alta el equipo adicional y sus miembros, y antes de concluir el pre-registro enviar un correo a <em>regtmr@femexrobotica.org<\/em> indicando el nombre del equipo que desea que se le aplique este derecho.\u00a0<\/li>\n<\/ul>\n\n\n\n<p><strong>Coordinador Robocup Junior FMR<\/strong> <br><\/p>\n\n\n\n<p><strong>Responsables T\u00e9cnicos<\/strong><\/p>\n\n\n\n<p><em>RCJ Rescue General<\/em><\/p>\n\n\n\n<p>Ernesto Cervantes<br>email: <a href=\"mailto:neto.cervantes@outlook.com\">neto.cervantes@outlook.com<\/a><\/p>\n\n\n\n<p><em>RCJ Rescue Line Primary<\/em><\/p>\n\n\n\n<p>Gerardo Camarillo<br>email: <a href=\"mailto:gerardocamarillodl@gmail.com\">gerardocamarillodl@gmail.com<\/a><\/p>\n\n\n\n<p><em>RCJ Rescue Line<\/em><\/p>\n\n\n\n<p>Javier Bautista<br>email: <a href=\"mailto:javierbautistacoghlan@gmail.com\">javierbautistacoghlan@gmail.com<\/a><\/p>\n\n\n\n<p><em>RCJ Rescue Maze<\/em><\/p>\n\n\n\n<p>Eduardo Alvarado<br>email: <a href=\"mailto:edd.ag33@gmail.com\">edd.ag33@gmail.com<\/a><\/p>\n\n\n\n<p><\/p>\n\n\n\n<p><\/p>\n<div class=\"pvc_clear\"><\/div><p class=\"pvc_stats all \" data-element-id=\"166\" style=\"\"><i class=\"pvc-stats-icon small\" aria-hidden=\"true\"><svg xmlns=\"http:\/\/www.w3.org\/2000\/svg\" version=\"1.0\" viewBox=\"0 0 502 315\" preserveAspectRatio=\"xMidYMid meet\"><g transform=\"translate(0,332) scale(0.1,-0.1)\" fill=\"\" stroke=\"none\"><path d=\"M2394 3279 l-29 -30 -3 -207 c-2 -182 0 -211 15 -242 39 -76 157 -76 196 0 15 31 17 60 15 243 l-3 209 -33 29 c-26 23 -41 29 -80 29 -41 0 -53 -5 -78 -31z\"\/><path d=\"M3085 3251 c-45 -19 -58 -50 -96 -229 -47 -217 -49 -260 -13 -295 52 -53 146 -42 177 20 16 31 87 366 87 410 0 70 -86 122 -155 94z\"\/><path d=\"M1751 3234 c-13 -9 -29 -31 -37 -50 -12 -29 -10 -49 21 -204 19 -94 39 -189 45 -210 14 -50 54 -80 110 -80 34 0 48 6 76 34 21 21 34 44 34 59 0 14 -18 113 -40 219 -37 178 -43 195 -70 221 -36 32 -101 37 -139 11z\"\/><path d=\"M1163 3073 c-36 -7 -73 -59 -73 -102 0 -56 133 -378 171 -413 34 -32 83 -37 129 -13 70 36 67 87 -16 290 -86 209 -89 214 -129 231 -35 14 -42 15 -82 7z\"\/><path d=\"M3689 3066 c-15 -9 -33 -30 -42 -48 -48 -103 -147 -355 -147 -375 0 -98 131 -148 192 -74 13 15 57 108 97 206 80 196 84 226 37 273 -30 30 -99 39 -137 18z\"\/><path d=\"M583 2784 c-38 -19 -67 -74 -58 -113 9 -42 211 -354 242 -373 16 -10 45 -18 66 -18 51 0 107 52 107 100 0 39 -1 41 -124 234 -80 126 -108 162 -133 173 -41 17 -61 16 -100 -3z\"\/><path d=\"M4250 2784 c-14 -9 -74 -91 -133 -183 -95 -150 -107 -173 -107 -213 0 -55 33 -94 87 -104 67 -13 90 8 211 198 130 202 137 225 78 284 -27 27 -42 34 -72 34 -22 0 -50 -8 -64 -16z\"\/><path d=\"M2275 2693 c-553 -48 -1095 -270 -1585 -649 -135 -104 -459 -423 -483 -476 -23 -49 -22 -139 2 -186 73 -142 361 -457 571 -626 285 -228 642 -407 990 -497 242 -63 336 -73 660 -74 310 0 370 5 595 52 535 111 1045 392 1455 803 122 121 250 273 275 326 19 41 19 137 0 174 -41 79 -309 363 -465 492 -447 370 -946 591 -1479 653 -113 14 -422 18 -536 8z m395 -428 c171 -34 330 -124 456 -258 112 -119 167 -219 211 -378 27 -96 24 -300 -5 -401 -72 -255 -236 -447 -474 -557 -132 -62 -201 -76 -368 -76 -167 0 -236 14 -368 76 -213 98 -373 271 -451 485 -162 444 86 934 547 1084 153 49 292 57 452 25z m909 -232 c222 -123 408 -262 593 -441 76 -74 138 -139 138 -144 0 -16 -233 -242 -330 -319 -155 -123 -309 -223 -461 -299 l-81 -41 32 46 c18 26 49 83 70 128 143 306 141 649 -6 957 -25 52 -61 116 -79 142 l-34 47 45 -20 c26 -10 76 -36 113 -56z m-2057 25 c-40 -58 -105 -190 -130 -263 -110 -324 -59 -707 132 -981 25 -35 42 -64 37 -64 -19 0 -241 119 -326 174 -188 122 -406 314 -532 468 l-58 71 108 103 c185 178 428 349 672 473 66 33 121 60 123 61 2 0 -10 -19 -26 -42z\"\/><path d=\"M2375 1950 c-198 -44 -350 -190 -395 -379 -18 -76 -8 -221 19 -290 114 -284 457 -406 731 -260 98 52 188 154 231 260 27 69 37 214 19 290 -38 163 -166 304 -326 360 -67 23 -215 33 -279 19z\"\/><\/g><\/svg><\/i> \u2800&nbsp;196&nbsp;Visitas desde 14\/dic\/2022, \u2800&nbsp;1&nbsp;Visitas el dia de hoy<\/p><div class=\"pvc_clear\"><\/div>","protected":false},"excerpt":{"rendered":"<p>INFORMACI\u00d3N GENERAL RoboCupJunior Rescue es una iniciativa educativa enfocada a estudiantes de primaria, secundaria y preparatoria, as\u00ed como estudiantes universitarios a trabajar con un robot que debe sortear diversos obst\u00e1culos de forma aut\u00f3noma para realizar actividades de rescate. El escenario se basa en un \u00e1rea que es demasiado peligrosa para que los humanos puedan rescatar [&hellip;]<\/p>\n<div class=\"pvc_clear\"><\/div>\n<p class=\"pvc_stats all \" data-element-id=\"166\" style=\"\"><i class=\"pvc-stats-icon small\" aria-hidden=\"true\"><svg xmlns=\"http:\/\/www.w3.org\/2000\/svg\" version=\"1.0\" viewBox=\"0 0 502 315\" preserveAspectRatio=\"xMidYMid meet\"><g transform=\"translate(0,332) scale(0.1,-0.1)\" fill=\"\" stroke=\"none\"><path d=\"M2394 3279 l-29 -30 -3 -207 c-2 -182 0 -211 15 -242 39 -76 157 -76 196 0 15 31 17 60 15 243 l-3 209 -33 29 c-26 23 -41 29 -80 29 -41 0 -53 -5 -78 -31z\"\/><path d=\"M3085 3251 c-45 -19 -58 -50 -96 -229 -47 -217 -49 -260 -13 -295 52 -53 146 -42 177 20 16 31 87 366 87 410 0 70 -86 122 -155 94z\"\/><path d=\"M1751 3234 c-13 -9 -29 -31 -37 -50 -12 -29 -10 -49 21 -204 19 -94 39 -189 45 -210 14 -50 54 -80 110 -80 34 0 48 6 76 34 21 21 34 44 34 59 0 14 -18 113 -40 219 -37 178 -43 195 -70 221 -36 32 -101 37 -139 11z\"\/><path d=\"M1163 3073 c-36 -7 -73 -59 -73 -102 0 -56 133 -378 171 -413 34 -32 83 -37 129 -13 70 36 67 87 -16 290 -86 209 -89 214 -129 231 -35 14 -42 15 -82 7z\"\/><path d=\"M3689 3066 c-15 -9 -33 -30 -42 -48 -48 -103 -147 -355 -147 -375 0 -98 131 -148 192 -74 13 15 57 108 97 206 80 196 84 226 37 273 -30 30 -99 39 -137 18z\"\/><path d=\"M583 2784 c-38 -19 -67 -74 -58 -113 9 -42 211 -354 242 -373 16 -10 45 -18 66 -18 51 0 107 52 107 100 0 39 -1 41 -124 234 -80 126 -108 162 -133 173 -41 17 -61 16 -100 -3z\"\/><path d=\"M4250 2784 c-14 -9 -74 -91 -133 -183 -95 -150 -107 -173 -107 -213 0 -55 33 -94 87 -104 67 -13 90 8 211 198 130 202 137 225 78 284 -27 27 -42 34 -72 34 -22 0 -50 -8 -64 -16z\"\/><path d=\"M2275 2693 c-553 -48 -1095 -270 -1585 -649 -135 -104 -459 -423 -483 -476 -23 -49 -22 -139 2 -186 73 -142 361 -457 571 -626 285 -228 642 -407 990 -497 242 -63 336 -73 660 -74 310 0 370 5 595 52 535 111 1045 392 1455 803 122 121 250 273 275 326 19 41 19 137 0 174 -41 79 -309 363 -465 492 -447 370 -946 591 -1479 653 -113 14 -422 18 -536 8z m395 -428 c171 -34 330 -124 456 -258 112 -119 167 -219 211 -378 27 -96 24 -300 -5 -401 -72 -255 -236 -447 -474 -557 -132 -62 -201 -76 -368 -76 -167 0 -236 14 -368 76 -213 98 -373 271 -451 485 -162 444 86 934 547 1084 153 49 292 57 452 25z m909 -232 c222 -123 408 -262 593 -441 76 -74 138 -139 138 -144 0 -16 -233 -242 -330 -319 -155 -123 -309 -223 -461 -299 l-81 -41 32 46 c18 26 49 83 70 128 143 306 141 649 -6 957 -25 52 -61 116 -79 142 l-34 47 45 -20 c26 -10 76 -36 113 -56z m-2057 25 c-40 -58 -105 -190 -130 -263 -110 -324 -59 -707 132 -981 25 -35 42 -64 37 -64 -19 0 -241 119 -326 174 -188 122 -406 314 -532 468 l-58 71 108 103 c185 178 428 349 672 473 66 33 121 60 123 61 2 0 -10 -19 -26 -42z\"\/><path d=\"M2375 1950 c-198 -44 -350 -190 -395 -379 -18 -76 -8 -221 19 -290 114 -284 457 -406 731 -260 98 52 188 154 231 260 27 69 37 214 19 290 -38 163 -166 304 -326 360 -67 23 -215 33 -279 19z\"\/><\/g><\/svg><\/i> \u2800&nbsp;196&nbsp;Visitas desde 14\/dic\/2022, \u2800&nbsp;1&nbsp;Visitas el dia de hoy<\/p>\n<div class=\"pvc_clear\"><\/div>\n","protected":false},"author":5,"featured_media":0,"parent":0,"menu_order":0,"comment_status":"closed","ping_status":"closed","template":"","meta":{"footnotes":""},"class_list":["post-166","page","type-page","status-publish","hentry"],"_links":{"self":[{"href":"https:\/\/femexrobotica.org\/tmr2024\/wp-json\/wp\/v2\/pages\/166","targetHints":{"allow":["GET"]}}],"collection":[{"href":"https:\/\/femexrobotica.org\/tmr2024\/wp-json\/wp\/v2\/pages"}],"about":[{"href":"https:\/\/femexrobotica.org\/tmr2024\/wp-json\/wp\/v2\/types\/page"}],"author":[{"embeddable":true,"href":"https:\/\/femexrobotica.org\/tmr2024\/wp-json\/wp\/v2\/users\/5"}],"replies":[{"embeddable":true,"href":"https:\/\/femexrobotica.org\/tmr2024\/wp-json\/wp\/v2\/comments?post=166"}],"version-history":[{"count":17,"href":"https:\/\/femexrobotica.org\/tmr2024\/wp-json\/wp\/v2\/pages\/166\/revisions"}],"predecessor-version":[{"id":2045,"href":"https:\/\/femexrobotica.org\/tmr2024\/wp-json\/wp\/v2\/pages\/166\/revisions\/2045"}],"wp:attachment":[{"href":"https:\/\/femexrobotica.org\/tmr2024\/wp-json\/wp\/v2\/media?parent=166"}],"curies":[{"name":"wp","href":"https:\/\/api.w.org\/{rel}","templated":true}]}}