{"id":883,"date":"2023-02-15T02:20:14","date_gmt":"2023-02-15T02:20:14","guid":{"rendered":"https:\/\/femexrobotica.org\/tmr2023\/?page_id=883"},"modified":"2023-02-16T02:24:30","modified_gmt":"2023-02-16T02:24:30","slug":"home-beginners","status":"publish","type":"page","link":"https:\/\/femexrobotica.org\/tmr2023\/?page_id=883","title":{"rendered":"@Home Beginners"},"content":{"rendered":"\n<figure class=\"wp-block-image size-full\"><img loading=\"lazy\" decoding=\"async\" width=\"640\" height=\"360\" src=\"https:\/\/femexrobotica.org\/tmr2023\/wp-content\/uploads\/2023\/02\/image-3.png\" alt=\"\" class=\"wp-image-884\" srcset=\"https:\/\/femexrobotica.org\/tmr2023\/wp-content\/uploads\/2023\/02\/image-3.png 640w, https:\/\/femexrobotica.org\/tmr2023\/wp-content\/uploads\/2023\/02\/image-3-300x169.png 300w\" sizes=\"auto, (max-width: 640px) 100vw, 640px\" \/><\/figure>\n\n\n\n<p><strong>INFORMACI\u00d3N GENERAL<\/strong><\/p>\n\n\n\n<p>Se presenta un desaf\u00edo introductorio a la categor\u00eda de&nbsp;<em>@Home Major<\/em>, bas\u00e1ndose en una etapa de pruebas y una final. La etapa de pruebas eval\u00faa por separado funcionalidades b\u00e1sicas (como navegaci\u00f3n, manipulaci\u00f3n, etc.), y en la prueba final se integran todas \u00e9stas para resolver una tarea m\u00e1s compleja.<\/p>\n\n\n\n<p><strong>Modalidad:<\/strong><\/p>\n\n\n\n<p>Presencial<\/p>\n\n\n\n<p><strong>Reglas: <\/strong><\/p>\n\n\n\n<p>Pendiente de publicaci\u00f3n<\/p>\n\n\n\n<p><strong>Responsable FMR<\/strong><\/p>\n\n\n\n<p>Caleb Rascon<\/p>\n\n\n\n<p>email: caleb.rascon@gmail.com<\/p>\n","protected":false},"excerpt":{"rendered":"<p>INFORMACI\u00d3N GENERAL Se presenta un desaf\u00edo introductorio a la categor\u00eda de&nbsp;@Home Major, bas\u00e1ndose en una etapa de pruebas y una final. La etapa de pruebas eval\u00faa por separado funcionalidades b\u00e1sicas (como navegaci\u00f3n, manipulaci\u00f3n, etc.), y en la prueba final se integran todas \u00e9stas para resolver una tarea m\u00e1s compleja. Modalidad: Presencial Reglas: Pendiente de publicaci\u00f3n [&hellip;]<\/p>\n","protected":false},"author":5,"featured_media":0,"parent":0,"menu_order":0,"comment_status":"closed","ping_status":"closed","template":"","meta":{"footnotes":""},"class_list":["post-883","page","type-page","status-publish","hentry"],"_links":{"self":[{"href":"https:\/\/femexrobotica.org\/tmr2023\/index.php?rest_route=\/wp\/v2\/pages\/883","targetHints":{"allow":["GET"]}}],"collection":[{"href":"https:\/\/femexrobotica.org\/tmr2023\/index.php?rest_route=\/wp\/v2\/pages"}],"about":[{"href":"https:\/\/femexrobotica.org\/tmr2023\/index.php?rest_route=\/wp\/v2\/types\/page"}],"author":[{"embeddable":true,"href":"https:\/\/femexrobotica.org\/tmr2023\/index.php?rest_route=\/wp\/v2\/users\/5"}],"replies":[{"embeddable":true,"href":"https:\/\/femexrobotica.org\/tmr2023\/index.php?rest_route=%2Fwp%2Fv2%2Fcomments&post=883"}],"version-history":[{"count":4,"href":"https:\/\/femexrobotica.org\/tmr2023\/index.php?rest_route=\/wp\/v2\/pages\/883\/revisions"}],"predecessor-version":[{"id":949,"href":"https:\/\/femexrobotica.org\/tmr2023\/index.php?rest_route=\/wp\/v2\/pages\/883\/revisions\/949"}],"wp:attachment":[{"href":"https:\/\/femexrobotica.org\/tmr2023\/index.php?rest_route=%2Fwp%2Fv2%2Fmedia&parent=883"}],"curies":[{"name":"wp","href":"https:\/\/api.w.org\/{rel}","templated":true}]}}