{"id":62,"date":"2022-12-03T22:58:43","date_gmt":"2022-12-03T22:58:43","guid":{"rendered":"https:\/\/femexrobotica.org\/tmr2023\/?page_id=62"},"modified":"2022-12-18T04:56:04","modified_gmt":"2022-12-18T04:56:04","slug":"record","status":"publish","type":"page","link":"https:\/\/femexrobotica.org\/tmr2023\/?page_id=62&lang=en","title":{"rendered":"History"},"content":{"rendered":"<div class=\"wp-block-image\">\n<figure class=\"alignright size-full is-resized\"><img loading=\"lazy\" decoding=\"async\" src=\"https:\/\/femexrobotica.org\/tmr2023\/wp-content\/uploads\/2022\/12\/image-2.png\" alt=\"\" class=\"wp-image-65\" width=\"297\" height=\"267\" srcset=\"https:\/\/femexrobotica.org\/tmr2023\/wp-content\/uploads\/2022\/12\/image-2.png 1024w, https:\/\/femexrobotica.org\/tmr2023\/wp-content\/uploads\/2022\/12\/image-2-300x270.png 300w, https:\/\/femexrobotica.org\/tmr2023\/wp-content\/uploads\/2022\/12\/image-2-768x691.png 768w\" sizes=\"auto, (max-width: 297px) 100vw, 297px\" \/><\/figure>\n<\/div>\n\n\n<p class=\"textojustificado\"><em><strong>Torneo Mexicano de Rob\u00f3tica(TMR)<\/strong><\/em> is organized annually by the <em><strong>Federaci\u00f3n Mexicana de Rob\u00f3tica A.C.<\/strong><\/em> A.C. (FMR) since 2008 in collaboration with some of the most important educational institutions in the country.<\/p>\n\n\n\n<p class=\"textojustificado\"><em>The TMR 2023<\/em> is organized in collaboration with the Technological University of the Southeast of Veracruz<\/p>\n\n\n\n<p class=\"textojustificado\">In previous years, these are the institutions that have hosted the tournament:<\/p>\n\n\n\n<p class=\"textojustificado\"><em>TMR 2022<\/em>, Polytechnic University of Victoria, Polyforum \u201cDr. Rodolfo Torre Cant\u00fa\u201d, Ciudad Victoria<\/p>\n\n\n\n<p class=\"textojustificado\"><em>TMR 2021<\/em>, Tecnol\u00f3gico de Monterrey, Campus Guadalajara (remote event)<\/p>\n\n\n\n<p class=\"textojustificado\"><em>TMR 2020<\/em>, Tecnol\u00f3gico de Monterrey, Campus Hermosillo (event canceled due to the pandemic caused by the SARS-CoV-2 coronavirus).<\/p>\n\n\n\n<p class=\"textojustificado\"><em>TMR 2019<\/em>, Tecnol\u00f3gico de Monterrey, Campus Guadalajara<\/p>\n\n\n\n<p class=\"textojustificado\"><em>TMR 2018<\/em>, Tecnol\u00f3gico de Monterrey, Campus Monterrey<\/p>\n\n\n\n<p class=\"textojustificado\"><em>TMR 2017<\/em>, Crist\u00f3bal Col\u00f3n School, Lomas Verdes, State of Mexico<\/p>\n\n\n\n<p class=\"textojustificado\"><em>TMR 2016<\/em>, Victoria Polytechnic University, Polyforum \u201cDr. Rodolfo Torre Cant\u00fa\u201d, Ciudad Victoria<\/p>\n\n\n\n<p class=\"textojustificado\"><em>TMR 2015<\/em>, Faculty of Higher Studies of the UNAM, Acatl\u00e1n, State of Mexico<\/p>\n\n\n\n<p class=\"textojustificado\"><em>TMR 2014<\/em>, UNACAR-Ciudad del Carmen, Campeche<\/p>\n\n\n\n<p class=\"textojustificado\"><em>TMR 2013<\/em>, ITESM-Puebla, Puebla<\/p>\n\n\n\n<p class=\"textojustificado\"><em>TMR 2012<\/em>, ITESM-CEM, State of Mexico<\/p>\n\n\n\n<p class=\"textojustificado\"><em>TMR 2011<\/em>, ITAM, Mexico City<\/p>\n\n\n\n<p class=\"textojustificado\"><em>TMR 2009<\/em>, Panamerican University, Guadalajara, Jalisco<\/p>\n\n\n\n<p class=\"textojustificado\"><em>TMR 2008<\/em>, UNAM, Palacio de Miner\u00eda, Mexico City<\/p>\n\n\n\n<p class=\"textojustificado\">The UTSV in 2023 is responsible for receiving the participants of the TMR 2023 and AMR 2023 in the city of Xalapa, Ver. We will have the categories AutomodelCar, Autonomous Drones, LARC Standard Educational Kit, Rapidly Manufactured Robot Challenge, RoboCupJunior OnStage, RoboCupJunior Soccer Lightweight, RoboCupJunior Soccer Open, RoboCupJunior Rescue Line, RoboCupJunior Rescue Maze, RoboCupJunior Rescue Simulation, RoboCup Major Humanoid, RoboCup Rescue Major, RoboCup@Home, RoboCup@Home Beginners, and Beach Cleaner Robots.<br>As is well known, some of these categories correspond to mandatory national qualifiers to attend the Latinoamericano de Rob\u00f3tica and the RoboCup World Cup.<br>During the three days of the TMR, the participants have the opportunity to test their robotic designs by applying their knowledge and skills to make decisions and solve theoretical-practical problems typical of the competition. At the same time they can meet other students from the country and exchange ideas and experiences. Thus, the TMR not only promotes the development and learning of robotics in an environment of healthy competition, but also the comprehensive training of the participants and the creation of future collaboration networks in robotics and related disciplines.<br>Each year the TMR increases the presence and competitiveness of students of all educational levels, from primary to postgraduate and including consolidated research groups.<\/p>\n","protected":false},"excerpt":{"rendered":"<p>Torneo Mexicano de Rob\u00f3tica(TMR) is organized annually by the Federaci\u00f3n Mexicana de Rob\u00f3tica A.C. A.C. (FMR) since 2008 in collaboration with some of the most important educational institutions in the country. The TMR 2023 is organized in collaboration with the Technological University of the Southeast of Veracruz In previous years, these are the institutions that [&hellip;]<\/p>\n","protected":false},"author":5,"featured_media":0,"parent":0,"menu_order":0,"comment_status":"closed","ping_status":"closed","template":"","meta":{"footnotes":""},"class_list":["post-62","page","type-page","status-publish","hentry"],"_links":{"self":[{"href":"https:\/\/femexrobotica.org\/tmr2023\/index.php?rest_route=\/wp\/v2\/pages\/62","targetHints":{"allow":["GET"]}}],"collection":[{"href":"https:\/\/femexrobotica.org\/tmr2023\/index.php?rest_route=\/wp\/v2\/pages"}],"about":[{"href":"https:\/\/femexrobotica.org\/tmr2023\/index.php?rest_route=\/wp\/v2\/types\/page"}],"author":[{"embeddable":true,"href":"https:\/\/femexrobotica.org\/tmr2023\/index.php?rest_route=\/wp\/v2\/users\/5"}],"replies":[{"embeddable":true,"href":"https:\/\/femexrobotica.org\/tmr2023\/index.php?rest_route=%2Fwp%2Fv2%2Fcomments&post=62"}],"version-history":[{"count":10,"href":"https:\/\/femexrobotica.org\/tmr2023\/index.php?rest_route=\/wp\/v2\/pages\/62\/revisions"}],"predecessor-version":[{"id":579,"href":"https:\/\/femexrobotica.org\/tmr2023\/index.php?rest_route=\/wp\/v2\/pages\/62\/revisions\/579"}],"wp:attachment":[{"href":"https:\/\/femexrobotica.org\/tmr2023\/index.php?rest_route=%2Fwp%2Fv2%2Fmedia&parent=62"}],"curies":[{"name":"wp","href":"https:\/\/api.w.org\/{rel}","templated":true}]}}