{"id":38,"date":"2022-12-03T22:18:16","date_gmt":"2022-12-03T22:18:16","guid":{"rendered":"https:\/\/femexrobotica.org\/tmr2023\/?page_id=38"},"modified":"2022-12-18T05:42:33","modified_gmt":"2022-12-18T05:42:33","slug":"historial","status":"publish","type":"page","link":"https:\/\/femexrobotica.org\/tmr2023\/?page_id=38","title":{"rendered":"Historia"},"content":{"rendered":"<div class=\"wp-block-image\">\n<figure class=\"alignright size-full is-resized\"><img loading=\"lazy\" decoding=\"async\" src=\"https:\/\/femexrobotica.org\/tmr2023\/wp-content\/uploads\/2022\/12\/image.png\" alt=\"\" class=\"wp-image-39\" width=\"362\" height=\"325\" srcset=\"https:\/\/femexrobotica.org\/tmr2023\/wp-content\/uploads\/2022\/12\/image.png 1024w, https:\/\/femexrobotica.org\/tmr2023\/wp-content\/uploads\/2022\/12\/image-300x270.png 300w, https:\/\/femexrobotica.org\/tmr2023\/wp-content\/uploads\/2022\/12\/image-768x691.png 768w\" sizes=\"auto, (max-width: 362px) 100vw, 362px\" \/><\/figure>\n<\/div>\n\n\n<p class=\"textojustificado\"><em><strong>El Torneo Mexicano de Rob\u00f3tica (TMR)<\/strong><\/em>&nbsp;es organizado anualmente por la&nbsp;<em><strong><a rel=\"noreferrer noopener\" href=\"http:\/\/www.femexrobotica.org\/\" target=\"_blank\">Federaci\u00f3n Mexicana de Rob\u00f3tica A.C.<\/a>&nbsp;<\/strong><\/em>(FMR) desde el a\u00f1o 2008 en colaboraci\u00f3n con algunas de las m\u00e1s importantes instituciones educativas del pa\u00eds.<\/p>\n\n\n\n<p class=\"textojustificado\">El pr\u00f3ximo&nbsp;<a href=\"http:\/\/tmr2023.utsv.mx\/?customize_changeset_uuid=123610da-2845-45ec-be6d-0f5d76dcffd4&amp;customize_messenger_channel=preview-3\"><strong>TMR 2023<\/strong><\/a>&nbsp;es organizado en colaboraci\u00f3n con la&nbsp;<a href=\"http:\/\/www.utsv.edu.mx\/\">Universidad Tecnol\u00f3gica del Sureste de Veracruz<\/a><\/p>\n\n\n\n<p class=\"textojustificado\">En a\u00f1os anteriores, estas son las instituciones que han sido sede del torneo:<\/p>\n\n\n\n<p class=\"textojustificado\"><em><strong><a rel=\"noreferrer noopener\" href=\"https:\/\/www.femexrobotica.org\/tmr2021\/\" target=\"_blank\">TMR 2022<\/a><\/strong><\/em>, Universiad Polit\u00e9cnica de Victoria, Polyforum \u201cDr. Rodolfo Torre Cant\u00fa\u201d, Cd. Victoria<\/p>\n\n\n\n<p class=\"textojustificado\"><a href=\"https:\/\/www.femexrobotica.org\/tmr2021\/\"><em><strong>TMR 2021<\/strong><\/em><\/a>, Tecnol\u00f3gico de Monterrey, Campus Guadalajara (evento a distancia)<\/p>\n\n\n\n<p class=\"textojustificado\"><em><strong><a href=\"https:\/\/www.femexrobotica.org\/tmr2020\/\">TMR 2020<\/a><\/strong><\/em>, Tecnol\u00f3gico de Monterrey, Campus Hermosillo (evento cancelado por la pandemia causada por el coronavirus SARS-CoV-2).<\/p>\n\n\n\n<p class=\"textojustificado\"><em><strong><a rel=\"noreferrer noopener\" href=\"https:\/\/www.femexrobotica.org\/tmr2019\/\" target=\"_blank\">TMR 2019<\/a><\/strong><\/em>, Tecnol\u00f3gico de Monterrey, Campus Guadalajara<\/p>\n\n\n\n<p class=\"textojustificado\"><em><strong><a rel=\"noreferrer noopener\" href=\"https:\/\/www.femexrobotica.org\/tmr2018\/\" target=\"_blank\">TMR 2018<\/a><\/strong><\/em>, Tecnol\u00f3gico de Monterrey, Campus Monterrey<\/p>\n\n\n\n<p class=\"textojustificado\"><em><strong><a rel=\"noreferrer noopener\" href=\"https:\/\/www.femexrobotica.org\/tmr2017\/\" target=\"_blank\">TMR 2017<\/a><\/strong><\/em>, Colegio Crist\u00f3bal Col\u00f3n, Lomas Verdes, Estado de M\u00e9xico<\/p>\n\n\n\n<p class=\"textojustificado\"><em><strong><a rel=\"noreferrer noopener\" href=\"https:\/\/www.femexrobotica.org\/tmr2016\/\" target=\"_blank\">TMR 2016<\/a><\/strong><\/em>, Universidad Polit\u00e9cnica de Victoria, Polyforum \u201cDr. Rodolfo Torre Cant\u00fa\u201d, Cd. Victoria<\/p>\n\n\n\n<p class=\"textojustificado\"><em><strong><a rel=\"noreferrer noopener\" href=\"https:\/\/www.femexrobotica.org\/tmr2015\/\" target=\"_blank\">TMR 2015<\/a><\/strong><\/em>, Facultad de Estudios Superiores de la UNAM, Acatl\u00e1n, Estado de M\u00e9xico<\/p>\n\n\n\n<p class=\"textojustificado\"><em><strong><a rel=\"noreferrer noopener\" href=\"https:\/\/www.femexrobotica.org\/tmr2014\/\" target=\"_blank\">TMR 2014<\/a><\/strong><\/em>, UNACAR-Ciudad del Carmen, Campeche<\/p>\n\n\n\n<p class=\"textojustificado\"><em><strong><a rel=\"noreferrer noopener\" href=\"https:\/\/www.femexrobotica.org\/tmr2013\/\" target=\"_blank\">TMR 2013<\/a><\/strong><\/em>, ITESM-Puebla, Puebla<\/p>\n\n\n\n<p class=\"textojustificado\"><em><strong><a rel=\"noreferrer noopener\" href=\"https:\/\/www.femexrobotica.org\/tmr2012\/\" target=\"_blank\">TMR 2012<\/a><\/strong><\/em>, ITESM-CEM, Estado de M\u00e9xico<\/p>\n\n\n\n<p class=\"textojustificado\"><em><strong><a rel=\"noreferrer noopener\" href=\"https:\/\/www.femexrobotica.org\/tmr2011\/\" target=\"_blank\">TMR 2011<\/a><\/strong><\/em>, ITAM, Ciudad de M\u00e9xico<\/p>\n\n\n\n<p class=\"textojustificado\"><em><strong>TMR 2009<\/strong><\/em>, Universidad Panamericana, Guadalajara, Jalisco<\/p>\n\n\n\n<p class=\"textojustificado\"><strong><em>TMR 2008<\/em><\/strong>, UNAM, Palacio de Miner\u00eda, Ciudad de M\u00e9xico<br><br><\/p>\n\n\n\n<p><\/p>\n\n\n<div class=\"wp-block-image\">\n<figure class=\"alignright size-full is-resized\"><img loading=\"lazy\" decoding=\"async\" src=\"https:\/\/femexrobotica.org\/tmr2023\/wp-content\/uploads\/2022\/12\/image-107.png\" alt=\"\" class=\"wp-image-633\" width=\"238\" height=\"233\" srcset=\"https:\/\/femexrobotica.org\/tmr2023\/wp-content\/uploads\/2022\/12\/image-107.png 960w, https:\/\/femexrobotica.org\/tmr2023\/wp-content\/uploads\/2022\/12\/image-107-300x294.png 300w, https:\/\/femexrobotica.org\/tmr2023\/wp-content\/uploads\/2022\/12\/image-107-768x753.png 768w\" sizes=\"auto, (max-width: 238px) 100vw, 238px\" \/><\/figure>\n<\/div>\n\n\n<p class=\"textojustificado\"><em>La UTSV<\/em> en el 2023 es la responsable de recibir a los participantes del TMR 2023 y AMR 2023 en la ciudad de Xalapa, Ver. Contaremos con las categor\u00edas AutomodelCar, Drones Aut\u00f3nomos, LARC Standard Educational Kit, Rapidly Manufactured Robot Challenge, RoboCupJunior OnStage, RoboCupJunior Soccer Lightweight, RoboCupJunior Soccer Open, RoboCupJunior Rescue Line, RoboCupJunior Rescue Maze, RoboCupJunior Rescue Simulation, RoboCup Major Humanoid, RoboCup Rescue Major, RoboCup@Home, RoboCup@Home Beginners, y Robots Limpiadores de Playa.<\/p>\n\n\n\n<p class=\"textojustificado\"><br>Como es bien sabido, algunas de estas categor\u00edas corresponden a eliminatorias nacionales obligatorias para asistir al Concurso Latinoamericano de Rob\u00f3tica y al Mundial RoboCup.<br>Durante los tres d\u00edas del TMR los participantes tienen la oportunidad de poner a prueba sus dise\u00f1os rob\u00f3ticos aplicando sus conocimientos y su destreza para tomar decisiones y solucionar problemas te\u00f3rico-pr\u00e1cticos propios de la competencia. Al mismo tiempo pueden conocer otros estudiantes del pa\u00eds e intercambiar ideas y experiencias. As\u00ed, el TMR no s\u00f3lo promueve el desarrollo y aprendizaje de la rob\u00f3tica en un entorno de competencia sana, sino tambi\u00e9n la formaci\u00f3n integral de los participantes y la creaci\u00f3n de las futuras redes de colaboraci\u00f3n en rob\u00f3tica y en disciplinas relacionadas.<br>Cada a\u00f1o del TMR aumenta la presencia y competitividad de estudiantes de todos los niveles educativos, de primaria a posgrado e incluyendo a grupos de investigaci\u00f3n consolidados.<\/p>\n","protected":false},"excerpt":{"rendered":"<p>El Torneo Mexicano de Rob\u00f3tica (TMR)&nbsp;es organizado anualmente por la&nbsp;Federaci\u00f3n Mexicana de Rob\u00f3tica A.C.&nbsp;(FMR) desde el a\u00f1o 2008 en colaboraci\u00f3n con algunas de las m\u00e1s importantes instituciones educativas del pa\u00eds. El pr\u00f3ximo&nbsp;TMR 2023&nbsp;es organizado en colaboraci\u00f3n con la&nbsp;Universidad Tecnol\u00f3gica del Sureste de Veracruz En a\u00f1os anteriores, estas son las instituciones que han sido sede del [&hellip;]<\/p>\n","protected":false},"author":5,"featured_media":0,"parent":0,"menu_order":0,"comment_status":"closed","ping_status":"closed","template":"","meta":{"footnotes":""},"class_list":["post-38","page","type-page","status-publish","hentry"],"_links":{"self":[{"href":"https:\/\/femexrobotica.org\/tmr2023\/index.php?rest_route=\/wp\/v2\/pages\/38","targetHints":{"allow":["GET"]}}],"collection":[{"href":"https:\/\/femexrobotica.org\/tmr2023\/index.php?rest_route=\/wp\/v2\/pages"}],"about":[{"href":"https:\/\/femexrobotica.org\/tmr2023\/index.php?rest_route=\/wp\/v2\/types\/page"}],"author":[{"embeddable":true,"href":"https:\/\/femexrobotica.org\/tmr2023\/index.php?rest_route=\/wp\/v2\/users\/5"}],"replies":[{"embeddable":true,"href":"https:\/\/femexrobotica.org\/tmr2023\/index.php?rest_route=%2Fwp%2Fv2%2Fcomments&post=38"}],"version-history":[{"count":12,"href":"https:\/\/femexrobotica.org\/tmr2023\/index.php?rest_route=\/wp\/v2\/pages\/38\/revisions"}],"predecessor-version":[{"id":641,"href":"https:\/\/femexrobotica.org\/tmr2023\/index.php?rest_route=\/wp\/v2\/pages\/38\/revisions\/641"}],"wp:attachment":[{"href":"https:\/\/femexrobotica.org\/tmr2023\/index.php?rest_route=%2Fwp%2Fv2%2Fmedia&parent=38"}],"curies":[{"name":"wp","href":"https:\/\/api.w.org\/{rel}","templated":true}]}}