{"id":297,"date":"2022-12-04T00:41:11","date_gmt":"2022-12-04T00:41:11","guid":{"rendered":"https:\/\/femexrobotica.org\/tmr2023\/?page_id=297"},"modified":"2023-04-20T03:26:46","modified_gmt":"2023-04-20T03:26:46","slug":"hoteles","status":"publish","type":"page","link":"https:\/\/femexrobotica.org\/tmr2023\/?page_id=297","title":{"rendered":"Hoteles"},"content":{"rendered":"\n<p>Para respetar las tarifas preferenciales que aparecen abajo en cada uno de los cat\u00e1logos, se deber\u00e1 reservar con cada uno de los hoteles.<\/p>\n\n\n\n<p>Para la <strong><a href=\"https:\/\/www.facebook.com\/UNEHotelerosCulturayAventuraXalapa\">Uni\u00f3n de Empresarios Hoteleros Regi\u00f3n Cultural y Aventura<\/a><\/strong> se debe poner el c\u00f3digo de reservaci\u00f3n es &#8220;<em>TMR23<\/em>&#8220;.<\/p>\n\n\n\n<div data-wp-interactive=\"core\/file\" class=\"wp-block-file\"><object data-wp-bind--hidden=\"!state.hasPdfPreview\" hidden class=\"wp-block-file__embed\" data=\"https:\/\/femexrobotica.org\/tmr2023\/wp-content\/uploads\/2023\/02\/Catalogo-UNEH-TMR-23.pdf\" type=\"application\/pdf\" style=\"width:100%;height:600px\" aria-label=\"Embed of Catalogo-UNEH-TMR-23.\"><\/object><a id=\"wp-block-file--media-2bff7c17-a7d4-4b03-b023-56d22df7cccb\" href=\"https:\/\/femexrobotica.org\/tmr2023\/wp-content\/uploads\/2023\/02\/Catalogo-UNEH-TMR-23.pdf\">Catalogo-UNEH-TMR-23<\/a><a href=\"https:\/\/femexrobotica.org\/tmr2023\/wp-content\/uploads\/2023\/02\/Catalogo-UNEH-TMR-23.pdf\" class=\"wp-block-file__button wp-element-button\" download aria-describedby=\"wp-block-file--media-2bff7c17-a7d4-4b03-b023-56d22df7cccb\">Download<\/a><\/div>\n\n\n\n<p><\/p>\n","protected":false},"excerpt":{"rendered":"<p>Para respetar las tarifas preferenciales que aparecen abajo en cada uno de los cat\u00e1logos, se deber\u00e1 reservar con cada uno de los hoteles. Para la Uni\u00f3n de Empresarios Hoteleros Regi\u00f3n Cultural y Aventura se debe poner el c\u00f3digo de reservaci\u00f3n es &#8220;TMR23&#8220;.<\/p>\n","protected":false},"author":5,"featured_media":0,"parent":0,"menu_order":0,"comment_status":"closed","ping_status":"closed","template":"","meta":{"footnotes":""},"class_list":["post-297","page","type-page","status-publish","hentry"],"_links":{"self":[{"href":"https:\/\/femexrobotica.org\/tmr2023\/index.php?rest_route=\/wp\/v2\/pages\/297","targetHints":{"allow":["GET"]}}],"collection":[{"href":"https:\/\/femexrobotica.org\/tmr2023\/index.php?rest_route=\/wp\/v2\/pages"}],"about":[{"href":"https:\/\/femexrobotica.org\/tmr2023\/index.php?rest_route=\/wp\/v2\/types\/page"}],"author":[{"embeddable":true,"href":"https:\/\/femexrobotica.org\/tmr2023\/index.php?rest_route=\/wp\/v2\/users\/5"}],"replies":[{"embeddable":true,"href":"https:\/\/femexrobotica.org\/tmr2023\/index.php?rest_route=%2Fwp%2Fv2%2Fcomments&post=297"}],"version-history":[{"count":14,"href":"https:\/\/femexrobotica.org\/tmr2023\/index.php?rest_route=\/wp\/v2\/pages\/297\/revisions"}],"predecessor-version":[{"id":1237,"href":"https:\/\/femexrobotica.org\/tmr2023\/index.php?rest_route=\/wp\/v2\/pages\/297\/revisions\/1237"}],"wp:attachment":[{"href":"https:\/\/femexrobotica.org\/tmr2023\/index.php?rest_route=%2Fwp%2Fv2%2Fmedia&parent=297"}],"curies":[{"name":"wp","href":"https:\/\/api.w.org\/{rel}","templated":true}]}}