{"id":1267,"date":"2026-02-17T18:59:30","date_gmt":"2026-02-17T18:59:30","guid":{"rendered":"https:\/\/femexrobotica.org\/mexcir2026\/?page_id=1267"},"modified":"2026-02-23T20:01:14","modified_gmt":"2026-02-23T20:01:14","slug":"technical-program-committee","status":"publish","type":"page","link":"https:\/\/femexrobotica.org\/mexcir2026\/index.php\/technical-program-committee\/","title":{"rendered":"Technical Program Committee"},"content":{"rendered":"\t\t<div data-elementor-type=\"wp-page\" data-elementor-id=\"1267\" class=\"elementor elementor-1267\" data-elementor-post-type=\"page\">\n\t\t\t\t<div class=\"elementor-element elementor-element-0be8fd2 e-flex e-con-boxed e-con e-parent\" data-id=\"0be8fd2\" data-element_type=\"container\" data-e-type=\"container\">\n\t\t\t\t\t<div class=\"e-con-inner\">\n\t\t\t\t<div class=\"elementor-element elementor-element-5fc4be9 elementor-widget elementor-widget-text-editor\" data-id=\"5fc4be9\" data-element_type=\"widget\" data-e-type=\"widget\" data-widget_type=\"text-editor.default\">\n\t\t\t\t\t\t\t\t\t<p>The Technical Program Committee of MEXCIR 2026 is composed of distinguished researchers and scholars in robotics and intelligent systems. The committee oversees the peer-review process and ensures the scientific quality of the conference.<\/p>\t\t\t\t\t\t\t\t<\/div>\n\t\t\t\t\t<\/div>\n\t\t\t\t<\/div>\n\t\t<div class=\"elementor-element elementor-element-890b743 e-flex e-con-boxed e-con e-parent\" data-id=\"890b743\" data-element_type=\"container\" data-e-type=\"container\">\n\t\t\t\t\t<div class=\"e-con-inner\">\n\t\t<div class=\"elementor-element elementor-element-7ff508f e-con-full e-flex e-con e-child\" data-id=\"7ff508f\" data-element_type=\"container\" data-e-type=\"container\">\n\t\t\t\t<div class=\"elementor-element elementor-element-d675acc elementor-widget elementor-widget-text-editor\" data-id=\"d675acc\" data-element_type=\"widget\" data-e-type=\"widget\" data-widget_type=\"text-editor.default\">\n\t\t\t\t\t\t\t\t\t<div style=\"line-height: 1.6;\"><p><span style=\"font-weight: bold; font-size: 17px;\">Aareli Avitud Guerrero<\/span><br \/><span style=\"font-size: 14px; color: #666;\">Universidad Aut\u00f3noma de Zacatecas<\/span><\/p><p><span style=\"font-weight: bold; font-size: 17px;\">Alicia Elizabeth Ch\u00e1vez Guajardo<\/span><br \/><span style=\"font-size: 14px; color: #666;\">Universidad Aut\u00f3noma de Zacatecas<\/span><\/p><p><span style=\"font-weight: bold; font-size: 17px;\">Ana Casta\u00f1eda Miranda<\/span><br \/><span style=\"font-size: 14px; color: #666;\">Universidad Aut\u00f3noma de Zacatecas<\/span><\/p><p><span style=\"font-weight: bold; font-size: 17px;\">Fabi\u00e1n Navarrete Rocha<\/span><br \/><span style=\"font-size: 14px; color: #666;\">Universidad Aut\u00f3noma de Zacatecas<\/span><\/p><p><span style=\"font-weight: bold; font-size: 17px;\">Felipe de Jes\u00fas Escalona Alc\u00e1zar<\/span><br \/><span style=\"font-size: 14px; color: #666;\">Universidad Aut\u00f3noma de Zacatecas<\/span><\/p><p><span style=\"font-weight: bold; font-size: 17px;\">Gonzalo Tejera<\/span><br \/><span style=\"font-size: 14px; color: #666;\">Universidad de la Rep\u00fablica, Uruguay<\/span><\/p><p><span style=\"font-weight: bold; font-size: 17px;\">Hans Christian Correa Aguado<\/span><br \/><span style=\"font-size: 14px; color: #666;\">Instituto Polit\u00e9cnico Nacional<\/span><\/p><p><span style=\"font-weight: bold; font-size: 17px;\">Hector Alonso Guerrro Osuna<\/span><br \/><span style=\"font-size: 14px; color: #666;\">Universidad Aut\u00f3noma de Zacatecas<\/span><\/p><p><span style=\"font-weight: bold; font-size: 17px;\">Irma Elizabeth Gonz\u00e1lez Curier<\/span><br \/><span style=\"font-size: 14px; color: #666;\">Universidad Aut\u00f3noma de Zacatecas<\/span><\/p><p><span style=\"font-weight: bold; font-size: 17px;\">Javier Saldivar P\u00e9rez<\/span><br \/><span style=\"font-size: 14px; color: #666;\">Universidad Aut\u00f3noma de Zacatecas<\/span><\/p><p><span style=\"font-weight: bold; font-size: 17px;\">Jos\u00e9 Guadalupe Arceo Olague<\/span><br \/><span style=\"font-size: 14px; color: #666;\">Universidad Aut\u00f3noma de Zacatecas<\/span><\/p><p><span style=\"font-weight: bold; font-size: 17px;\">Jos\u00e9 Mar\u00eda Celaya Padilla<\/span><br \/><span style=\"font-size: 14px; color: #666;\">Universidad Aut\u00f3noma de Zacatecas<\/span><\/p><p><span style=\"font-weight: bold; font-size: 17px;\">Juan Manuel Diaz Villase\u00f1or<\/span><br \/><span style=\"font-size: 14px; color: #666;\">University of Western Ontario<\/span><\/p><p><span style=\"font-weight: bold; font-size: 17px;\">Juan Pablo Garc\u00eda V\u00e1zquez<\/span><br \/><span style=\"font-size: 14px; color: #666;\">ITMexicali-UABC<\/span><\/p><\/div>\t\t\t\t\t\t\t\t<\/div>\n\t\t\t\t<\/div>\n\t\t<div class=\"elementor-element elementor-element-db9ce73 e-con-full e-flex e-con e-child\" data-id=\"db9ce73\" data-element_type=\"container\" data-e-type=\"container\">\n\t\t\t\t<div class=\"elementor-element elementor-element-6c6086d elementor-widget elementor-widget-text-editor\" data-id=\"6c6086d\" data-element_type=\"widget\" data-e-type=\"widget\" data-widget_type=\"text-editor.default\">\n\t\t\t\t\t\t\t\t\t<div style=\"line-height:1.6;\">\n\n<p>\n<span style=\"font-weight:700; font-size:17px;\">Juan Rub\u00e9n Delgado Contreras<\/span><br>\n<span style=\"font-size:14px; color:#666;\">Universidad Aut\u00f3noma de Zacatecas<\/span>\n<\/p>\n\n<p>\n<span style=\"font-weight:700; font-size:17px;\">Karen E. Villagrana Ba\u00f1uelos<\/span><br>\n<span style=\"font-size:14px; color:#666;\">Universidad Aut\u00f3noma de Zacatecas<\/span>\n<\/p>\n\n<p>\n<span style=\"font-weight:700; font-size:17px;\">Luis Carlos Reveles G\u00f3mez<\/span><br>\n<span style=\"font-size:14px; color:#666;\">Universidad Aut\u00f3noma de Zacatecas<\/span>\n<\/p>\n\n<p>\n<span style=\"font-weight:700; font-size:17px;\">Luis Contreras<\/span><br>\n<span style=\"font-size:14px; color:#666;\">Tokyo Institute of Technology, Japan<\/span>\n<\/p>\n\n<p>\n<span style=\"font-weight:700; font-size:17px;\">Manuel Alejandro Soto Murillo<\/span><br>\n<span style=\"font-size:14px; color:#666;\">Universidad Aut\u00f3noma de Zacatecas<\/span>\n<\/p>\n\n<p>\n<span style=\"font-weight:700; font-size:17px;\">Miguel Salvador Soriano Garc\u00eda<\/span><br>\n<span style=\"font-size:14px; color:#666;\">Universidad Aut\u00f3noma de Zacatecas<\/span>\n<\/p>\n\n<p>\n<span style=\"font-weight:700; font-size:17px;\">Rafael Magallanes Quintanar<\/span><br>\n<span style=\"font-size:14px; color:#666;\">Universidad Aut\u00f3noma de Zacatecas<\/span>\n<\/p>\n\n<p>\n<span style=\"font-weight:700; font-size:17px;\">Ram\u00f3n Jaramillo Mart\u00ednez<\/span><br>\n<span style=\"font-size:14px; color:#666;\">Instituto Polit\u00e9cnico Nacional<\/span>\n<\/p>\n\n<p>\n<span style=\"font-weight:700; font-size:17px;\">Raphael Memmesheimer<\/span><br>\n<span style=\"font-size:14px; color:#666;\">University of Bonn, Germany<\/span>\n<\/p>\n\n<p>\n<span style=\"font-weight:700; font-size:17px;\">Roberto Sol\u00eds Robles<\/span><br>\n<span style=\"font-size:14px; color:#666;\">Universidad Aut\u00f3noma de Zacatecas<\/span>\n<\/p>\n\n<p>\n<span style=\"font-weight:700; font-size:17px;\">Salvador G\u00f3mez Jim\u00e9nez<\/span><br>\n<span style=\"font-size:14px; color:#666;\">Universidad Aut\u00f3noma de Zacatecas<\/span>\n<\/p>\n\n<p>\n<span style=\"font-weight:700; font-size:17px;\">Valeria Maeda Guti\u00e9rrez<\/span><br>\n<span style=\"font-size:14px; color:#666;\">Universidad Aut\u00f3noma de Zacatecas<\/span>\n<\/p>\n\n<p>\n<span style=\"font-weight:700; font-size:17px;\">Vanessa del Rosario Alcal\u00e1 Ram\u00edrez<\/span><br>\n<span style=\"font-size:14px; color:#666;\">Universidad Aut\u00f3noma de Zacatecas<\/span>\n<\/p>\n\n<p>\n<span style=\"font-weight:700; font-size:17px;\">Victor Hugo Baltazar Hern\u00e1ndez<\/span><br>\n<span style=\"font-size:14px; color:#666;\">Universidad Aut\u00f3noma de Zacatecas<\/span>\n<\/p>\n\n<\/div>\t\t\t\t\t\t\t\t<\/div>\n\t\t\t\t<\/div>\n\t\t\t\t\t<\/div>\n\t\t\t\t<\/div>\n\t\t\t\t<\/div>\n\t\t","protected":false},"excerpt":{"rendered":"<p>The Technical Program Committee of MEXCIR 2026 is composed of distinguished researchers and scholars in robotics and intelligent systems. The committee oversees the peer-review process and ensures the scientific quality of the conference. Aareli Avitud GuerreroUniversidad Aut\u00f3noma de Zacatecas Alicia Elizabeth Ch\u00e1vez GuajardoUniversidad Aut\u00f3noma de Zacatecas Ana Casta\u00f1eda MirandaUniversidad Aut\u00f3noma de Zacatecas Fabi\u00e1n Navarrete RochaUniversidad [&hellip;]<\/p>\n","protected":false},"author":1,"featured_media":0,"parent":0,"menu_order":0,"comment_status":"closed","ping_status":"closed","template":"","meta":{"_acf_changed":false,"footnotes":""},"class_list":["post-1267","page","type-page","status-publish","hentry"],"acf":[],"_links":{"self":[{"href":"https:\/\/femexrobotica.org\/mexcir2026\/index.php\/wp-json\/wp\/v2\/pages\/1267","targetHints":{"allow":["GET"]}}],"collection":[{"href":"https:\/\/femexrobotica.org\/mexcir2026\/index.php\/wp-json\/wp\/v2\/pages"}],"about":[{"href":"https:\/\/femexrobotica.org\/mexcir2026\/index.php\/wp-json\/wp\/v2\/types\/page"}],"author":[{"embeddable":true,"href":"https:\/\/femexrobotica.org\/mexcir2026\/index.php\/wp-json\/wp\/v2\/users\/1"}],"replies":[{"embeddable":true,"href":"https:\/\/femexrobotica.org\/mexcir2026\/index.php\/wp-json\/wp\/v2\/comments?post=1267"}],"version-history":[{"count":10,"href":"https:\/\/femexrobotica.org\/mexcir2026\/index.php\/wp-json\/wp\/v2\/pages\/1267\/revisions"}],"predecessor-version":[{"id":1279,"href":"https:\/\/femexrobotica.org\/mexcir2026\/index.php\/wp-json\/wp\/v2\/pages\/1267\/revisions\/1279"}],"wp:attachment":[{"href":"https:\/\/femexrobotica.org\/mexcir2026\/index.php\/wp-json\/wp\/v2\/media?parent=1267"}],"curies":[{"name":"wp","href":"https:\/\/api.w.org\/{rel}","templated":true}]}}