{"id":475,"date":"2025-01-15T19:19:39","date_gmt":"2025-01-16T01:19:39","guid":{"rendered":"https:\/\/femexrobotica.org\/mexcir2025\/?page_id=475"},"modified":"2025-06-22T20:00:57","modified_gmt":"2025-06-23T02:00:57","slug":"workshop","status":"publish","type":"page","link":"https:\/\/femexrobotica.org\/mexcir2025\/index.php\/workshop\/","title":{"rendered":"Workshops"},"content":{"rendered":"\n<h2 class=\"wp-block-heading\">Venue: Palacio de Miner\u00eda, UNAM<\/h2>\n\n\n\n<h3 class=\"wp-block-heading\">Action planning for logistics applications<\/h3>\n\n\n\n<figure class=\"wp-block-image size-large is-resized\"><img loading=\"lazy\" decoding=\"async\" width=\"1024\" height=\"683\" src=\"https:\/\/femexrobotica.org\/mexcir2025\/wp-content\/uploads\/2025\/05\/mineria1-1024x683.jpg\" alt=\"\" class=\"wp-image-556\" style=\"width:723px;height:auto\" srcset=\"https:\/\/femexrobotica.org\/mexcir2025\/wp-content\/uploads\/2025\/05\/mineria1-1024x683.jpg 1024w, https:\/\/femexrobotica.org\/mexcir2025\/wp-content\/uploads\/2025\/05\/mineria1-300x200.jpg 300w, https:\/\/femexrobotica.org\/mexcir2025\/wp-content\/uploads\/2025\/05\/mineria1-768x512.jpg 768w, https:\/\/femexrobotica.org\/mexcir2025\/wp-content\/uploads\/2025\/05\/mineria1.jpg 1500w\" sizes=\"auto, (max-width: 1024px) 100vw, 1024px\" \/><\/figure>\n\n\n\n<p>Workshops will take place at <a href=\"https:\/\/mexicocity.cdmx.gob.mx\/venues\/palacio-de-mineria\/\">Palacio de Miner\u00eda<\/a>, Tacuba 5, Centro Hist\u00f3rico.  See location <a href=\"https:\/\/maps.app.goo.gl\/CdpeH4ALE7YBg2547\">here<\/a>.<\/p>\n\n\n\n<h2 class=\"wp-block-heading\">Program<\/h2>\n\n\n\n<h4 class=\"wp-block-heading\">Monday 23rd<\/h4>\n\n\n\n<figure class=\"wp-block-table\"><table class=\"has-fixed-layout\"><tbody><tr><td>09:00 &#8211; 09:30<\/td><td>Registration<\/td><\/tr><tr><td>09:45 &#8211; 10:00<\/td><td>Opening ceremony<\/td><\/tr><tr><td>10:00 &#8211; 10:30<\/td><td>Introduction of the RCLL<\/td><\/tr><tr><td>10:30 &#8211; 11:00<\/td><td>Introduction of Team Carologistics<\/td><\/tr><tr><td>11:00 &#8211; 11:30<\/td><td>Introduction of Team GRIPS<\/td><\/tr><tr><td>11:30 &#8211; 12:00<\/td><td>Introduction of Team GRIPS<\/td><\/tr><tr><td>12:00 &#8211; 12:30<\/td><td>Coffee Break<\/td><\/tr><tr><td>12:30 &#8211; 13:00<\/td><td>Introduction of Team BabyTigers<\/td><\/tr><tr><td>13:00 &#8211; 13:30<\/td><td>Introduction of Team SOLIDUS\u00a0<\/td><\/tr><tr><td>13:30 &#8211; 14:00<\/td><td>Introduction of Team Pumas<\/td><\/tr><tr><td>14:00 &#8211; 16:00<\/td><td>Dinner<\/td><\/tr><tr><td>16:00 &#8211; 16:30<\/td><td>CLIPS Introduction<\/td><\/tr><tr><td>16:30 &#8211; 17:00<\/td><td>CLIPS with sockets TCP, ROS1, and ROS2\u00a0<\/td><\/tr><tr><td>17:00 &#8211; 18:30<\/td><td>CLIPS and ROS with the ROS2CX\u00a0<\/td><\/tr><\/tbody><\/table><\/figure>\n\n\n\n<h4 class=\"wp-block-heading\">Tuesday 24th<\/h4>\n\n\n\n<figure class=\"wp-block-table\"><table class=\"has-fixed-layout\"><tbody><tr><td>10:00 &#8211; 11:00<\/td><td>CLIPS-based Planning with sockets TCP<\/td><\/tr><tr><td>11:00 &#8211; 12:00<\/td><td>CLIPS-integrated with Planning with the ROS2 CX<\/td><\/tr><tr><td>12:00 &#8211; 12:30<\/td><td>Coffee Break<\/td><\/tr><tr><td>12:30 &#8211; 13:15<\/td><td>Macro Planning for the RCLL\u00a0<\/td><\/tr><tr><td>13:15 &#8211; 15:00<\/td><td>Panel Discussion about the future of the RoboCup Logistic League with Zoom participants<\/td><\/tr><tr><td>15:00<\/td><td>Closing Session<\/td><\/tr><\/tbody><\/table><\/figure>\n\n\n\n<p><\/p>\n","protected":false},"excerpt":{"rendered":"<p>Venue: Palacio de Miner\u00eda, UNAM Action planning for logistics applications Workshops will take place at Palacio de Miner\u00eda, Tacuba 5, Centro Hist\u00f3rico. See location here. Program Monday 23rd 09:00 &#8211; 09:30 Registration 09:45 &#8211; 10:00 Opening ceremony 10:00 &#8211; 10:30<\/p>\n","protected":false},"author":1,"featured_media":0,"parent":0,"menu_order":0,"comment_status":"closed","ping_status":"closed","template":"","meta":{"footnotes":""},"class_list":["post-475","page","type-page","status-publish","hentry"],"_links":{"self":[{"href":"https:\/\/femexrobotica.org\/mexcir2025\/index.php\/wp-json\/wp\/v2\/pages\/475","targetHints":{"allow":["GET"]}}],"collection":[{"href":"https:\/\/femexrobotica.org\/mexcir2025\/index.php\/wp-json\/wp\/v2\/pages"}],"about":[{"href":"https:\/\/femexrobotica.org\/mexcir2025\/index.php\/wp-json\/wp\/v2\/types\/page"}],"author":[{"embeddable":true,"href":"https:\/\/femexrobotica.org\/mexcir2025\/index.php\/wp-json\/wp\/v2\/users\/1"}],"replies":[{"embeddable":true,"href":"https:\/\/femexrobotica.org\/mexcir2025\/index.php\/wp-json\/wp\/v2\/comments?post=475"}],"version-history":[{"count":15,"href":"https:\/\/femexrobotica.org\/mexcir2025\/index.php\/wp-json\/wp\/v2\/pages\/475\/revisions"}],"predecessor-version":[{"id":728,"href":"https:\/\/femexrobotica.org\/mexcir2025\/index.php\/wp-json\/wp\/v2\/pages\/475\/revisions\/728"}],"wp:attachment":[{"href":"https:\/\/femexrobotica.org\/mexcir2025\/index.php\/wp-json\/wp\/v2\/media?parent=475"}],"curies":[{"name":"wp","href":"https:\/\/api.w.org\/{rel}","templated":true}]}}