{"id":42,"date":"2023-09-13T22:28:50","date_gmt":"2023-09-13T22:28:50","guid":{"rendered":"https:\/\/femexrobotica.org\/eir2023-2024\/?page_id=42"},"modified":"2024-11-04T14:44:54","modified_gmt":"2024-11-04T20:44:54","slug":"venue","status":"publish","type":"page","link":"https:\/\/femexrobotica.org\/mexcir2025\/index.php\/venue\/","title":{"rendered":"Venue"},"content":{"rendered":"\n<p>UDLAP Extensi\u00f3n <strong>Ciudad de M\u00e9xico<\/strong><\/p>\n\n\n\n<figure class=\"wp-block-image size-large\"><img loading=\"lazy\" decoding=\"async\" width=\"1024\" height=\"576\" src=\"https:\/\/femexrobotica.org\/mexcir2025\/wp-content\/uploads\/2024\/11\/WhatsApp-Image-2024-11-01-at-4.38.35-PM-1024x576.jpeg\" alt=\"\" class=\"wp-image-396\" srcset=\"https:\/\/femexrobotica.org\/mexcir2025\/wp-content\/uploads\/2024\/11\/WhatsApp-Image-2024-11-01-at-4.38.35-PM-1024x576.jpeg 1024w, https:\/\/femexrobotica.org\/mexcir2025\/wp-content\/uploads\/2024\/11\/WhatsApp-Image-2024-11-01-at-4.38.35-PM-300x169.jpeg 300w, https:\/\/femexrobotica.org\/mexcir2025\/wp-content\/uploads\/2024\/11\/WhatsApp-Image-2024-11-01-at-4.38.35-PM-768x432.jpeg 768w, https:\/\/femexrobotica.org\/mexcir2025\/wp-content\/uploads\/2024\/11\/WhatsApp-Image-2024-11-01-at-4.38.35-PM.jpeg 1280w\" sizes=\"auto, (max-width: 1024px) 100vw, 1024px\" \/><\/figure>\n\n\n\n<p>Av. P.\u00ba de la Reforma 180, Col. Ju\u00e1rez, Alcald\u00eda Cuauht\u00e9moc, C.P. 06600, CDMX<\/p>\n","protected":false},"excerpt":{"rendered":"<p>UDLAP Extensi\u00f3n Ciudad de M\u00e9xico Av. P.\u00ba de la Reforma 180, Col. Ju\u00e1rez, Alcald\u00eda Cuauht\u00e9moc, C.P. 06600, CDMX<\/p>\n","protected":false},"author":1,"featured_media":0,"parent":0,"menu_order":1,"comment_status":"closed","ping_status":"closed","template":"","meta":{"footnotes":""},"class_list":["post-42","page","type-page","status-publish","hentry"],"_links":{"self":[{"href":"https:\/\/femexrobotica.org\/mexcir2025\/index.php\/wp-json\/wp\/v2\/pages\/42","targetHints":{"allow":["GET"]}}],"collection":[{"href":"https:\/\/femexrobotica.org\/mexcir2025\/index.php\/wp-json\/wp\/v2\/pages"}],"about":[{"href":"https:\/\/femexrobotica.org\/mexcir2025\/index.php\/wp-json\/wp\/v2\/types\/page"}],"author":[{"embeddable":true,"href":"https:\/\/femexrobotica.org\/mexcir2025\/index.php\/wp-json\/wp\/v2\/users\/1"}],"replies":[{"embeddable":true,"href":"https:\/\/femexrobotica.org\/mexcir2025\/index.php\/wp-json\/wp\/v2\/comments?post=42"}],"version-history":[{"count":25,"href":"https:\/\/femexrobotica.org\/mexcir2025\/index.php\/wp-json\/wp\/v2\/pages\/42\/revisions"}],"predecessor-version":[{"id":407,"href":"https:\/\/femexrobotica.org\/mexcir2025\/index.php\/wp-json\/wp\/v2\/pages\/42\/revisions\/407"}],"wp:attachment":[{"href":"https:\/\/femexrobotica.org\/mexcir2025\/index.php\/wp-json\/wp\/v2\/media?parent=42"}],"curies":[{"name":"wp","href":"https:\/\/api.w.org\/{rel}","templated":true}]}}