{"id":29,"date":"2023-09-13T22:25:27","date_gmt":"2023-09-13T22:25:27","guid":{"rendered":"https:\/\/femexrobotica.org\/eir2023-2024\/?page_id=29"},"modified":"2025-10-27T17:35:34","modified_gmt":"2025-10-27T23:35:34","slug":"committee","status":"publish","type":"page","link":"https:\/\/femexrobotica.org\/imav2025\/index.php\/committee\/","title":{"rendered":"Organising Committee"},"content":{"rendered":"\n<h2 class=\"wp-block-heading\"><strong>General Chair<\/strong><\/h2>\n\n\n\n<div class=\"wp-block-group is-layout-grid wp-container-core-group-is-layout-478b6e6b wp-block-group-is-layout-grid\">\n<div class=\"wp-block-group is-vertical is-content-justification-center is-layout-flex wp-container-core-group-is-layout-ce155fab wp-block-group-is-layout-flex\">\n<figure class=\"wp-block-image size-full is-resized\"><img loading=\"lazy\" decoding=\"async\" width=\"340\" height=\"319\" src=\"https:\/\/femexrobotica.org\/imav2025\/wp-content\/uploads\/2025\/01\/jmc.jpg\" alt=\"\" class=\"wp-image-693\" style=\"width:167px;height:auto\" srcset=\"https:\/\/femexrobotica.org\/imav2025\/wp-content\/uploads\/2025\/01\/jmc.jpg 340w, https:\/\/femexrobotica.org\/imav2025\/wp-content\/uploads\/2025\/01\/jmc-300x281.jpg 300w\" sizes=\"auto, (max-width: 340px) 100vw, 340px\" \/><\/figure>\n\n\n\n<p class=\"has-text-align-center\"><a href=\"https:\/\/ccc.inaoep.mx\/~carranza\/\">Dr. Jose Martinez Carranza<\/a><\/p>\n<\/div>\n<\/div>\n\n\n\n<div style=\"height:30px\" aria-hidden=\"true\" class=\"wp-block-spacer\"><\/div>\n\n\n\n<h2 class=\"wp-block-heading\"><strong>Conference Chair<\/strong><\/h2>\n\n\n\n<div class=\"wp-block-group is-layout-grid wp-container-core-group-is-layout-478b6e6b wp-block-group-is-layout-grid\">\n<div class=\"wp-block-group is-vertical is-content-justification-center is-layout-flex wp-container-core-group-is-layout-ce155fab wp-block-group-is-layout-flex\">\n<figure class=\"wp-block-image size-large is-resized\"><img loading=\"lazy\" decoding=\"async\" width=\"1024\" height=\"966\" src=\"https:\/\/femexrobotica.org\/imav2025\/wp-content\/uploads\/2025\/01\/jguzman-1024x966.jpeg\" alt=\"\" class=\"wp-image-692\" style=\"width:165px;height:auto\" srcset=\"https:\/\/femexrobotica.org\/imav2025\/wp-content\/uploads\/2025\/01\/jguzman-1024x966.jpeg 1024w, https:\/\/femexrobotica.org\/imav2025\/wp-content\/uploads\/2025\/01\/jguzman-300x283.jpeg 300w, https:\/\/femexrobotica.org\/imav2025\/wp-content\/uploads\/2025\/01\/jguzman-768x724.jpeg 768w, https:\/\/femexrobotica.org\/imav2025\/wp-content\/uploads\/2025\/01\/jguzman-1536x1449.jpeg 1536w, https:\/\/femexrobotica.org\/imav2025\/wp-content\/uploads\/2025\/01\/jguzman.jpeg 1600w\" sizes=\"auto, (max-width: 1024px) 100vw, 1024px\" \/><\/figure>\n\n\n\n<p class=\"has-text-align-center\"><a href=\"https:\/\/www.udlap.mx\/profesores\/Zobeida-Jezabel-Guzman-Zavaleta\">Dra. Z. Jezabel Guzm\u00e1n Zavaleta<\/a><\/p>\n<\/div>\n<\/div>\n\n\n\n<div style=\"height:30px\" aria-hidden=\"true\" class=\"wp-block-spacer\"><\/div>\n\n\n\n<h2 class=\"wp-block-heading\"><strong>Program Chair<\/strong><\/h2>\n\n\n\n<div class=\"wp-block-group is-layout-grid wp-container-core-group-is-layout-478b6e6b wp-block-group-is-layout-grid\">\n<div class=\"wp-block-group is-vertical is-content-justification-center is-layout-flex wp-container-core-group-is-layout-ce155fab wp-block-group-is-layout-flex\">\n<figure class=\"wp-block-image size-full is-resized\"><img loading=\"lazy\" decoding=\"async\" width=\"215\" height=\"179\" src=\"https:\/\/femexrobotica.org\/imav2025\/wp-content\/uploads\/2025\/01\/hrodriguez.jpg\" alt=\"\" class=\"wp-image-691\" style=\"width:170px;height:auto\"\/><\/figure>\n\n\n\n<p class=\"has-text-align-center\"><a href=\"https:\/\/scholar.google.es\/citations?user=5Gvc9dMAAAAJ&amp;hl=es\">Dr. Hugo Rodr\u00edguez Cort\u00e9s<\/a><\/p>\n<\/div>\n<\/div>\n\n\n\n<div style=\"height:30px\" aria-hidden=\"true\" class=\"wp-block-spacer\"><\/div>\n\n\n\n<h2 class=\"wp-block-heading\"><strong>Indoor Competition Chairs<\/strong><\/h2>\n\n\n\n<div class=\"wp-block-group alignwide is-layout-grid wp-container-core-group-is-layout-478b6e6b wp-block-group-is-layout-grid\">\n<div class=\"wp-block-group wp-container-content-69bc4bdf is-vertical is-content-justification-center is-layout-flex wp-container-core-group-is-layout-f9a93ed8 wp-block-group-is-layout-flex\">\n<figure class=\"wp-block-image size-full is-resized\"><img loading=\"lazy\" decoding=\"async\" width=\"436\" height=\"527\" src=\"https:\/\/femexrobotica.org\/imav2025\/wp-content\/uploads\/2025\/01\/crasconestebane.png\" alt=\"\" class=\"wp-image-709\" style=\"width:115px;height:auto\" srcset=\"https:\/\/femexrobotica.org\/imav2025\/wp-content\/uploads\/2025\/01\/crasconestebane.png 436w, https:\/\/femexrobotica.org\/imav2025\/wp-content\/uploads\/2025\/01\/crasconestebane-248x300.png 248w\" sizes=\"auto, (max-width: 436px) 100vw, 436px\" \/><\/figure>\n\n\n\n<p><a href=\"https:\/\/calebrascon.info\/\">Dr. Caleb Rasc\u00f3n Esteban\u00e9<\/a><\/p>\n<\/div>\n\n\n\n<div class=\"wp-block-group wp-container-content-69bc4bdf is-vertical is-content-justification-center is-layout-flex wp-container-core-group-is-layout-f9a93ed8 wp-block-group-is-layout-flex\">\n<figure class=\"wp-block-image size-large is-resized\"><img loading=\"lazy\" decoding=\"async\" width=\"1024\" height=\"1024\" src=\"https:\/\/femexrobotica.org\/imav2025\/wp-content\/uploads\/2025\/01\/mnegrete-1024x1024.jpeg\" alt=\"\" class=\"wp-image-694\" style=\"width:138px;height:auto\" srcset=\"https:\/\/femexrobotica.org\/imav2025\/wp-content\/uploads\/2025\/01\/mnegrete-1024x1024.jpeg 1024w, https:\/\/femexrobotica.org\/imav2025\/wp-content\/uploads\/2025\/01\/mnegrete-300x300.jpeg 300w, https:\/\/femexrobotica.org\/imav2025\/wp-content\/uploads\/2025\/01\/mnegrete-150x150.jpeg 150w, https:\/\/femexrobotica.org\/imav2025\/wp-content\/uploads\/2025\/01\/mnegrete-768x768.jpeg 768w, https:\/\/femexrobotica.org\/imav2025\/wp-content\/uploads\/2025\/01\/mnegrete-270x270.jpeg 270w, https:\/\/femexrobotica.org\/imav2025\/wp-content\/uploads\/2025\/01\/mnegrete-230x230.jpeg 230w, https:\/\/femexrobotica.org\/imav2025\/wp-content\/uploads\/2025\/01\/mnegrete.jpeg 1500w\" sizes=\"auto, (max-width: 1024px) 100vw, 1024px\" \/><\/figure>\n\n\n\n<p class=\"has-text-align-center\"><a href=\"http:\/\/mnegretev.info\/\">Dr. Marco Antonio Negrete Villanueva<\/a><\/p>\n<\/div>\n\n\n\n<div class=\"wp-block-group wp-container-content-69bc4bdf is-vertical is-content-justification-center is-layout-flex wp-container-core-group-is-layout-5e763914 wp-block-group-is-layout-flex\">\n<figure class=\"wp-block-image size-full is-resized\"><img loading=\"lazy\" decoding=\"async\" width=\"358\" height=\"484\" src=\"https:\/\/femexrobotica.org\/imav2025\/wp-content\/uploads\/2025\/01\/cmartinez.png\" alt=\"\" class=\"wp-image-687\" style=\"width:100px;height:auto\" srcset=\"https:\/\/femexrobotica.org\/imav2025\/wp-content\/uploads\/2025\/01\/cmartinez.png 358w, https:\/\/femexrobotica.org\/imav2025\/wp-content\/uploads\/2025\/01\/cmartinez-222x300.png 222w\" sizes=\"auto, (max-width: 358px) 100vw, 358px\" \/><\/figure>\n\n\n\n<p><a href=\"https:\/\/www.udlap.mx\/profesores\/Cesar-Martinez-Torres\">Dr. Cesar Mart\u00ednez Torres<\/a><\/p>\n<\/div>\n\n\n\n<div class=\"wp-block-group is-vertical is-content-justification-center is-layout-flex wp-container-core-group-is-layout-b6c1f246 wp-block-group-is-layout-flex\">\n<figure class=\"wp-block-image size-full is-resized\"><img loading=\"lazy\" decoding=\"async\" width=\"358\" height=\"484\" src=\"https:\/\/femexrobotica.org\/imav2025\/wp-content\/uploads\/2025\/01\/aldrich.png\" alt=\"\" class=\"wp-image-686\" style=\"width:98px;height:auto\" srcset=\"https:\/\/femexrobotica.org\/imav2025\/wp-content\/uploads\/2025\/01\/aldrich.png 358w, https:\/\/femexrobotica.org\/imav2025\/wp-content\/uploads\/2025\/01\/aldrich-222x300.png 222w\" sizes=\"auto, (max-width: 358px) 100vw, 358px\" \/><\/figure>\n\n\n\n<p class=\"has-text-align-center\"><a href=\"https:\/\/sites.google.com\/view\/aldrich-cabrera\">MSc. Aldrich A. Cabrera Ponce<\/a><\/p>\n<\/div>\n\n\n\n<div class=\"wp-block-group wp-container-content-69bc4bdf is-vertical is-content-justification-center is-layout-flex wp-container-core-group-is-layout-5e763914 wp-block-group-is-layout-flex\">\n<figure class=\"wp-block-image size-full is-resized\"><img loading=\"lazy\" decoding=\"async\" width=\"133\" height=\"200\" src=\"https:\/\/femexrobotica.org\/imav2025\/wp-content\/uploads\/2025\/09\/grodrig-1.png\" alt=\"\" class=\"wp-image-1097\" style=\"width:92px;height:auto\"\/><\/figure>\n\n\n\n<p><a href=\"https:\/\/ccc.inaoep.mx\/directorio-de-investigadores-y-personal\/investigadores\/gustavo-rodriguez-gomez\">Dr. Gustavo Rodr\u00edguez G\u00f3mez<\/a><\/p>\n<\/div>\n<\/div>\n\n\n\n<div style=\"height:30px\" aria-hidden=\"true\" class=\"wp-block-spacer\"><\/div>\n\n\n\n<h2 class=\"wp-block-heading\"><strong>Outdoor Competition Chairs<\/strong><\/h2>\n\n\n\n<div class=\"wp-block-group is-layout-grid wp-container-core-group-is-layout-478b6e6b wp-block-group-is-layout-grid\">\n<div class=\"wp-block-group is-vertical is-content-justification-center is-layout-flex wp-container-core-group-is-layout-ce155fab wp-block-group-is-layout-flex\">\n<figure class=\"wp-block-image size-full is-resized\"><img loading=\"lazy\" decoding=\"async\" width=\"373\" height=\"563\" src=\"https:\/\/femexrobotica.org\/imav2025\/wp-content\/uploads\/2025\/01\/fermi.png\" alt=\"\" class=\"wp-image-700\" style=\"width:101px;height:auto\" srcset=\"https:\/\/femexrobotica.org\/imav2025\/wp-content\/uploads\/2025\/01\/fermi.png 373w, https:\/\/femexrobotica.org\/imav2025\/wp-content\/uploads\/2025\/01\/fermi-199x300.png 199w\" sizes=\"auto, (max-width: 373px) 100vw, 373px\" \/><\/figure>\n\n\n\n<p class=\"has-text-align-center\"><a href=\"https:\/\/www.fermiguerrero.com\/\">Dr. J. Fermi Guerrero Castellanos<\/a><\/p>\n<\/div>\n\n\n\n<div class=\"wp-block-group is-vertical is-content-justification-center is-layout-flex wp-container-core-group-is-layout-ce155fab wp-block-group-is-layout-flex\">\n<figure class=\"wp-block-image size-large is-resized\"><img loading=\"lazy\" decoding=\"async\" width=\"831\" height=\"1024\" src=\"https:\/\/femexrobotica.org\/imav2025\/wp-content\/uploads\/2025\/01\/dravell-831x1024.jpg\" alt=\"\" class=\"wp-image-689\" style=\"width:123px;height:auto\" srcset=\"https:\/\/femexrobotica.org\/imav2025\/wp-content\/uploads\/2025\/01\/dravell-831x1024.jpg 831w, https:\/\/femexrobotica.org\/imav2025\/wp-content\/uploads\/2025\/01\/dravell-243x300.jpg 243w, https:\/\/femexrobotica.org\/imav2025\/wp-content\/uploads\/2025\/01\/dravell-768x947.jpg 768w, https:\/\/femexrobotica.org\/imav2025\/wp-content\/uploads\/2025\/01\/dravell-1246x1536.jpg 1246w, https:\/\/femexrobotica.org\/imav2025\/wp-content\/uploads\/2025\/01\/dravell.jpg 1280w\" sizes=\"auto, (max-width: 831px) 100vw, 831px\" \/><\/figure>\n\n\n\n<p class=\"has-text-align-center\"><a href=\"https:\/\/sites.google.com\/view\/ph-d-diego-mercado\">Dr. Diego Mercado Ravell<\/a><\/p>\n<\/div>\n\n\n\n<div class=\"wp-block-group wp-container-content-69bc4bdf is-vertical is-content-justification-center is-layout-flex wp-container-core-group-is-layout-ce155fab wp-block-group-is-layout-flex\">\n<figure class=\"wp-block-image size-large is-resized\"><img loading=\"lazy\" decoding=\"async\" width=\"1024\" height=\"1021\" src=\"https:\/\/femexrobotica.org\/imav2025\/wp-content\/uploads\/2025\/01\/habaunza-1024x1021.jpg\" alt=\"\" class=\"wp-image-690\" style=\"width:150px;height:auto\" srcset=\"https:\/\/femexrobotica.org\/imav2025\/wp-content\/uploads\/2025\/01\/habaunza-1024x1021.jpg 1024w, https:\/\/femexrobotica.org\/imav2025\/wp-content\/uploads\/2025\/01\/habaunza-300x300.jpg 300w, https:\/\/femexrobotica.org\/imav2025\/wp-content\/uploads\/2025\/01\/habaunza-150x150.jpg 150w, https:\/\/femexrobotica.org\/imav2025\/wp-content\/uploads\/2025\/01\/habaunza-768x766.jpg 768w, https:\/\/femexrobotica.org\/imav2025\/wp-content\/uploads\/2025\/01\/habaunza-270x270.jpg 270w, https:\/\/femexrobotica.org\/imav2025\/wp-content\/uploads\/2025\/01\/habaunza-230x230.jpg 230w, https:\/\/femexrobotica.org\/imav2025\/wp-content\/uploads\/2025\/01\/habaunza.jpg 1505w\" sizes=\"auto, (max-width: 1024px) 100vw, 1024px\" \/><\/figure>\n\n\n\n<p class=\"has-text-align-center\"><a href=\"https:\/\/research.tec.mx\/vivo-tec\/display\/PID_481134\">Dr. Hern\u00e1n Abaunza Gonz\u00e1lez<\/a><\/p>\n<\/div>\n\n\n\n<div class=\"wp-block-group is-vertical is-content-justification-center is-layout-flex wp-container-core-group-is-layout-ce155fab wp-block-group-is-layout-flex\">\n<figure class=\"wp-block-image size-full is-resized\"><img loading=\"lazy\" decoding=\"async\" width=\"358\" height=\"484\" src=\"https:\/\/femexrobotica.org\/imav2025\/wp-content\/uploads\/2025\/01\/oyuki.png\" alt=\"\" class=\"wp-image-695\" style=\"width:111px;height:auto\" srcset=\"https:\/\/femexrobotica.org\/imav2025\/wp-content\/uploads\/2025\/01\/oyuki.png 358w, https:\/\/femexrobotica.org\/imav2025\/wp-content\/uploads\/2025\/01\/oyuki-222x300.png 222w\" sizes=\"auto, (max-width: 358px) 100vw, 358px\" \/><\/figure>\n\n\n\n<p class=\"has-text-align-center\"><a href=\"https:\/\/sites.google.com\/view\/oyukirojas\/home\">Dra. L. Oyuki Rojas P\u00e9rez<\/a><\/p>\n<\/div>\n\n\n\n<div class=\"wp-block-group is-vertical is-content-justification-center is-layout-flex wp-container-core-group-is-layout-ce155fab wp-block-group-is-layout-flex\">\n<figure class=\"wp-block-image size-full is-resized\"><img loading=\"lazy\" decoding=\"async\" width=\"706\" height=\"800\" src=\"https:\/\/femexrobotica.org\/imav2025\/wp-content\/uploads\/2025\/09\/alejandro_gutierrez_giles-3.jpg\" alt=\"\" class=\"wp-image-1103\" style=\"width:133px;height:auto\" srcset=\"https:\/\/femexrobotica.org\/imav2025\/wp-content\/uploads\/2025\/09\/alejandro_gutierrez_giles-3.jpg 706w, https:\/\/femexrobotica.org\/imav2025\/wp-content\/uploads\/2025\/09\/alejandro_gutierrez_giles-3-265x300.jpg 265w\" sizes=\"auto, (max-width: 706px) 100vw, 706px\" \/><\/figure>\n\n\n\n<p class=\"has-text-align-center\"><a href=\"https:\/\/ccc.inaoep.mx\/~alejandro.giles\/html\/index.html\">Dr. Alejandro Gutierrez Giles<\/a><\/p>\n<\/div>\n<\/div>\n\n\n\n<div style=\"height:30px\" aria-hidden=\"true\" class=\"wp-block-spacer\"><\/div>\n\n\n\n<h2 class=\"wp-block-heading\"><strong>Sponsors Chair<\/strong><\/h2>\n\n\n\n<div class=\"wp-block-group is-layout-grid wp-container-core-group-is-layout-478b6e6b wp-block-group-is-layout-grid\">\n<div class=\"wp-block-group is-vertical is-content-justification-center is-layout-flex wp-container-core-group-is-layout-ce155fab wp-block-group-is-layout-flex\">\n<figure class=\"wp-block-image size-full is-resized\"><img loading=\"lazy\" decoding=\"async\" width=\"358\" height=\"484\" src=\"https:\/\/femexrobotica.org\/imav2025\/wp-content\/uploads\/2025\/01\/cmartinez.png\" alt=\"\" class=\"wp-image-687\" style=\"width:179px;height:auto\" srcset=\"https:\/\/femexrobotica.org\/imav2025\/wp-content\/uploads\/2025\/01\/cmartinez.png 358w, https:\/\/femexrobotica.org\/imav2025\/wp-content\/uploads\/2025\/01\/cmartinez-222x300.png 222w\" sizes=\"auto, (max-width: 358px) 100vw, 358px\" \/><\/figure>\n\n\n\n<p class=\"has-text-align-center\"><a href=\"https:\/\/www.udlap.mx\/profesores\/Zobeida-Jezabel-Guzman-Zavaleta\"><a href=\"https:\/\/www.udlap.mx\/profesores\/Cesar-Martinez-Torres\">Dr. Cesar Mart\u00ednez Torres<\/a><\/a><\/p>\n<\/div>\n<\/div>\n\n\n\n<hr class=\"wp-block-separator has-alpha-channel-opacity\"\/>\n\n\n\n<div class=\"wp-block-columns is-layout-flex wp-container-core-columns-is-layout-28f84493 wp-block-columns-is-layout-flex\">\n<div class=\"wp-block-column is-layout-flow wp-block-column-is-layout-flow\">\n<div class=\"wp-block-columns is-layout-flex wp-container-core-columns-is-layout-28f84493 wp-block-columns-is-layout-flex\">\n<div class=\"wp-block-column is-layout-flow wp-block-column-is-layout-flow\">\n<h2 class=\"wp-block-heading\"><strong>Logistic Support<\/strong><\/h2>\n\n\n\n<div class=\"wp-block-columns is-layout-flex wp-container-core-columns-is-layout-28f84493 wp-block-columns-is-layout-flex\">\n<div class=\"wp-block-column is-layout-flow wp-block-column-is-layout-flow\">\n<div class=\"wp-block-media-text alignwide is-stacked-on-mobile is-vertically-aligned-bottom\"><figure class=\"wp-block-media-text__media\"><img loading=\"lazy\" decoding=\"async\" width=\"472\" height=\"719\" src=\"https:\/\/femexrobotica.org\/imav2025\/wp-content\/uploads\/2025\/10\/bc-3.jpg\" alt=\"\" class=\"wp-image-1342 size-full\" srcset=\"https:\/\/femexrobotica.org\/imav2025\/wp-content\/uploads\/2025\/10\/bc-3.jpg 472w, https:\/\/femexrobotica.org\/imav2025\/wp-content\/uploads\/2025\/10\/bc-3-197x300.jpg 197w\" sizes=\"auto, (max-width: 472px) 100vw, 472px\" \/><\/figure><div class=\"wp-block-media-text__content\">\n<p><\/p>\n<\/div><\/div>\n<\/div>\n<\/div>\n<\/div>\n\n\n\n<div class=\"wp-block-column is-layout-flow wp-block-column-is-layout-flow\"><\/div>\n<\/div>\n\n\n\n<div class=\"wp-block-columns is-layout-flex wp-container-core-columns-is-layout-28f84493 wp-block-columns-is-layout-flex\">\n<div class=\"wp-block-column is-layout-flow wp-block-column-is-layout-flow\">\n<p><mark style=\"background-color:rgba(0, 0, 0, 0)\" class=\"has-inline-color has-vivid-green-cyan-color\">Brenda Alicia Cervantes Cuahuey<\/mark><\/p>\n<\/div>\n<\/div>\n<\/div>\n\n\n\n<div class=\"wp-block-column is-layout-flow wp-block-column-is-layout-flow\">\n<div class=\"wp-block-columns is-layout-flex wp-container-core-columns-is-layout-28f84493 wp-block-columns-is-layout-flex\">\n<div class=\"wp-block-column is-layout-flow wp-block-column-is-layout-flow\"><\/div>\n\n\n\n<div class=\"wp-block-column is-layout-flow wp-block-column-is-layout-flow\"><\/div>\n<\/div>\n<\/div>\n<\/div>\n","protected":false},"excerpt":{"rendered":"<p>General Chair Dr. Jose Martinez Carranza Conference Chair Dra. Z. Jezabel Guzm\u00e1n Zavaleta Program Chair Dr. Hugo Rodr\u00edguez Cort\u00e9s Indoor Competition Chairs Dr. Caleb Rasc\u00f3n Esteban\u00e9 Dr. Marco Antonio Negrete Villanueva Dr. Cesar Mart\u00ednez Torres MSc. Aldrich A. Cabrera Ponce<\/p>\n","protected":false},"author":1,"featured_media":0,"parent":0,"menu_order":1,"comment_status":"closed","ping_status":"closed","template":"","meta":{"_eb_attr":"","footnotes":""},"class_list":["post-29","page","type-page","status-publish","hentry"],"featured_image_src":null,"_links":{"self":[{"href":"https:\/\/femexrobotica.org\/imav2025\/index.php\/wp-json\/wp\/v2\/pages\/29","targetHints":{"allow":["GET"]}}],"collection":[{"href":"https:\/\/femexrobotica.org\/imav2025\/index.php\/wp-json\/wp\/v2\/pages"}],"about":[{"href":"https:\/\/femexrobotica.org\/imav2025\/index.php\/wp-json\/wp\/v2\/types\/page"}],"author":[{"embeddable":true,"href":"https:\/\/femexrobotica.org\/imav2025\/index.php\/wp-json\/wp\/v2\/users\/1"}],"replies":[{"embeddable":true,"href":"https:\/\/femexrobotica.org\/imav2025\/index.php\/wp-json\/wp\/v2\/comments?post=29"}],"version-history":[{"count":72,"href":"https:\/\/femexrobotica.org\/imav2025\/index.php\/wp-json\/wp\/v2\/pages\/29\/revisions"}],"predecessor-version":[{"id":1344,"href":"https:\/\/femexrobotica.org\/imav2025\/index.php\/wp-json\/wp\/v2\/pages\/29\/revisions\/1344"}],"wp:attachment":[{"href":"https:\/\/femexrobotica.org\/imav2025\/index.php\/wp-json\/wp\/v2\/media?parent=29"}],"curies":[{"name":"wp","href":"https:\/\/api.w.org\/{rel}","templated":true}]}}