{"id":123,"date":"2025-12-04T00:52:37","date_gmt":"2025-12-04T06:52:37","guid":{"rendered":"https:\/\/femexrobotica.org\/fmr\/?page_id=123"},"modified":"2025-12-04T01:16:56","modified_gmt":"2025-12-04T07:16:56","slug":"consejo_asesor","status":"publish","type":"page","link":"https:\/\/femexrobotica.org\/fmr\/consejo_asesor\/","title":{"rendered":"Consejo Asesor"},"content":{"rendered":"\n<p>Dra. Norma Ang\u00e9lica Gonz\u00e1lez Sandoval<br>Escuela Nacional Preparatoria (ENP-UNAM)<br>Presidente FMR 2023-2024<\/p>\n\n\n\n<p>Dr. Alberto Petrilli<br>Tohoku University (TU)<br>Presidente FMR 2022-2023<\/p>\n\n\n\n<p>Mtro. Luis Jos\u00e9 L\u00f3pez<br>Federaci\u00f3n Mexicana de Rob\u00f3tica (FMR)<br>Presidente FMR 2021-2022<\/p>\n\n\n\n<p>Dr. H\u00e9ctor Avil\u00e9s<br>Universidad Polit\u00e9cnica de Victoria (UPV)<br>Presidente FMR 2019-2021<\/p>\n\n\n\n<p>Dr. Marco Morales<br>Instituto Tecnol\u00f3gico Aut\u00f3nomo de M\u00e9xico (ITAM)<br>Presidente FMR 2018-2019<\/p>\n\n\n\n<p>Dr. Enrique Sucar<br>Instituto Nacional de Astrof\u00edsica, \u00d3ptica y Electr\u00f3nica (INAOE)<br>Presidente FMR 2017-2018<\/p>\n\n\n\n<p>Mtro. Luis F Lupi\u00e1n<br>Federaci\u00f3n Mexicana de Rob\u00f3tica (FMR)<br>Presidente FMR 2016-2017<\/p>\n\n\n\n<p>Dr. H\u00e9ctor Vargas<br>Universidad Popular Aut\u00f3noma del Estado de Puebla (UPAEP)<br>Presidente FMR 2015-2016<\/p>\n\n\n\n<p>Dr. Alejandro Aceves<br>Instituto Tecnol\u00f3gico de Estudios Superiores de Monterrey (ITESM)<br>Presidente FMR 2014-2015<\/p>\n\n\n\n<p>Dra. Ang\u00e9lica Mu\u00f1oz<br>Instituto Nacional de Astrof\u00edsica, \u00d3ptica y Electr\u00f3nica (INAOE)<br>Presidente FMR 2012-2014<\/p>\n\n\n\n<p>Dr. Jes\u00fas Savage<br>Universidad Nacional Aut\u00f3noma de M\u00e9xico (UNAM)<br>Presidente FMR 2010-2012<\/p>\n\n\n\n<p>Dr. Alfredo Weitzenfeld<br>University of South Florida Polytechnic (USF Poly)<\/p>\n","protected":false},"excerpt":{"rendered":"<p>Dra. Norma Ang\u00e9lica Gonz\u00e1lez SandovalEscuela Nacional Preparatoria (ENP-UNAM)Presidente FMR 2023-2024 Dr. Alberto PetrilliTohoku University (TU)Presidente FMR 2022-2023 Mtro. Luis Jos\u00e9 L\u00f3pezFederaci\u00f3n Mexicana de Rob\u00f3tica (FMR)Presidente FMR 2021-2022 Dr. H\u00e9ctor Avil\u00e9sUniversidad Polit\u00e9cnica de Victoria (UPV)Presidente FMR 2019-2021 Dr. Marco MoralesInstituto Tecnol\u00f3gico<\/p>\n","protected":false},"author":1,"featured_media":0,"parent":0,"menu_order":0,"comment_status":"closed","ping_status":"closed","template":"","meta":{"footnotes":""},"class_list":["post-123","page","type-page","status-publish","hentry"],"_links":{"self":[{"href":"https:\/\/femexrobotica.org\/fmr\/wp-json\/wp\/v2\/pages\/123","targetHints":{"allow":["GET"]}}],"collection":[{"href":"https:\/\/femexrobotica.org\/fmr\/wp-json\/wp\/v2\/pages"}],"about":[{"href":"https:\/\/femexrobotica.org\/fmr\/wp-json\/wp\/v2\/types\/page"}],"author":[{"embeddable":true,"href":"https:\/\/femexrobotica.org\/fmr\/wp-json\/wp\/v2\/users\/1"}],"replies":[{"embeddable":true,"href":"https:\/\/femexrobotica.org\/fmr\/wp-json\/wp\/v2\/comments?post=123"}],"version-history":[{"count":2,"href":"https:\/\/femexrobotica.org\/fmr\/wp-json\/wp\/v2\/pages\/123\/revisions"}],"predecessor-version":[{"id":127,"href":"https:\/\/femexrobotica.org\/fmr\/wp-json\/wp\/v2\/pages\/123\/revisions\/127"}],"wp:attachment":[{"href":"https:\/\/femexrobotica.org\/fmr\/wp-json\/wp\/v2\/media?parent=123"}],"curies":[{"name":"wp","href":"https:\/\/api.w.org\/{rel}","templated":true}]}}