{"id":29,"date":"2023-09-13T22:25:27","date_gmt":"2023-09-13T22:25:27","guid":{"rendered":"https:\/\/femexrobotica.org\/eir2023-2024\/?page_id=29"},"modified":"2024-10-28T17:28:58","modified_gmt":"2024-10-28T23:28:58","slug":"comite-organizador","status":"publish","type":"page","link":"https:\/\/femexrobotica.org\/eir2024-2025\/index.php\/comite-organizador\/","title":{"rendered":"Comit\u00e9 organizador\u00a0"},"content":{"rendered":"\n<figure class=\"wp-block-table\"><table class=\"has-fixed-layout\"><tbody><tr><td><strong>Presidente<\/strong><br>Jos\u00e9 Mart\u00ednez Carranza<\/td><td><strong>Vicepresidente<\/strong><br>Javier Delgado Moreno<\/td><\/tr><tr><td><strong>Secretario<\/strong><br>Marco Antonio Negrete Villanueva<\/td><td><strong>1er Vocal<\/strong><br>Humberto Sossa Azuela<\/td><\/tr><tr><td><strong>2do Vocal<\/strong><br>Rub\u00e9n Anaya Garc\u00eda<\/td><td><strong>3er Vocal<\/strong><br>Julio Cesar Sandria Reynoso<\/td><\/tr><tr><td><strong>4to Vocal<\/strong><br>Erick Federico S\u00e1nchez Flores<\/td><td><\/td><\/tr><\/tbody><\/table><\/figure>\n\n\n\n<h2 class=\"wp-block-heading\"><strong>Comit\u00e9 Local CIC-IPN<\/strong><\/h2>\n\n\n\n<figure class=\"wp-block-table\"><table class=\"has-fixed-layout\"><tbody><tr><td>Jes\u00fas Yalj\u00e1 Montiel P\u00e9rez<\/td><td>Elsa Espino Rubio<\/td><\/tr><tr><td>Erik Zamora G\u00f3mez<\/td><td>Ponciano Jorge Escamilla Ambrosio<\/td><\/tr><tr><td><strong>P\u00e1gina Web<\/strong><br>David P\u00e9rez Mart\u00ednez<\/td><td>Castrej\u00f3n Peralta C\u00e9sar<\/td><\/tr><\/tbody><\/table><\/figure>\n\n\n\n<p><\/p>\n\n\n\n<p><\/p>\n\n\n\n<p><\/p>\n\n\n\n<p><\/p>\n","protected":false},"excerpt":{"rendered":"<p>PresidenteJos\u00e9 Mart\u00ednez Carranza VicepresidenteJavier Delgado Moreno SecretarioMarco Antonio Negrete Villanueva 1er VocalHumberto Sossa Azuela 2do VocalRub\u00e9n Anaya Garc\u00eda 3er VocalJulio Cesar Sandria Reynoso 4to VocalErick Federico S\u00e1nchez Flores Comit\u00e9 Local CIC-IPN Jes\u00fas Yalj\u00e1 Montiel P\u00e9rez Elsa Espino Rubio Erik Zamora<\/p>\n","protected":false},"author":1,"featured_media":0,"parent":0,"menu_order":0,"comment_status":"closed","ping_status":"closed","template":"","meta":{"_eb_attr":"","footnotes":""},"class_list":["post-29","page","type-page","status-publish","hentry"],"_links":{"self":[{"href":"https:\/\/femexrobotica.org\/eir2024-2025\/index.php\/wp-json\/wp\/v2\/pages\/29","targetHints":{"allow":["GET"]}}],"collection":[{"href":"https:\/\/femexrobotica.org\/eir2024-2025\/index.php\/wp-json\/wp\/v2\/pages"}],"about":[{"href":"https:\/\/femexrobotica.org\/eir2024-2025\/index.php\/wp-json\/wp\/v2\/types\/page"}],"author":[{"embeddable":true,"href":"https:\/\/femexrobotica.org\/eir2024-2025\/index.php\/wp-json\/wp\/v2\/users\/1"}],"replies":[{"embeddable":true,"href":"https:\/\/femexrobotica.org\/eir2024-2025\/index.php\/wp-json\/wp\/v2\/comments?post=29"}],"version-history":[{"count":13,"href":"https:\/\/femexrobotica.org\/eir2024-2025\/index.php\/wp-json\/wp\/v2\/pages\/29\/revisions"}],"predecessor-version":[{"id":437,"href":"https:\/\/femexrobotica.org\/eir2024-2025\/index.php\/wp-json\/wp\/v2\/pages\/29\/revisions\/437"}],"wp:attachment":[{"href":"https:\/\/femexrobotica.org\/eir2024-2025\/index.php\/wp-json\/wp\/v2\/media?parent=29"}],"curies":[{"name":"wp","href":"https:\/\/api.w.org\/{rel}","templated":true}]}}