{"id":190,"date":"2023-12-14T18:49:20","date_gmt":"2023-12-14T18:49:20","guid":{"rendered":"https:\/\/femexrobotica.org\/eir2023-2024\/?page_id=190"},"modified":"2024-12-13T17:33:00","modified_gmt":"2024-12-13T23:33:00","slug":"programa","status":"publish","type":"page","link":"https:\/\/femexrobotica.org\/eir2024-2025\/index.php\/programa\/","title":{"rendered":"Programa"},"content":{"rendered":"\n<p>Evento finalizado<\/p>\n\n\n\n<figure class=\"wp-block-table is-style-regular\"><table><thead><tr><th>Inicia<\/th><th>Termina<\/th><th>Lunes 9 Diciembre 2024<\/th><\/tr><\/thead><tbody><tr class=\"color_cyan\"><td>8:00:00<\/td><td>9:00:00<\/td><td>Registro<\/td><\/tr><tr class=\"color_purple\"><td>9:00:00<\/td><td>9:30:00<\/td><td>Inauguraci\u00f3n<\/td><\/tr><tr class=\"color_blue\"><td>9:30:00<\/td><td>10:30:00<\/td><td>Magistral 1: Jesus Savage &#8211; UNAM<br>Inteligencia Artificial Utilizada en los Robots de Servicio.<\/td><\/tr><tr class=\"color_yellow\"><td>10:30:00<\/td><td>10:45:00<\/td><td>Coffee Break<\/td><\/tr><tr class=\"color_green\"><td>10:45:00<\/td><td>12:00:00<\/td><td>Tutorial 1: Marco Negrete &#8211; UNAM<br>Introducci\u00f3n a la navegaci\u00f3n aut\u00f3noma para robots m\u00f3viles<\/td><\/tr><tr class=\"color_yellow\"><td>12:00:00<\/td><td>12:15:00<\/td><td>Coffee Break<\/td><\/tr><tr class=\"color_green\"><td>12:15:00<\/td><td>14:00:00<\/td><td>Tutorial 1: Marco Negrete &#8211; UNAM<\/td><\/tr><tr class=\"color_orange\"><td>14:00:00<\/td><td>15:30:00<\/td><td>Comida<\/td><\/tr><tr class=\"color_green\"><td>15:30:00<\/td><td>16:45:00<\/td><td>Tutorial 2: Caleb Rasc\u00f3n Esteban\u00e9 &#8211; IIMAS-UNAM<br>Filtrado Espacial de Audio para Robots<\/td><\/tr><tr class=\"color_yellow\"><td>16:45:00<\/td><td>17:00:00<\/td><td>Coffee Break<\/td><\/tr><tr class=\"color_green\"><td>17:00:00<\/td><td>18:45:00<\/td><td>Tutorial 2: Caleb Rasc\u00f3n Esteban\u00e9 &#8211; IIMAS-UNAM<\/td><\/tr><tr class=\"color_red\"><td>18:45:00<\/td><td>20:30:00<\/td><td>Recepci\u00f3n<\/td><\/tr><\/tbody><\/table><\/figure>\n\n\n\n<figure class=\"wp-block-table\"><table><thead><tr><th>Inicia<\/th><th>Termina<\/th><th>Martes 10 Diciembre 2024<\/th><\/tr><\/thead><tbody><tr class=\"color_cyan\"><td>8:00:00<\/td><td>9:30:00<\/td><td>Registro<\/td><\/tr><tr class=\"color_blue\"><td>9:30:00<\/td><td>10:30:00<\/td><td>Magistral 2: Humberto Sossa &#8211; CIC-IPN<br>Porqu\u00e9 las redes neuronales artificiales son una herramienta tan poderosa<\/td><\/tr><tr class=\"color_yellow\"><td>10:30:00<\/td><td>10:45:00<\/td><td>Coffee Break<\/td><\/tr><tr class=\"color_green\"><td>10:45:00<\/td><td>12:00:00<\/td><td>Tutorial 3: Marcela Quiroz &#8211; UV<br>B\u00fasqueda y optimizaci\u00f3n inteligente.<\/td><\/tr><tr class=\"color_yellow\"><td>12:00:00<\/td><td>12:15:00<\/td><td>Coffee Break<\/td><\/tr><tr class=\"color_green\"><td>12:15:00<\/td><td>14:00:00<\/td><td>Tutorial 3: Marcela Quiroz &#8211; UV<\/td><\/tr><tr class=\"color_orange\"><td>14:00:00<\/td><td>15:30:00<\/td><td>Comida<\/td><\/tr><tr class=\"color_red\"><td>15:30:00<\/td><td>16:45:00<\/td><td>Promoci\u00f3n Posgrado<\/td><\/tr><tr class=\"color_yellow\"><td>16:45:00<\/td><td>17:00:00<\/td><td>Coffee Break<\/td><\/tr><tr class=\"color_pink\"><td>17:00:00<\/td><td>18:45:00<\/td><td>Panel Mujeres: \u00bfLa Rob\u00f3tica tiene g\u00e9nero?<\/td><\/tr><\/tbody><\/table><\/figure>\n\n\n\n<figure class=\"wp-block-table\"><table><thead><tr><th>Inicia<\/th><th>Termina<\/th><th>Miercoles 11 Diciembre 2024<\/th><\/tr><\/thead><tbody><tr class=\"color_blue\"><td>9:30:00<\/td><td>10:30:00<\/td><td>Magistral 3: Vicente Parra Vega &#8211; CINVESTAV-Saltillo<br>El Robot como un Sistema Din\u00e1mico Interdisciplinar: Enfoque de Lazo Cerrado Multicapa para Robots de Nueva Generaci\u00f3n<\/td><\/tr><tr class=\"color_yellow\"><td>10:30:00<\/td><td>10:45:00<\/td><td>Coffee Break<\/td><\/tr><tr class=\"color_green\"><td>10:45:00<\/td><td>12:00:00<\/td><td>Tutorial 4: Eduardo Morales Manzanarez &#8211; INAOE<br>Aprendizaje por Refuerzo y Rob\u00f3tica<\/td><\/tr><tr class=\"color_yellow\"><td>12:00:00<\/td><td>12:15:00<\/td><td>Coffee Break<\/td><\/tr><tr class=\"color_green\"><td>12:15:00<\/td><td>14:00:00<\/td><td>Tutorial 4: Eduardo Morales Manzanarez &#8211; INAOE<\/td><\/tr><tr class=\"color_orange\"><td>14:00:00<\/td><td>15:30:00<\/td><td>Comida<\/td><\/tr><tr class=\"color_red\"><td>15:30:00<\/td><td>16:45:00<\/td><td>Platica de Reclutamiento<\/td><\/tr><tr class=\"color_yellow\"><td>16:45:00<\/td><td>17:00:00<\/td><td>Coffee Break<\/td><\/tr><tr class=\"color_purple\"><td>17:00:00<\/td><td>18:45:00<\/td><td>Panel: El camino hacia la rob\u00f3tica general: desde los robots de servicio hasta los robots industriales<\/td><\/tr><tr class=\"color_red\"><td>19:30:00<\/td><td>21:30:00<\/td><td>Cena*<\/td><\/tr><\/tbody><\/table><\/figure>\n\n\n\n<figure class=\"wp-block-table\"><table><thead><tr><th>Inicia<\/th><th>Termina<\/th><th>Jueves 12 Diciembre 2024<\/th><\/tr><\/thead><tbody><tr class=\"color_blue\"><td>9:30:00<\/td><td>10:30:00<\/td><td>Magistral 4: David Pinto Avenda\u00f1o &#8211; BUAP<br>Sue\u00f1os de metal: La familia rob\u00f3tica de la BUAP<\/td><\/tr><tr class=\"color_yellow\"><td>10:30:00<\/td><td>10:45:00<\/td><td>Coffee Break<\/td><\/tr><tr class=\"color_green\"><td>10:45:00<\/td><td>12:00:00<\/td><td>Tutorial 5: Hector Sim\u00f3n Vargas &#8211; UPAEP<br>Plataforma de desarrollo para los robots m\u00f3viles aut\u00f3nomos<\/td><\/tr><tr class=\"color_yellow\"><td>12:00:00<\/td><td>12:15:00<\/td><td>Coffee Break<\/td><\/tr><tr class=\"color_green\"><td>12:15:00<\/td><td>14:00:00<\/td><td>Tutorial 5: Hector Sim\u00f3n Vargas &#8211; UPAEP<\/td><\/tr><tr class=\"color_orange\"><td>14:00:00<\/td><td>15:30:00<\/td><td>Comida<\/td><\/tr><tr class=\"color_green\"><td>15:30:00<\/td><td>16:45:00<\/td><td>Tutorial 6: Alejandro Guiti\u00e9rrez Giles &#8211; INAOE<br>Control predictivo basado en modelo de robots m\u00f3viles para seguimiento de trayectorias<\/td><\/tr><tr class=\"color_yellow\"><td>16:45:00<\/td><td>17:00:00<\/td><td>Coffee Break<\/td><\/tr><tr class=\"color_green\"><td>17:00:00<\/td><td>18:45:00<\/td><td>Tutorial 6: Alejandro Guiti\u00e9rrez Giles &#8211; INAOE<\/td><\/tr><\/tbody><\/table><\/figure>\n\n\n\n<figure class=\"wp-block-table\"><table><thead><tr><th>Inicia<\/th><th>Termina<\/th><th>Viernes 13 Diciembre 2024<\/th><\/tr><\/thead><tbody><tr class=\"color_blue\"><td>9:30:00<\/td><td>10:30:00<\/td><td>Magistral 5: Jos\u00e9 Mart\u00ednez Carranza &#8211; INAOE<br>Rob\u00f3tica A\u00e9rea en INAOE<\/td><\/tr><tr class=\"color_yellow\"><td>10:30:00<\/td><td>10:45:00<\/td><td>Coffee Break<\/td><\/tr><tr class=\"color_green\"><td>10:45:00<\/td><td>12:00:00<\/td><td>Tutorial 7: Leticia Oyuki Rojas Perez &#8211; INAOE<br>Aprendizaje neuronal para estimaci\u00f3n de pose a\u00e9rea y piloto artificial<\/td><\/tr><tr class=\"color_yellow\"><td>12:00:00<\/td><td>12:15:00<\/td><td>Coffee Break<\/td><\/tr><tr class=\"color_green\"><td>12:15:00<\/td><td>14:00:00<\/td><td>Tutorial 7: Leticia Oyuki Rojas Perez &#8211; INAOE<\/td><\/tr><tr class=\"color_orange\"><td>14:00:00<\/td><td>15:30:00<\/td><td>Comida<\/td><\/tr><tr class=\"color_cyan\"><td>15:30:00<\/td><td>16:30:00<\/td><td>Demostraci\u00f3n<\/td><\/tr><tr class=\"color_purple\"><td>16:30:00<\/td><td>17:00:00<\/td><td>Clausura<\/td><\/tr><tr class=\"color_red\"><td>17:00:00<\/td><td>18:45:00<\/td><td>Partida<\/td><\/tr><\/tbody><\/table><\/figure>\n","protected":false},"excerpt":{"rendered":"<p>Evento finalizado Inicia Termina Lunes 9 Diciembre 2024 8:00:00 9:00:00 Registro 9:00:00 9:30:00 Inauguraci\u00f3n 9:30:00 10:30:00 Magistral 1: Jesus Savage &#8211; UNAMInteligencia Artificial Utilizada en los Robots de Servicio. 10:30:00 10:45:00 Coffee Break 10:45:00 12:00:00 Tutorial 1: Marco Negrete &#8211;<\/p>\n","protected":false},"author":1,"featured_media":0,"parent":0,"menu_order":0,"comment_status":"closed","ping_status":"closed","template":"","meta":{"_eb_attr":"","footnotes":""},"class_list":["post-190","page","type-page","status-publish","hentry"],"_links":{"self":[{"href":"https:\/\/femexrobotica.org\/eir2024-2025\/index.php\/wp-json\/wp\/v2\/pages\/190","targetHints":{"allow":["GET"]}}],"collection":[{"href":"https:\/\/femexrobotica.org\/eir2024-2025\/index.php\/wp-json\/wp\/v2\/pages"}],"about":[{"href":"https:\/\/femexrobotica.org\/eir2024-2025\/index.php\/wp-json\/wp\/v2\/types\/page"}],"author":[{"embeddable":true,"href":"https:\/\/femexrobotica.org\/eir2024-2025\/index.php\/wp-json\/wp\/v2\/users\/1"}],"replies":[{"embeddable":true,"href":"https:\/\/femexrobotica.org\/eir2024-2025\/index.php\/wp-json\/wp\/v2\/comments?post=190"}],"version-history":[{"count":48,"href":"https:\/\/femexrobotica.org\/eir2024-2025\/index.php\/wp-json\/wp\/v2\/pages\/190\/revisions"}],"predecessor-version":[{"id":504,"href":"https:\/\/femexrobotica.org\/eir2024-2025\/index.php\/wp-json\/wp\/v2\/pages\/190\/revisions\/504"}],"wp:attachment":[{"href":"https:\/\/femexrobotica.org\/eir2024-2025\/index.php\/wp-json\/wp\/v2\/media?parent=190"}],"curies":[{"name":"wp","href":"https:\/\/api.w.org\/{rel}","templated":true}]}}