{"id":37,"date":"2023-09-13T22:28:33","date_gmt":"2023-09-13T22:28:33","guid":{"rendered":"https:\/\/femexrobotica.org\/eir2023-2024\/?page_id=37"},"modified":"2023-11-14T01:25:49","modified_gmt":"2023-11-14T01:25:49","slug":"sede","status":"publish","type":"page","link":"https:\/\/femexrobotica.org\/eir2023-2024\/index.php\/sede\/","title":{"rendered":"Sede"},"content":{"rendered":"\n<p>Universidad Tecnol\u00f3gica del Sureste de Veracruz, con sede en\u00a0<strong>Nanchital<\/strong>.<\/p>\n\n\n\n<figure class=\"wp-block-image size-full\"><img decoding=\"async\" loading=\"lazy\" width=\"768\" height=\"288\" src=\"https:\/\/femexrobotica.org\/eir2023-2024\/wp-content\/uploads\/2023\/09\/image-3.png\" alt=\"\" class=\"wp-image-38\" srcset=\"https:\/\/femexrobotica.org\/eir2023-2024\/wp-content\/uploads\/2023\/09\/image-3.png 768w, https:\/\/femexrobotica.org\/eir2023-2024\/wp-content\/uploads\/2023\/09\/image-3-300x113.png 300w\" sizes=\"(max-width: 768px) 100vw, 768px\" \/><\/figure>\n\n\n\n<p>Av. Universidad Tecnol\u00f3gica Lote Grande No. 1, Sin Colonia, C.P. 96360, Nanchital, Veracruz, M\u00e9xico<\/p>\n\n\n\n<iframe src=\"https:\/\/www.google.com\/maps\/embed?pb=!1m14!1m8!1m3!1d583025.3331012011!2d-94.431936!3d18.21082!3m2!1i1024!2i768!4f13.1!3m3!1m2!1s0x85e981d45e3d35c3%3A0xfacfdae8bf7da4c1!2sUniversidad%20Tecnol%C3%B3gica%20del%20Sureste%20de%20Veracruz!5e1!3m2!1ses!2smx!4v1694644065390!5m2!1ses!2smx\" width=\"600\" height=\"450\" style=\"border:0;\" allowfullscreen=\"\" loading=\"lazy\" referrerpolicy=\"no-referrer-when-downgrade\"><\/iframe>\n\n\n\n<figure class=\"wp-block-image size-full\"><img decoding=\"async\" loading=\"lazy\" width=\"768\" height=\"438\" src=\"https:\/\/femexrobotica.org\/eir2023-2024\/wp-content\/uploads\/2023\/09\/image-4.png\" alt=\"\" class=\"wp-image-39\" srcset=\"https:\/\/femexrobotica.org\/eir2023-2024\/wp-content\/uploads\/2023\/09\/image-4.png 768w, https:\/\/femexrobotica.org\/eir2023-2024\/wp-content\/uploads\/2023\/09\/image-4-300x171.png 300w\" sizes=\"(max-width: 768px) 100vw, 768px\" \/><\/figure>\n\n\n\n<p>Estudiando en la UTSV se pueden lograr 2 t\u00edtulos profesionales en menos de 4 a\u00f1os. Debido a la formaci\u00f3n intensiva en los primeros 2 a\u00f1os se obtiene t\u00edtulo y cedula profesional como T\u00e9cnico Superior Universitario (TSU) y continuando los estudios por 1 a\u00f1o 8 meses m\u00e1s, se consigue un segundo t\u00edtulo como Ingeniero. La Universidad Tecnol\u00f3gica del Sureste de Veracruz (UTSV) forma parte del Sistema Nacional de Universidades Tecnol\u00f3gicas, integrado por m\u00e1s de 104 planteles en la Rep\u00fablica Mexicana. Nuestro modelo ofrece planes de estudio innovadores y pr\u00e1cticos para formar a los profesionales que m\u00e1s falta hacen en los sectores productivos y sociales de la regi\u00f3n.<\/p>\n\n\n\n<p><strong><em>Misi\u00f3n<\/em><\/strong><\/p>\n\n\n\n<p>Formar profesionistas que respondan oportunamente a las necesidades del sector productivo y social, mediante programas educativos pertinentes impartidos por docentes con perfil deseable, con servicios de calidad y la administraci\u00f3n eficiente de los recursos, basados en est\u00e1ndares nacionales e internacionales de calidad.<\/p>\n\n\n\n<p><strong><em>Visi\u00f3n<\/em><\/strong><\/p>\n\n\n\n<p>Ser una Instituci\u00f3n sustentable, reconocida nacional e internacionalmente por la calidad de sus programas educativos y su fuerte vinculaci\u00f3n con el sector productivo, as\u00ed como el alto grado de responsabilidad social.<\/p>\n\n\n\n<p><strong><em>Valores<\/em><\/strong><\/p>\n\n\n\n<p>Trabajo en equipo<\/p>\n\n\n\n<p>Liderazgo<\/p>\n\n\n\n<p>\u00c9tica profesional<\/p>\n\n\n\n<p>Compromiso<\/p>\n\n\n\n<p>Responsabilidad<\/p>\n\n\n\n<figure class=\"wp-block-image size-full\"><img decoding=\"async\" loading=\"lazy\" width=\"670\" height=\"401\" src=\"https:\/\/femexrobotica.org\/eir2023-2024\/wp-content\/uploads\/2023\/09\/image-5.png\" alt=\"\" class=\"wp-image-40\" srcset=\"https:\/\/femexrobotica.org\/eir2023-2024\/wp-content\/uploads\/2023\/09\/image-5.png 670w, https:\/\/femexrobotica.org\/eir2023-2024\/wp-content\/uploads\/2023\/09\/image-5-300x180.png 300w\" sizes=\"(max-width: 670px) 100vw, 670px\" \/><\/figure>\n\n\n\n<p><strong><em>Pol\u00edtica de Calidad<\/em><\/strong><\/p>\n\n\n\n<p>En la Universidad Tecnol\u00f3gica del Sureste de Veracruz asumimos el compromiso de formar T\u00e9cnicos (as) Superiores&nbsp; Universitarios (as) e Ingenieros (as) mediante de nuestro modelo educativo, con la finalidad de satisfacer las necesidades y expectativas de nuestros clientes, a trav\u00e9s de un enfoque basado en procesos, en un contexto de igualdad laboral y de mejora continua que contribuya a la construcci\u00f3n de s\u00f3lidas relaciones con las partes interesadas; as\u00ed como, a la preservaci\u00f3n del medio ambiente en el \u00e1mbito de competencia, en apego a la legislaci\u00f3n aplicable.<\/p>\n\n\n\n<p><strong><em>Objetivos de Calidad<\/em><\/strong><\/p>\n\n\n\n<p>Ser reconocidos por la competitividad acad\u00e9mica ante la sociedad, mediante la formaci\u00f3n de nuestros alumnos y alumnas, conforme al modelo educativo para consolidar la excelencia.<\/p>\n\n\n\n<p>Influir en el \u00e1mbito social mediante programas que contribuyan al desarrollo de la sociedad, para fortalecer la presencia de la universidad.<\/p>\n\n\n\n<p>Mantener una administraci\u00f3n eficiente y eficaz de los recursos de la universidad para la mejora continua de los servicios brindados nuestros clientes.<\/p>\n\n\n\n<p><strong><em>Alcance del Sistema de Gesti\u00f3n de la UTSV y Campo de Aplicaci\u00f3n<\/em><\/strong><\/p>\n\n\n\n<p>El Alcance del Sistema de Gesti\u00f3n de la Calidad (SGC) est\u00e1 basado en la naturaleza que oferta la UTSV y sus Procesos Estrat\u00e9gicos y de Soporte del mismo; y son aplicable a Servicios de Educaci\u00f3n Superior Tecnol\u00f3gica, de Educaci\u00f3n Continua y de Servicios Tecnol\u00f3gicos, en base al contexto de la organizaci\u00f3n y en cumplimiento de las partes interesadas como son las de Gobierno, Sociedad, UTSV y Proveedores.<\/p>\n","protected":false},"excerpt":{"rendered":"<p>Universidad Tecnol\u00f3gica del Sureste de Veracruz, con sede en\u00a0Nanchital. Av. Universidad Tecnol\u00f3gica Lote Grande No. 1, Sin Colonia, C.P. 96360, Nanchital, Veracruz, M\u00e9xico Estudiando en la UTSV se pueden lograr 2 t\u00edtulos profesionales en menos de 4 a\u00f1os. Debido a la formaci\u00f3n intensiva en los primeros 2 a\u00f1os se obtiene t\u00edtulo y cedula profesional como&hellip;<\/p>\n","protected":false},"author":1,"featured_media":0,"parent":0,"menu_order":0,"comment_status":"closed","ping_status":"closed","template":"","meta":{"_eb_attr":"","footnotes":""},"_links":{"self":[{"href":"https:\/\/femexrobotica.org\/eir2023-2024\/index.php\/wp-json\/wp\/v2\/pages\/37"}],"collection":[{"href":"https:\/\/femexrobotica.org\/eir2023-2024\/index.php\/wp-json\/wp\/v2\/pages"}],"about":[{"href":"https:\/\/femexrobotica.org\/eir2023-2024\/index.php\/wp-json\/wp\/v2\/types\/page"}],"author":[{"embeddable":true,"href":"https:\/\/femexrobotica.org\/eir2023-2024\/index.php\/wp-json\/wp\/v2\/users\/1"}],"replies":[{"embeddable":true,"href":"https:\/\/femexrobotica.org\/eir2023-2024\/index.php\/wp-json\/wp\/v2\/comments?post=37"}],"version-history":[{"count":2,"href":"https:\/\/femexrobotica.org\/eir2023-2024\/index.php\/wp-json\/wp\/v2\/pages\/37\/revisions"}],"predecessor-version":[{"id":96,"href":"https:\/\/femexrobotica.org\/eir2023-2024\/index.php\/wp-json\/wp\/v2\/pages\/37\/revisions\/96"}],"wp:attachment":[{"href":"https:\/\/femexrobotica.org\/eir2023-2024\/index.php\/wp-json\/wp\/v2\/media?parent=37"}],"curies":[{"name":"wp","href":"https:\/\/api.w.org\/{rel}","templated":true}]}}