{"id":206,"date":"2022-11-22T21:01:05","date_gmt":"2022-11-22T21:01:05","guid":{"rendered":"https:\/\/femexrobotica.org\/eir2022-2023\/?page_id=206"},"modified":"2022-12-07T15:12:39","modified_gmt":"2022-12-07T15:12:39","slug":"zacatecas-2022-2023","status":"publish","type":"page","link":"https:\/\/femexrobotica.org\/eir2022-2023\/","title":{"rendered":"Zacatecas 2022-2023"},"content":{"rendered":"\n<figure class=\"wp-block-image size-large\"><img loading=\"lazy\" decoding=\"async\" width=\"1024\" height=\"1024\" src=\"https:\/\/femexrobotica.org\/eir2022-2023\/wp-content\/uploads\/2022\/12\/Banner-2-Web-Escuela-Robotica-2560x2560-px-1024x1024.jpg\" alt=\"\" class=\"wp-image-312\" srcset=\"https:\/\/femexrobotica.org\/eir2022-2023\/wp-content\/uploads\/2022\/12\/Banner-2-Web-Escuela-Robotica-2560x2560-px-1024x1024.jpg 1024w, https:\/\/femexrobotica.org\/eir2022-2023\/wp-content\/uploads\/2022\/12\/Banner-2-Web-Escuela-Robotica-2560x2560-px-300x300.jpg 300w, https:\/\/femexrobotica.org\/eir2022-2023\/wp-content\/uploads\/2022\/12\/Banner-2-Web-Escuela-Robotica-2560x2560-px-150x150.jpg 150w, https:\/\/femexrobotica.org\/eir2022-2023\/wp-content\/uploads\/2022\/12\/Banner-2-Web-Escuela-Robotica-2560x2560-px-768x768.jpg 768w, https:\/\/femexrobotica.org\/eir2022-2023\/wp-content\/uploads\/2022\/12\/Banner-2-Web-Escuela-Robotica-2560x2560-px-1536x1536.jpg 1536w, https:\/\/femexrobotica.org\/eir2022-2023\/wp-content\/uploads\/2022\/12\/Banner-2-Web-Escuela-Robotica-2560x2560-px-2048x2048.jpg 2048w\" sizes=\"auto, (max-width: 1024px) 100vw, 1024px\" \/><\/figure>\n\n\n\n<p>La Federaci\u00f3n Mexicana de Rob\u00f3tica A.C. (FMR) y el Consejo Zacatecano de Ciencia, Tecnolog\u00eda e Innovaci\u00f3n (COZCyT) tienen el gusto de invitar a estudiantes y acad\u00e9micos de nivel medio superior, superior y posgrado, a participar en la&nbsp;<strong>Novena Escuela de Invierno de Rob\u00f3tica (EIR) 2022-2023<\/strong>, que se llevar\u00e1 a cabo del 9 al 13 de enero de 2023 de manera presencial en el COZCyT, en el Estado de Zacatecas.<\/p>\n","protected":false},"excerpt":{"rendered":"<p>La Federaci\u00f3n Mexicana de Rob\u00f3tica A.C. (FMR) y el Consejo Zacatecano de Ciencia, Tecnolog\u00eda e Innovaci\u00f3n (COZCyT) tienen el gusto de invitar a estudiantes y acad\u00e9micos de nivel medio superior, superior y posgrado, a participar en la&nbsp;Novena Escuela de Invierno de Rob\u00f3tica (EIR) 2022-2023, que se llevar\u00e1 a cabo del 9 al 13 de enero [&hellip;]<\/p>\n","protected":false},"author":4,"featured_media":0,"parent":0,"menu_order":0,"comment_status":"closed","ping_status":"closed","template":"","meta":{"hide_page_title":"","footnotes":""},"class_list":["post-206","page","type-page","status-publish","hentry"],"_links":{"self":[{"href":"https:\/\/femexrobotica.org\/eir2022-2023\/wp-json\/wp\/v2\/pages\/206","targetHints":{"allow":["GET"]}}],"collection":[{"href":"https:\/\/femexrobotica.org\/eir2022-2023\/wp-json\/wp\/v2\/pages"}],"about":[{"href":"https:\/\/femexrobotica.org\/eir2022-2023\/wp-json\/wp\/v2\/types\/page"}],"author":[{"embeddable":true,"href":"https:\/\/femexrobotica.org\/eir2022-2023\/wp-json\/wp\/v2\/users\/4"}],"replies":[{"embeddable":true,"href":"https:\/\/femexrobotica.org\/eir2022-2023\/wp-json\/wp\/v2\/comments?post=206"}],"version-history":[{"count":3,"href":"https:\/\/femexrobotica.org\/eir2022-2023\/wp-json\/wp\/v2\/pages\/206\/revisions"}],"predecessor-version":[{"id":325,"href":"https:\/\/femexrobotica.org\/eir2022-2023\/wp-json\/wp\/v2\/pages\/206\/revisions\/325"}],"wp:attachment":[{"href":"https:\/\/femexrobotica.org\/eir2022-2023\/wp-json\/wp\/v2\/media?parent=206"}],"curies":[{"name":"wp","href":"https:\/\/api.w.org\/{rel}","templated":true}]}}