{"id":158,"date":"2022-11-22T19:17:10","date_gmt":"2022-11-22T19:17:10","guid":{"rendered":"https:\/\/femexrobotica.org\/eir2022-2023\/?page_id=158"},"modified":"2023-01-03T21:07:49","modified_gmt":"2023-01-03T21:07:49","slug":"sede-2","status":"publish","type":"page","link":"https:\/\/femexrobotica.org\/eir2022-2023\/sede-2\/","title":{"rendered":"Sede"},"content":{"rendered":"\r\n<p><strong>Ciudad de Zacatecas<\/strong><\/p>\r\n\r\n\r\n\r\n<p style=\"text-align: justify;\">Conocida como la ciudad con &#8220;Rostro de cantera y coraz\u00f3n de plata&#8221;, la ciudad de\u00a0Zacatecas\u00a0es una de las diez ciudades mexicanas que han sido distinguidas como Patrimonio de Mundial por parte de la Unesco, en virtud de su valioso patrimonio cultural colonial que hace la delicia de los turistas.<\/p>\r\n\r\n\r\n\r\n<div class=\"alignnormal\"><div id=\"metaslider-id-279\" style=\"width: 100%;\" class=\"ml-slider-3-99-0 metaslider metaslider-flex metaslider-279 ml-slider ms-theme-default\" role=\"region\" aria-label=\"New Slideshow\" data-width=\"700\">\n    <div id=\"metaslider_container_279\">\n        <div id=\"metaslider_279\">\n            <ul class='slides'>\n                <li style=\"display: block; width: 100%;\" class=\"slide-280 ms-image \" aria-roledescription=\"slide\" data-date=\"2022-11-29 17:20:38\"><img loading=\"lazy\" decoding=\"async\" src=\"https:\/\/femexrobotica.org\/eir2022-2023\/wp-content\/uploads\/2022\/11\/zac2-700x300.jpg\" height=\"300\" width=\"700\" alt=\"Catedral\" class=\"slider-279 slide-280 msDefaultImage\" title=\"Catedral\" \/><\/li>\n                <li style=\"display: none; width: 100%;\" class=\"slide-281 ms-image \" aria-roledescription=\"slide\" data-date=\"2022-11-29 17:20:38\"><img loading=\"lazy\" decoding=\"async\" src=\"https:\/\/femexrobotica.org\/eir2022-2023\/wp-content\/uploads\/2022\/11\/zac6-700x300.jpg\" height=\"300\" width=\"700\" alt=\"Templo de F\u00e1tima\" class=\"slider-279 slide-281 msDefaultImage\" title=\"Templo de F\u00e1tima\" \/><\/li>\n                <li style=\"display: none; width: 100%;\" class=\"slide-282 ms-image \" aria-roledescription=\"slide\" data-date=\"2022-11-29 17:20:38\"><img loading=\"lazy\" decoding=\"async\" src=\"https:\/\/femexrobotica.org\/eir2022-2023\/wp-content\/uploads\/2022\/11\/zac5-700x300.jpg\" height=\"300\" width=\"700\" alt=\"Hotel Quinta Real\" class=\"slider-279 slide-282 msDefaultImage\" title=\"Hotel Quinta Real\" \/><\/li>\n                <li style=\"display: none; width: 100%;\" class=\"slide-283 ms-image \" aria-roledescription=\"slide\" data-date=\"2022-11-29 17:20:38\"><img loading=\"lazy\" decoding=\"async\" src=\"https:\/\/femexrobotica.org\/eir2022-2023\/wp-content\/uploads\/2022\/11\/zac1-700x300.png\" height=\"300\" width=\"700\" alt=\"Portales de Rosales\" class=\"slider-279 slide-283 msDefaultImage\" title=\"Portales de Rosales\" \/><\/li>\n                <li style=\"display: none; width: 100%;\" class=\"slide-284 ms-image \" aria-roledescription=\"slide\" data-date=\"2022-11-29 17:20:38\"><img loading=\"lazy\" decoding=\"async\" src=\"https:\/\/femexrobotica.org\/eir2022-2023\/wp-content\/uploads\/2022\/11\/zac4-700x300.jpg\" height=\"300\" width=\"700\" alt=\"Mina El Ed\u00e9n\" class=\"slider-279 slide-284 msDefaultImage\" title=\"Mina El Ed\u00e9n\" \/><\/li>\n                <li style=\"display: none; width: 100%;\" class=\"slide-285 ms-image \" aria-roledescription=\"slide\" data-date=\"2022-11-29 17:20:38\"><img loading=\"lazy\" decoding=\"async\" src=\"https:\/\/femexrobotica.org\/eir2022-2023\/wp-content\/uploads\/2022\/11\/ZacatecasNoche-700x300.png\" height=\"300\" width=\"700\" alt=\"Avenida Hidalgo\" class=\"slider-279 slide-285 msDefaultImage\" title=\"Avenida Hidalgo\" \/><\/li>\n                <li style=\"display: none; width: 100%;\" class=\"slide-286 ms-image \" aria-roledescription=\"slide\" data-date=\"2022-11-29 17:20:38\"><img loading=\"lazy\" decoding=\"async\" src=\"https:\/\/femexrobotica.org\/eir2022-2023\/wp-content\/uploads\/2022\/11\/zac3-480x205.jpg\" height=\"300\" width=\"700\" alt=\"Telef\u00e9rico\" class=\"slider-279 slide-286 msDefaultImage\" title=\"Telef\u00e9rico\" \/><\/li>\n            <\/ul>\n        <\/div>\n        \n    <\/div>\n<\/div><\/div>\r\n\r\n\r\n\r\n<p><strong>Consejo Zacatecano de Ciencia, Tecnolog\u00eda e Innovaci\u00f3n<\/strong><\/p>\r\n\r\n\r\n\r\n<p style=\"text-align: justify;\">Su objetivo primordial promover y coordinar la planeaci\u00f3n y el desarrollo de la ciencia, la tecnolog\u00eda y la innovaci\u00f3n en el Estado de Zacatecas, impulsando una mayor participaci\u00f3n de la sociedad.<\/p>\r\n\r\n\r\n\r\n<figure class=\"wp-block-gallery has-nested-images columns-default is-cropped wp-block-gallery-1 is-layout-flex wp-block-gallery-is-layout-flex\">\r\n<figure class=\"wp-block-image size-large\"><img loading=\"lazy\" decoding=\"async\" width=\"800\" height=\"450\" data-id=\"97\" class=\"wp-image-97\" src=\"https:\/\/femexrobotica.org\/eir2022-2023\/wp-content\/uploads\/2022\/11\/cozcyt5.webp\" alt=\"\" srcset=\"https:\/\/femexrobotica.org\/eir2022-2023\/wp-content\/uploads\/2022\/11\/cozcyt5.webp 800w, https:\/\/femexrobotica.org\/eir2022-2023\/wp-content\/uploads\/2022\/11\/cozcyt5-300x169.webp 300w, https:\/\/femexrobotica.org\/eir2022-2023\/wp-content\/uploads\/2022\/11\/cozcyt5-768x432.webp 768w\" sizes=\"auto, (max-width: 800px) 100vw, 800px\" \/><\/figure>\r\n\r\n\r\n\r\n<figure class=\"wp-block-image size-large\"><img loading=\"lazy\" decoding=\"async\" width=\"1024\" height=\"534\" data-id=\"49\" class=\"wp-image-49\" src=\"https:\/\/femexrobotica.org\/eir2022-2023\/wp-content\/uploads\/2022\/11\/cozcyt3.jpg\" alt=\"\" srcset=\"https:\/\/femexrobotica.org\/eir2022-2023\/wp-content\/uploads\/2022\/11\/cozcyt3.jpg 1024w, https:\/\/femexrobotica.org\/eir2022-2023\/wp-content\/uploads\/2022\/11\/cozcyt3-300x156.jpg 300w, https:\/\/femexrobotica.org\/eir2022-2023\/wp-content\/uploads\/2022\/11\/cozcyt3-768x401.jpg 768w\" sizes=\"auto, (max-width: 1024px) 100vw, 1024px\" \/><\/figure>\r\n<p><strong><br \/>Hotel sede<\/strong><br \/><br \/>El <a href=\"https:\/\/www.hotellafincadelminero.com\/\" target=\"_blank\" rel=\"noopener\">Hotel La Finca del Minero<\/a>, ser\u00e1 el hotel sede de La escuela de invierno de rob\u00f3tica<\/p>\r\n<p style=\"text-align: center;\">IMPORTANTE:<br \/>Al llegar al hotel, menciona que asistir\u00e1s a la Escuela de invierno de rob\u00f3tica, para que te respeten el precio cotizado<\/p>\r\n<\/figure>\r\n","protected":false},"excerpt":{"rendered":"<p>Ciudad de Zacatecas Conocida como la ciudad con &#8220;Rostro de cantera y coraz\u00f3n de plata&#8221;, la ciudad de\u00a0Zacatecas\u00a0es una de las diez ciudades mexicanas que han sido distinguidas como Patrimonio de Mundial por parte de la Unesco, en virtud de su valioso patrimonio cultural colonial que hace la delicia de los turistas. Consejo Zacatecano de [&hellip;]<\/p>\n","protected":false},"author":4,"featured_media":0,"parent":0,"menu_order":0,"comment_status":"closed","ping_status":"closed","template":"","meta":{"hide_page_title":"enabled","footnotes":""},"class_list":["post-158","page","type-page","status-publish","hentry"],"_links":{"self":[{"href":"https:\/\/femexrobotica.org\/eir2022-2023\/wp-json\/wp\/v2\/pages\/158","targetHints":{"allow":["GET"]}}],"collection":[{"href":"https:\/\/femexrobotica.org\/eir2022-2023\/wp-json\/wp\/v2\/pages"}],"about":[{"href":"https:\/\/femexrobotica.org\/eir2022-2023\/wp-json\/wp\/v2\/types\/page"}],"author":[{"embeddable":true,"href":"https:\/\/femexrobotica.org\/eir2022-2023\/wp-json\/wp\/v2\/users\/4"}],"replies":[{"embeddable":true,"href":"https:\/\/femexrobotica.org\/eir2022-2023\/wp-json\/wp\/v2\/comments?post=158"}],"version-history":[{"count":16,"href":"https:\/\/femexrobotica.org\/eir2022-2023\/wp-json\/wp\/v2\/pages\/158\/revisions"}],"predecessor-version":[{"id":370,"href":"https:\/\/femexrobotica.org\/eir2022-2023\/wp-json\/wp\/v2\/pages\/158\/revisions\/370"}],"wp:attachment":[{"href":"https:\/\/femexrobotica.org\/eir2022-2023\/wp-json\/wp\/v2\/media?parent=158"}],"curies":[{"name":"wp","href":"https:\/\/api.w.org\/{rel}","templated":true}]}}